000
CXUS54 KFWD 010730
CF6INJ
PRELIMINARY LOCAL CLIMATOLOGICAL DATA (WS FORM: F-6)
STATION: HILLSBORO
MONTH: OCTOBER
YEAR: 2023
LATITUDE: 32 0 N
LONGITUDE: 97 6 W
TEMPERATURE IN F: :PCPN: SNOW: WIND :SUNSHINE: SKY :PK WND
================================================================================
1 2 3 4 5 6A 6B 7 8 9 10 11 12 13 14 15 16 17 18
12Z AVG MX 2MIN
DY MAX MIN AVG DEP HDD CDD WTR SNW DPTH SPD SPD DIR MIN PSBL S-S WX SPD DR
================================================================================
1 96 66 81 9 0 16 0.00 M M 5.3 10 120 M M 1 18 140
2 96 65 81 9 0 16 0.00 M M 6.7 10 110 M M 2 18 110
3 96 68 82 10 0 17 0.00 M M 7.1 14 140 M M 1 24 140
4 96 69 83 12 0 18 2.31 M M 11.7 24 30 M M 7 3 41 330
5 83 66 75 4 0 10 0.08 M M 6.8 16 50 M M 6 28 50
6 86 61 74 3 0 9 0.00 M M 6.0 15 30 M M 0 21 30
7 73 50 62 -8 3 0 0.00 M M 7.8 14 20 M M 0 20 360
8 80 47 64 -6 1 0 0.00 M M 3.5 9 170 M M 0 M M
9 87 55 71 1 0 6 0.00 M M 8.4 15 200 M M 0 22 200
10 83 62 73 4 0 8 0.00 M M 9.3 16 150 M M 2 25 150
11 74 63 69 0 0 4 0.00 M M 10.1 15 150 M M 6 23 150
12 82 64 73 4 0 8 0.00 M M 15.2 25 190 M M 8 29 190
13 81 57 69 0 0 4 0.00 M M 11.4 18 330 M M 4 25 180
14 60 52 56 -12 9 0 0.00 M M 9.2 13 360 M M 0 16 360
15 M M M M M M M M M M M M M M M M M
16 M M M M M M M M M M M M M M M M M
17 M M M M M M M M M M M M M M M M M
18 M M M M M M M M M M M M M M M M M
19 86 56 71 4 0 6 0.00 M M 4.1 13 10 M M 0 18 10
20 93 53 73 7 0 8 0.00 M M 4.3 14 310 M M 0 17 360
21 92 56 74 8 0 9 0.00 M M 5.2 9 130 M M 0 M M
22 88 67 78 12 0 13 0.00 M M 8.0 14 160 M M 1 22 150
23 80 70 75 9 0 10 0.37 M M 9.6 15 170 M M 7 20 170
24 79 71 75 10 0 10 0.22 M M 11.3 20 150 M M 10 26 150
25 82 71 77 12 0 12 0.07 M M 12.7 16 140 M M 8 23 150
26 80 66 73 8 0 8 1.50 M M 11.4 21 160 M M 8 30 160
27 89 68 79 15 0 14 0.18 M M 8.5 14 170 M M 8 18 180
28 71 63 67 3 0 2 0.85 M M 3.3 9 340 M M 9 1 M M
29 63 40 52 -12 13 0 0.22 M M 17.4 26 360 M M 10 1 32 360
30 51 37 44 -19 21 0 0.56 M M 16.9 24 360 M M 6 35 350
31 59 32 46 -17 19 0 0.00 M M 6.4 14 350 M M 0 21 340
================================================================================
SM 2186 1595 66 208 6.36 M 237.4 M 104
================================================================================
AV 81.0 59.1 8.8 FASTST M M 4 MAX(MPH)
MISC ----> 26 360 41 330
================================================================================
NOTES:
# LAST OF SEVERAL OCCURRENCES
COLUMN 17 PEAK WIND IN M.P.H.
PRELIMINARY LOCAL CLIMATOLOGICAL DATA (WS FORM: F-6) , PAGE 2
STATION: HILLSBORO
MONTH: OCTOBER
YEAR: 2023
LATITUDE: 32 0 N
LONGITUDE: 97 6 W
[TEMPERATURE DATA] [PRECIPITATION DATA] SYMBOLS USED IN COLUMN 16
AVERAGE MONTHLY: 70.0 TOTAL FOR MONTH: 6.36 1 = FOG OR MIST
DPTR FM NORMAL: 2.3 DPTR FM NORMAL: 1.83 2 = FOG REDUCING VISIBILITY
HIGHEST: 96 ON 4, 3 GRTST 24HR 2.31 ON 4- 4 TO 1/4 MILE OR LESS
LOWEST: 32 ON 31 3 = THUNDER
SNOW, ICE PELLETS, HAIL 4 = ICE PELLETS
TOTAL MONTH: M 5 = HAIL
GRTST 24HR M ON M 6 = FREEZING RAIN OR DRIZZLE
GRTST DEPTH: M ON M 7 = DUSTSTORM OR SANDSTORM:
VSBY 1/2 MILE OR LESS
8 = SMOKE OR HAZE
[NO. OF DAYS WITH] [WEATHER - DAYS WITH] 9 = BLOWING SNOW
X = TORNADO
MAX 32 OR BELOW: 0 0.01 INCH OR MORE: 10
MAX 90 OR ABOVE: 6 0.10 INCH OR MORE: 8
MIN 32 OR BELOW: 1 0.50 INCH OR MORE: 4
MIN 0 OR BELOW: 0 1.00 INCH OR MORE: 2
[HDD (BASE 65) ]
TOTAL THIS MO. 66 CLEAR (SCALE 0-3) 14
DPTR FM NORMAL -1 PTCLDY (SCALE 4-7) 8
TOTAL FM JUL 1 66 CLOUDY (SCALE 8-10) 9
DPTR FM NORMAL -8
[CDD (BASE 65) ]
TOTAL THIS MO. 208
DPTR FM NORMAL 59 [PRESSURE DATA]
TOTAL FM JAN 1 3494 HIGHEST SLP M ON M
DPTR FM NORMAL 985 LOWEST SLP M ON M
[REMARKS]
#FINAL-10-23#