000
CXUS56 KFGZ 010910
CF6INW
PRELIMINARY LOCAL CLIMATOLOGICAL DATA (WS FORM: F-6)
STATION: WINSLOW AZ AIRPORT
MONTH: JUNE
YEAR: 2022
LATITUDE: 35 1 N
LONGITUDE: 110 44 W
TEMPERATURE IN F: :PCPN: SNOW: WIND :SUNSHINE: SKY :PK WND
================================================================================
1 2 3 4 5 6A 6B 7 8 9 10 11 12 13 14 15 16 17 18
12Z AVG MX 2MIN
DY MAX MIN AVG DEP HDD CDD WTR SNW DPTH SPD SPD DIR MIN PSBL S-S WX SPD DR
================================================================================
1 88 49 69 0 0 4 0.00 M M 6.7 14 240 M M 0 21 350
2 94 46 70 1 0 5 0.00 M M 8.1 24 240 M M 0 31 240
3 93 48 71 1 0 6 0.00 M M 11.0 28 250 M M 0 35 260
4 91 51 71 1 0 6 0.00 M M 12.2 29 250 M M 0 38 210
5 93 52 73 3 0 8 0.00 M M 10.6 23 240 M M 0 30 230
6 96 57 77 6 0 12 0.00 M M 9.1 22 260 M M 0 29 210
7 99 59 79 8 0 14 0.00 M M 9.6 23 230 M M 0 30 260
8 102 63 83 12 0 18 0.00 M M 7.6 35 240 M M 0 56 220
9 100 63 82 10 0 17 0.00 M M 10.8 33 180 M M 0 40 180
10 101 62 82 10 0 17 0.00 M M 6.4 26 280 M M 0 33 230
11 102 63 83 11 0 18 0.00 M M 8.8 24 260 M M 0 35 280
12 99 68 84 11 0 19 0.00 M M 15.3 31 250 M M 0 43 250
13 96 59 78 5 0 13 0.00 M M 19.0 41 220 M M 0 53 240
14 94 58 76 3 0 11 0.00 M M 12.9 24 260 M M 0 33 260
15 97 56 77 3 0 12 0.00 M M 6.9 17 220 M M 0 21 220
16 102 54 78 4 0 13 0.00 M M 7.1 22 240 M M 0 27 170
17 98 72 85 11 0 20 0.00 M M 12.5 29 220 M M 1 36 210
18 87 66 77 2 0 12 0.01 M M 15.1 31 190 M M 3 3 38 200
19 89 59 74 -1 0 9 0.00 M M 17.3 35 230 M M 2 49 220
20 91 46 69 -6 0 4 0.00 M M 7.3 17 240 M M 0 20 230
21 96 56 76 0 0 11 T M M 8.0 24 120 M M 2 32 140
22 91 67 79 3 0 14 T M M 9.1 31 220 M M 3 3 38 210
23 91 60 76 0 0 11 0.17 M M 9.3 33 160 M M 3 3 39 160
24 93 62 78 2 0 13 T M M 12.5 39 310 M M 2 38 53 300
25 93 58 76 -1 0 11 0.00 M M 7.4 36 270 M M 1 44 270
26 89 60 75 -2 0 10 0.12 M M 8.3 37 290 M M 4 38 45 290
27 89 56 73 -4 0 8 T M M 5.6 22 130 M M 2 3 28 120
28 94 60 77 0 0 12 0.00 M M 7.0 16 140 M M 0 21 230
29 93 70 82 4 0 17 T M M 9.8 23 240 M M 1 3 29 220
30 93 66 80 2 0 15 T M M 11.1 31 140 M M 5 3 37 140
================================================================================
SM 2834 1766 0 360 0.30 M 302.4 M 29
================================================================================
AV 94.5 58.9 10.1 FASTST M M 1 MAX(MPH)
MISC ----> 41 220 56 220
================================================================================
NOTES:
# LAST OF SEVERAL OCCURRENCES
COLUMN 17 PEAK WIND IN M.P.H.
PRELIMINARY LOCAL CLIMATOLOGICAL DATA (WS FORM: F-6) , PAGE 2
STATION: WINSLOW AZ AIRPORT
MONTH: JUNE
YEAR: 2022
LATITUDE: 35 1 N
LONGITUDE: 110 44 W
[TEMPERATURE DATA] [PRECIPITATION DATA] SYMBOLS USED IN COLUMN 16
AVERAGE MONTHLY: 76.7 TOTAL FOR MONTH: 0.30 1 = FOG OR MIST
DPTR FM NORMAL: 2.9 DPTR FM NORMAL: 0.16 2 = FOG REDUCING VISIBILITY
HIGHEST: 102 ON 16,11 GRTST 24HR 0.17 ON 23-23 TO 1/4 MILE OR LESS
LOWEST: 46 ON 20, 2 3 = THUNDER
SNOW, ICE PELLETS, HAIL 4 = ICE PELLETS
TOTAL MONTH: M 5 = HAIL
GRTST 24HR M ON M 6 = FREEZING RAIN OR DRIZZLE
GRTST DEPTH: M ON M 7 = DUSTSTORM OR SANDSTORM:
VSBY 1/2 MILE OR LESS
8 = SMOKE OR HAZE
[NO. OF DAYS WITH] [WEATHER - DAYS WITH] 9 = BLOWING SNOW
X = TORNADO
MAX 32 OR BELOW: 0 0.01 INCH OR MORE: 3
MAX 90 OR ABOVE: 25 0.10 INCH OR MORE: 2
MIN 32 OR BELOW: 0 0.50 INCH OR MORE: 0
MIN 0 OR BELOW: 0 1.00 INCH OR MORE: 0
[HDD (BASE 65) ]
TOTAL THIS MO. 0 CLEAR (SCALE 0-3) 27
DPTR FM NORMAL -8 PTCLDY (SCALE 4-7) 3
TOTAL FM JUL 1 4082 CLOUDY (SCALE 8-10) 0
DPTR FM NORMAL -245
[CDD (BASE 65) ]
TOTAL THIS MO. 360
DPTR FM NORMAL 90 [PRESSURE DATA]
TOTAL FM JAN 1 456 HIGHEST SLP M ON M
DPTR FM NORMAL 116 LOWEST SLP 29.60 ON 13
[REMARKS]
#FINAL-06-22#