000
CXUS55 KPSR 011432
CF6IPL
PRELIMINARY LOCAL CLIMATOLOGICAL DATA (WS FORM: F-6)
STATION: IMPERIAL CA
MONTH: JUNE
YEAR: 2023
LATITUDE: 32 50 N
LONGITUDE: 115 35 W
TEMPERATURE IN F: :PCPN: SNOW: WIND :SUNSHINE: SKY :PK WND
================================================================================
1 2 3 4 5 6A 6B 7 8 9 10 11 12 13 14 15 16 17 18
12Z AVG MX 2MIN
DY MAX MIN AVG DEP HDD CDD WTR SNW DPTH SPD SPD DIR MIN PSBL S-S WX SPD DR
================================================================================
1 92 62 77 -6 0 12 0.00 M M 6.2 17 270 M M 0 24 240
2 93 63 78 -5 0 13 0.00 M M 4.5 15 140 M M 0 19 140
3 99 65 82 -1 0 17 0.00 M M 4.9 12 110 M M 0 8 16 90
4 101 68 85 1 0 20 0.00 M M 5.6 10 240 M M 0 17 60
5 97 66 82 -2 0 17 0.00 M M 12.4 31 280 M M 0 8 43 280
6 91 61 76 -8 0 11 0.00 M M 9.7 23 270 M M 0 31 290
7 91 61 76 -8 0 11 0.00 M M 7.0 17 260 M M 0 23 270
8 94 63 79 -6 0 14 0.00 M M 7.5 17 290 M M 0 24 300
9 96 65 81 -4 0 16 0.00 0.0 0 6.1 15 130 M M 0 20 90
10 97 64 81 -4 0 16 0.00 0.0 0 7.7 16 260 M M 0 23 260
11 86 64 75 -11 0 10 0.00 0.0 0 16.8 35 260 M M 0 8 45 270
12 91 60 76 -10 0 11 0.00 0.0 0 9.5 21 260 M M 0 27 280
13 95 64 80 -6 0 15 0.00 M M 6.0 17 270 M M 0 23 270
14 99 68 84 -2 0 19 0.00 M M 9.8 24 270 M M 0 34 270
15 100 70 85 -2 0 20 0.00 0.0 0 9.8 20 260 M M 0 27 260
16 100 71 86 -1 0 21 0.00 M M 8.8 18 260 M M 0 26 270
17 105 73 89 2 0 24 0.00 M M 6.7 14 250 M M 0 19 270
18 102 79 91 3 0 26 0.00 M M 19.2 28 260 M M 0 38 240
19 98 75 87 -1 0 22 0.00 M M 19.3 30 240 M M 0 40 260
20 101 73 87 -1 0 22 0.00 M M 14.1 25 260 M M 0 36 260
21 101 70 86 -2 0 21 0.00 M M 10.7 23 240 M M 0 35 260
22 97 64 81 -8 0 16 0.00 M M 19.6 45 260 M M 0 8 58 260
23 95 65 80 -9 0 15 0.00 M M 8.8 25 300 M M 0 35 290
24 100 61 81 -8 0 16 0.00 M M 7.2 22 270 M M 0 30 270
25 105 67 86 -4 0 21 0.00 M M 10.7 22 260 M M 0 30 270
26 104 76 90 0 0 25 0.00 M M 14.9 26 260 M M 0 36 270
27 104 70 87 -3 0 22 0.00 M M 10.2 23 280 M M 0 34 270
28 104 70 87 -3 0 22 0.00 M M 13.1 26 260 M M 0 36 260
29 103 67 85 -6 0 20 0.00 M M 5.8 17 270 M M 0 8 24 280
30 109 75 92 1 0 27 0.00 M M 4.8 10 200 M M 0 15 140
================================================================================
SM 2950 2020 0 542 0.00 0.0 297.4 M 0
================================================================================
AV 98.3 67.3 9.9 FASTST M M 0 MAX(MPH)
MISC ----> 45 260 58 260
================================================================================
NOTES:
# LAST OF SEVERAL OCCURRENCES
COLUMN 17 PEAK WIND IN M.P.H.
PRELIMINARY LOCAL CLIMATOLOGICAL DATA (WS FORM: F-6) , PAGE 2
STATION: IMPERIAL CA
MONTH: JUNE
YEAR: 2023
LATITUDE: 32 50 N
LONGITUDE: 115 35 W
[TEMPERATURE DATA] [PRECIPITATION DATA] SYMBOLS USED IN COLUMN 16
AVERAGE MONTHLY: 82.8 TOTAL FOR MONTH: 0.00 1 = FOG OR MIST
DPTR FM NORMAL: -4.0 DPTR FM NORMAL: 0.00 2 = FOG REDUCING VISIBILITY
HIGHEST: 109 ON 30 GRTST 24HR T ON 11-11 TO 1/4 MILE OR LESS
LOWEST: 60 ON 12 3 = THUNDER
SNOW, ICE PELLETS, HAIL 4 = ICE PELLETS
TOTAL MONTH: 0.0 INCH 5 = HAIL
GRTST 24HR 0.0 6 = FREEZING RAIN OR DRIZZLE
GRTST DEPTH: 0 7 = DUSTSTORM OR SANDSTORM:
VSBY 1/2 MILE OR LESS
8 = SMOKE OR HAZE
[NO. OF DAYS WITH] [WEATHER - DAYS WITH] 9 = BLOWING SNOW
X = TORNADO
MAX 32 OR BELOW: 0 0.01 INCH OR MORE: 0
MAX 90 OR ABOVE: 29 0.10 INCH OR MORE: 0
MIN 32 OR BELOW: 0 0.50 INCH OR MORE: 0
MIN 0 OR BELOW: 0 1.00 INCH OR MORE: 0
[HDD (BASE 65) ]
TOTAL THIS MO. 0 CLEAR (SCALE 0-3) 30
DPTR FM NORMAL 0 PTCLDY (SCALE 4-7) 0
TOTAL FM JUL 1 1137 CLOUDY (SCALE 8-10) 0
DPTR FM NORMAL 171
[CDD (BASE 65) ]
TOTAL THIS MO. 542
DPTR FM NORMAL -114 [PRESSURE DATA]
TOTAL FM JAN 1 1206 HIGHEST SLP 29.91 ON 23
DPTR FM NORMAL -151 LOWEST SLP 29.59 ON 5
[REMARKS]
#FINAL-06-23#