000
CXUS51 KCTP 010800
CF6IPT
PRELIMINARY LOCAL CLIMATOLOGICAL DATA (WS FORM: F-6)
STATION: WILLIAMSPORT PA
MONTH: OCTOBER
YEAR: 2023
LATITUDE: 41 15 N
LONGITUDE: 76 55 W
TEMPERATURE IN F: :PCPN: SNOW: WIND :SUNSHINE: SKY :PK WND
================================================================================
1 2 3 4 5 6A 6B 7 8 9 10 11 12 13 14 15 16 17 18
12Z AVG MX 2MIN
DY MAX MIN AVG DEP HDD CDD WTR SNW DPTH SPD SPD DIR MIN PSBL S-S WX SPD DR
================================================================================
1 83 56 70 11 0 5 0.00 0.0 0 5.5 12 340 M M 3 12 16 240
2 80 56 68 10 0 3 0.00 0.0 0 3.5 9 270 M M 4 12 13 260
3 84 58 71 13 0 6 0.00 0.0 0 2.6 9 290 M M 4 128 11 250
4 82 61 72 14 0 7 0.00 0.0 0 2.4 12 140 M M 4 12 17 130
5 75 56 66 9 0 1 0.00 0.0 0 4.4 18 170 M M 3 1 28 160
6 75 63 69 12 0 4 0.04 0.0 0 4.7 14 160 M M 9 13 23 140
7 63 49 56 0 9 0 0.50 0.0 0 7.5 17 300 M M 9 13 25 300
8 57 43 50 -6 15 0 T 0.0 0 10.7 24 260 M M 8 35 250
9 59 38 49 -7 16 0 0.00 0.0 0 3.6 17 250 M M 7 25 250
10 63 43 53 -2 12 0 T 0.0 0 2.7 14 260 M M 8 20 270
11 69 44 57 2 8 0 T 0.0 0 2.4 12 250 M M 4 1 18 250
12 63 40 52 -2 13 0 0.00 0.0 0 1.7 8 350 M M 5 1 12 360
13 65 43 54 0 11 0 0.00 0.0 0 3.0 10 340 M M 4 12 14 40
14 49 47 48 -6 17 0 0.92 0.0 0 3.6 10 100 M M 9 1 14 90
15 59 47 53 0 12 0 0.01 0.0 0 8.5 18 300 M M 8 25 320
16 61 47 54 1 11 0 0.02 0.0 0 8.5 17 300 M M 10 23 300
17 62 48 55 3 10 0 0.00 0.0 0 5.5 10 280 M M 9 16 250
18 59 45 52 0 13 0 0.00 0.0 0 4.3 9 270 M M 9 14 280
19 62 39 51 -1 14 0 0.00 0.0 0 5.8 22 150 M M 4 12 30 160
20 63 54 59 8 6 0 0.08 0.0 0 6.8 24 160 M M 6 1 37 160
21 62 51 57 6 8 0 0.07 0.0 0 13.1 24 270 M M 10 1 33 270
22 57 47 52 1 13 0 0.00 0.0 0 13.2 24 290 M M 6 36 270
23 61 39 50 0 15 0 0.00 0.0 0 6.8 15 270 M M 2 21 290
24 68 35 52 2 13 0 0.00 0.0 0 2.2 12 150 M M 0 18 150
25 68 41 55 5 10 0 0.00 0.0 0 1.2 12 270 M M 0 14 270
26 77 45 61 12 4 0 0.00 0.0 0 0.8 6 300 M M 1 1 7 120
27 80 54 67 18 0 2 0.00 0.0 0 2.4 14 260 M M 1 19 260
28 76 53 65 17 0 0 0.03 0.0 0 5.9 21 250 M M 7 1 25 240
29 55 47 51 3 14 0 0.73 0.0 0 3.0 10 70 M M 10 13 16 70
30 55 43 49 1 16 0 0.27 0.0 0 5.3 14 300 M M 8 1 20 290
31 48 31 40 -7 25 0 0.00 0.0 0 2.7 12 310 M M 5 16 310
================================================================================
SM 2040 1463 285 28 2.67 0.0 154.3 M 177
================================================================================
AV 65.8 47.2 5.0 FASTST M M 6 MAX(MPH)
MISC ----> # 24 260 37 160
================================================================================
NOTES:
# LAST OF SEVERAL OCCURRENCES
COLUMN 17 PEAK WIND IN M.P.H.
PRELIMINARY LOCAL CLIMATOLOGICAL DATA (WS FORM: F-6) , PAGE 2
STATION: WILLIAMSPORT PA
MONTH: OCTOBER
YEAR: 2023
LATITUDE: 41 15 N
LONGITUDE: 76 55 W
[TEMPERATURE DATA] [PRECIPITATION DATA] SYMBOLS USED IN COLUMN 16
AVERAGE MONTHLY: 56.5 TOTAL FOR MONTH: 2.67 1 = FOG OR MIST
DPTR FM NORMAL: 3.5 DPTR FM NORMAL: -1.03 2 = FOG REDUCING VISIBILITY
HIGHEST: 84 ON 3 GRTST 24HR 0.92 ON 14-14 TO 1/4 MILE OR LESS
LOWEST: 31 ON 31 3 = THUNDER
SNOW, ICE PELLETS, HAIL 4 = ICE PELLETS
TOTAL MONTH: 0.0 INCH 5 = HAIL
GRTST 24HR 0.0 6 = FREEZING RAIN OR DRIZZLE
GRTST DEPTH: 0 7 = DUSTSTORM OR SANDSTORM:
VSBY 1/2 MILE OR LESS
8 = SMOKE OR HAZE
[NO. OF DAYS WITH] [WEATHER - DAYS WITH] 9 = BLOWING SNOW
X = TORNADO
MAX 32 OR BELOW: 0 0.01 INCH OR MORE: 10
MAX 90 OR ABOVE: 0 0.10 INCH OR MORE: 4
MIN 32 OR BELOW: 1 0.50 INCH OR MORE: 3
MIN 0 OR BELOW: 0 1.00 INCH OR MORE: 0
[HDD (BASE 65) ]
TOTAL THIS MO. 285 CLEAR (SCALE 0-3) 7
DPTR FM NORMAL -97 PTCLDY (SCALE 4-7) 13
TOTAL FM JUL 1 345 CLOUDY (SCALE 8-10) 11
DPTR FM NORMAL -136
[CDD (BASE 65) ]
TOTAL THIS MO. 28
DPTR FM NORMAL 19 [PRESSURE DATA]
TOTAL FM JAN 1 864 HIGHEST SLP 30.38 ON 24
DPTR FM NORMAL 66 LOWEST SLP 29.38 ON 21
[REMARKS]
#FINAL-10-23#