000
CXUS53 KEAX 012130
CLMIRK
STLCLMWK2 000
TTAA00 EAX 012126
CLIMATE REPORT
NATIONAL WEATHER SERVICE KANSAS CITY/PLEASANT HILL MO
425 PM CDT TUE AUG 01 2023
...................................
...THE KIRKSVILLE MO CLIMATE SUMMARY FOR THE MONTH OF JULY 2023...
CLIMATE NORMAL PERIOD: 1991 TO 2020
CLIMATE RECORD PERIOD: 9999 TO 9999
WEATHER OBSERVED NORMAL DEPART LAST YEAR`S
VALUE DATE(S) VALUE FROM VALUE DATE(S)
NORMAL
................................................................
TEMPERATURE (F)
HIGHEST 100 07/28 95 5 97 07/05
LOWEST 52 07/10 54 -2 53 07/29
AVG. MAXIMUM 86.5 85.8 0.7 85.1
AVG. MINIMUM 63.0 65.0 -2.0 64.6
MEAN 74.8 75.4 -0.6 74.9
DAYS MAX >= 90 10 9.6 0.4 7
DAYS MAX <= 32 0 0.0 0.0 0
DAYS MIN <= 32 0 0.0 0.0 0
DAYS MIN <= 0 0 0.0 0.0 0
PRECIPITATION (INCHES)
TOTALS 3.43R 4.35 -0.92 4.94
DAILY AVG. 0.11 0.14 -0.03 0.16
DAYS >= .01 7 9.0 -2.0 12
DAYS >= .10 4 5.4 -1.4 7
DAYS >= .50 1 2.0 -1.0 4
DAYS >= 1.00 1 0.9 0.1 2
GREATEST
24 HR. TOTAL 2.58 07/01 TO 07/01
DEGREE DAYS
HEATING TOTAL 0 2 -2 0
SINCE 7/1 0 0 0 MM
COOLING TOTAL 312 324 -12 313
SINCE 1/1 595 612 -17 MM
................................................................
WIND (MPH)
AVERAGE WIND SPEED 5.4
HIGHEST WIND SPEED/DIRECTION 30/260 DATE 07/01
HIGHEST GUST SPEED/DIRECTION 43/270 DATE 07/01
43/260 07/29
SKY COVER
POSSIBLE SUNSHINE (PERCENT) MM
AVERAGE SKY COVER 0.19
NUMBER OF DAYS FAIR 25
NUMBER OF DAYS PC 6
NUMBER OF DAYS CLOUDY 0
AVERAGE RH (PERCENT) 73
WEATHER CONDITIONS. NUMBER OF DAYS WITH
THUNDERSTORM 9 MIXED PRECIP 0
HEAVY RAIN 3 RAIN 5
LIGHT RAIN 8 FREEZING RAIN 0
LT FREEZING RAIN 0 HAIL 0
HEAVY SNOW 0 SNOW 0
LIGHT SNOW 0 SLEET 0
FOG 24 FOG W/VIS <= 1/4 MILE 4
HAZE 6
- INDICATES NEGATIVE NUMBERS.
R INDICATES RECORD WAS SET OR TIED.
MM INDICATES DATA IS MISSING.
T INDICATES TRACE AMOUNT.
$$