000
CXUS51 KOKX 010910
CF6ISP
PRELIMINARY LOCAL CLIMATOLOGICAL DATA (WS FORM: F-6)
STATION: ISLIP NY
MONTH: AUGUST
YEAR: 2023
LATITUDE: 40 47 N
LONGITUDE: 73 6 W
TEMPERATURE IN F: :PCPN: SNOW: WIND :SUNSHINE: SKY :PK WND
================================================================================
1 2 3 4 5 6A 6B 7 8 9 10 11 12 13 14 15 16 17 18
12Z AVG MX 2MIN
DY MAX MIN AVG DEP HDD CDD WTR SNW DPTH SPD SPD DIR MIN PSBL S-S WX SPD DR
================================================================================
1 79 64 72 -3 0 7 T 0.0 0 7.8 15 10 M M 4 20 10
2 79 61 70 -5 0 5 0.00 0.0 0 7.2 14 330 M M 3 24 210
3 77 59 68 -7 0 3 0.00 0.0 M 9.8 18 200 M M 6 23 210
4 78 70 74 -1 0 9 0.12 0.0 0 12.4 20 210 M M 9 1 27 230
5 85 69 77 2 0 12 T 0.0 0 6.3 16 210 M M 8 23 210
6 83 65 74 -1 0 9 0.00 0.0 0 7.1 14 200 M M 3 17 220
7 79 71 75 0 0 10 1.15 0.0 0 11.5 22 180 M M 8 1 29 180
8 83 72 78 3 0 13 0.04 0.0 0 11.8 23 280 M M 6 1 33 280
9 85 69 77 2 0 12 0.00 0.0 0 11.0 22 320 M M 4 29 280
10 80 65 73 -1 0 8 0.27 0.0 0 5.7 15 180 M M 7 1 21 190
11 84 65 75 1 0 10 0.00 0.0 0 6.6 16 220 M M 2 21 210
12 82 65 74 0 0 9 T 0.0 0 7.4 18 210 M M 5 25 210
13 88 68 78 4 0 13 1.28 0.0 0 7.3 32 230 M M 6 13 41 230
14 85 67 76 2 0 11 0.00 0.0 0 4.6 12 190 M M 6 15 210
15 80 69 75 1 0 10 1.18 0.0 0 7.7 17 60 M M 9 13 23 70
16 80 68 74 0 0 9 0.36 0.0 0 6.8 16 330 M M 8 1 20 320
17 75 70 73 -1 0 8 0.00 0.0 0 7.5 13 100 M M 10 1 15 100
18 82 65 74 0 0 9 0.08 0.0 0 10.7 23 300 M M 6 13 29 280
19 78 60 69 -5 0 4 0.00 0.0 0 8.4 18 290 M M 3 23 290
20 82 60 71 -2 0 6 0.00 0.0 0 6.5 17 220 M M 4 23 230
21 87 68 78 5 0 13 0.00 0.0 0 5.5 15 360 M M 6 20 310
22 78 64 71 -2 0 6 0.00 0.0 0 10.6 21 30 M M 5 26 20
23 76 60 68 -5 0 3 0.00 0.0 0 7.1 15 30 M M 4 18 40
24 72 66 69 -4 0 4 T 0.0 0 8.9 21 170 M M 8 28 170
25 74 71 73 0 0 8 0.33 0.0 0 10.2 18 210 M M 10 1 24 200
26 85 70 78 6 0 13 0.14 0.0 0 4.9 15 30 M M 6 1 18 340
27 84 67 76 4 0 11 0.00 0.0 0 7.0 15 10 M M 3 18 30
28 73 67 70 -2 0 5 0.00 0.0 0 6.8 14 120 M M 9 17 150
29 78 67 73 1 0 8 0.01 0.0 0 4.6 10 150 M M 9 1 14 110
30 84 66 75 3 0 10 0.13 0.0 0 7.9 28 300 M M 8 18 34 310
31 76 64 70 -2 0 5 0.00 0.0 0 12.7 22 30 M M 4 29 30
================================================================================
SM 2491 2052 0 263 5.09 0.0 250.3 M 189
================================================================================
AV 80.4 66.2 8.1 FASTST M M 6 MAX(MPH)
MISC ----> 32 230 41 230
================================================================================
NOTES:
# LAST OF SEVERAL OCCURRENCES
COLUMN 17 PEAK WIND IN M.P.H.
PRELIMINARY LOCAL CLIMATOLOGICAL DATA (WS FORM: F-6) , PAGE 2
STATION: ISLIP NY
MONTH: AUGUST
YEAR: 2023
LATITUDE: 40 47 N
LONGITUDE: 73 6 W
[TEMPERATURE DATA] [PRECIPITATION DATA] SYMBOLS USED IN COLUMN 16
AVERAGE MONTHLY: 73.3 TOTAL FOR MONTH: 5.09 1 = FOG OR MIST
DPTR FM NORMAL: -0.4 DPTR FM NORMAL: 0.85 2 = FOG REDUCING VISIBILITY
HIGHEST: 88 ON 13 GRTST 24HR 1.28 ON 12-13 TO 1/4 MILE OR LESS
LOWEST: 59 ON 3 3 = THUNDER
SNOW, ICE PELLETS, HAIL 4 = ICE PELLETS
TOTAL MONTH: 0.0 INCH 5 = HAIL
GRTST 24HR 0.0 6 = FREEZING RAIN OR DRIZZLE
GRTST DEPTH: 0 7 = DUSTSTORM OR SANDSTORM:
VSBY 1/2 MILE OR LESS
8 = SMOKE OR HAZE
[NO. OF DAYS WITH] [WEATHER - DAYS WITH] 9 = BLOWING SNOW
X = TORNADO
MAX 32 OR BELOW: 0 0.01 INCH OR MORE: 12
MAX 90 OR ABOVE: 0 0.10 INCH OR MORE: 9
MIN 32 OR BELOW: 0 0.50 INCH OR MORE: 3
MIN 0 OR BELOW: 0 1.00 INCH OR MORE: 3
[HDD (BASE 65) ]
TOTAL THIS MO. 0 CLEAR (SCALE 0-3) 4
DPTR FM NORMAL -2 PTCLDY (SCALE 4-7) 18
TOTAL FM JUL 1 0 CLOUDY (SCALE 8-10) 9
DPTR FM NORMAL -1
[CDD (BASE 65) ]
TOTAL THIS MO. 263
DPTR FM NORMAL -8 [PRESSURE DATA]
TOTAL FM JAN 1 778 HIGHEST SLP M ON M
DPTR FM NORMAL 14 LOWEST SLP 29.57 ON 8
[REMARKS]
#FINAL-08-23#