000
CXCA52 TJSJ 011656
CLMIST
CLIMATE REPORT
NATIONAL WEATHER SERVICE SAN JUAN PR
1256 PM AST FRI DEC 01 2023
...................................
...THE CYRIL E. KING AP/ST THOMAS CLIMATE SUMMARY FOR THE MONTH OF NOVEMBER 2023...
CLIMATE NORMAL PERIOD: 1991 TO 2020
CLIMATE RECORD PERIOD: 1953 TO 2023
WEATHER OBSERVED NORMAL DEPART LAST YEAR`S
VALUE DATE(S) VALUE FROM VALUE
NORMAL
..............................................................
TEMPERATURE (F)
RECORD
HIGH 95 11/25/1995
11/01/1993
LOW 61 11/25/1999
HIGHEST 90 11/02 88 2 89
LOWEST 74 11/25 74 0 72
AVG. MAXIMUM 86.6 86.6 0.0 86.7
AVG. MINIMUM 78.2 76.6 1.6 77.0
MEAN 82.4 81.6 0.8 81.8
DAYS MAX >= 90 1 2.8 -1.8 0
DAYS MAX <= 32 0 0.0 0.0 0
DAYS MIN <= 32 0 0.0 0.0 0
DAYS MIN <= 0 0 0.0 0.0 0
PRECIPITATION (INCHES)
RECORD
MAXIMUM 18.39 2003
MINIMUM 0.00 2017
TOTALS 1.25 6.06 -4.81 6.80
DAILY AVG. 0.04 0.20 -0.16 0.23
DAYS >= .01 16 18.5 -2.5 24
DAYS >= .10 5 10.1 -5.1 10
DAYS >= .50 0 3.2 -3.2 2
DAYS >= 1.00 0 1.5 -1.5 0
GREATEST
24 HR. TOTAL MM
STORM TOTAL 0.18
DEGREE DAYS
HEATING TOTAL 0 0 0 0
SINCE 7/1 0
COOLING TOTAL 529 498 31 516
SINCE 1/1 5917
FREEZE DATES
..............................................................
WIND (MPH)
AVERAGE WIND SPEED 9.9
HIGHEST WIND SPEED/DIRECTION 25/090 DATE 11/10
HIGHEST GUST SPEED/DIRECTION 37/330 DATE 11/21
SKY COVER
AVERAGE SKY COVER 0.25
AVERAGE RH (PERCENT) 82
WEATHER CONDITIONS. NUMBER OF DAYS WITH
THUNDERSTORM 4 MIXED PRECIP 2
HEAVY RAIN 4 RAIN 21
LIGHT RAIN 11 FREEZING RAIN MM
LT FREEZING RAIN MM HAIL MM
HEAVY SNOW MM SNOW MM
LIGHT SNOW MM SLEET MM
FOG 12 FOG W/VIS <= 1/4 MILE MM
HAZE MM
- INDICATES NEGATIVE NUMBERS.
R INDICATES RECORD WAS SET OR TIED.
MM INDICATES DATA IS MISSING.
T INDICATES TRACE AMOUNT.
$$