000
CXHW53 PHFO 011250
CF6ITO
PRELIMINARY LOCAL CLIMATOLOGICAL DATA (WS FORM: F-6)
STATION: HILO HI
MONTH: OCTOBER
YEAR: 2022
LATITUDE: 19 43 N
LONGITUDE: 155 4 W
TEMPERATURE IN F: :PCPN: SNOW: WIND :SUNSHINE: SKY :PK WND
================================================================================
1 2 3 4 5 6A 6B 7 8 9 10 11 12 13 14 15 16 17 18
12Z AVG MX 2MIN
DY MAX MIN AVG DEP HDD CDD WTR SNW DPTH SPD SPD DIR MIN PSBL S-S WX SPD DR
================================================================================
1 85 65 75 -1 0 10 0.00 M M 6.9 14 60 M M 1 18 70
2 85 67 76 0 0 11 0.00 M M 5.7 12 30 M M 1 15 30
3 85 69 77 1 0 12 T M M 6.8 14 110 M M 5 17 30
4 87 72 80 4 0 15 0.16 M M 6.4 13 60 M M 5 1 16 290
5 86 72 79 3 0 14 0.23 M M 6.4 13 60 M M 8 1 21 60
6 86 72 79 3 0 14 0.13 M M 7.1 16 110 M M 8 1 20 120
7 87 69 78 2 0 13 T M M 7.5 18 100 M M 3 23 100
8 87 70 79 3 0 14 0.00 M M 5.8 15 90 M M 3 20 100
9 88 68 78 2 0 13 0.01 M M 5.0 13 100 M M 3 8 18 90
10 89 67 78 2 0 13 0.03 M M 5.6 18 100 M M 3 26 120
11 88 69 79 3 0 14 0.00 M M 6.0 14 80 M M 2 18 80
12 87 70 79 3 0 14 0.00 M M 6.0 13 90 M M 2 17 90
13 89 70 80 4 0 15 0.00 M M 4.3 13 20 M M 4 16 50
14 89 72 81 5 0 16 0.20 M M 7.3 14 320 M M 4 1 17 330
15 83 73 78 2 0 13 0.67 M M 8.1 18 340 M M 10 1 24 350
16 84 70 77 1 0 12 0.02 M M 6.2 13 50 M M 8 1 15 50
17 86 67 77 1 0 12 0.00 M M 6.7 13 70 M M 3 17 60
18 86 69 78 2 0 13 0.00 M M 5.2 13 40 M M 3 16 80
19 85 72 79 3 0 14 T M M 4.6 12 20 M M 8 15 360
20 88 70 79 3 0 14 0.00 M M 7.5 21 120 M M 4 29 140
21 85 70 78 2 0 13 0.61 M M 7.1 16 140 M M 6 18 21 140
22 85 70 78 3 0 13 0.31 M M 6.5 14 70 M M 6 1 21 110
23 81 70 76 1 0 11 0.32 M M 6.5 15 90 M M 9 1 20 100
24 85 69 77 2 0 12 T M M 6.1 13 110 M M 6 17 90
25 85 69 77 2 0 12 0.17 M M 5.4 21 100 M M 6 18 26 100
26 85 70 78 3 0 13 0.98 M M 6.1 14 40 M M 7 18 18 30
27 83 70 77 2 0 12 0.22 M M 4.8 15 290 M M 6 1 22 210
28 85 67 76 1 0 11 0.18 M M 6.0 13 80 M M 5 18 20 70
29 83 68 76 1 0 11 0.96 M M 6.3 16 80 M M 6 1 19 80
30 85 68 77 2 0 12 0.05 M M 6.4 16 50 M M 4 1 21 60
31 81 69 75 0 0 10 1.69 M M 7.2 16 100 M M 8 1 23 100
================================================================================
SM 2653 2153 0 396 6.94 M 193.5 M 157
================================================================================
AV 85.6 69.5 6.2 FASTST M M 5 MAX(MPH)
MISC ----> # 21 120 29 140
================================================================================
NOTES:
# LAST OF SEVERAL OCCURRENCES
COLUMN 17 PEAK WIND IN M.P.H.
PRELIMINARY LOCAL CLIMATOLOGICAL DATA (WS FORM: F-6) , PAGE 2
STATION: HILO HI
MONTH: OCTOBER
YEAR: 2022
LATITUDE: 19 43 N
LONGITUDE: 155 4 W
[TEMPERATURE DATA] [PRECIPITATION DATA] SYMBOLS USED IN COLUMN 16
AVERAGE MONTHLY: 77.5 TOTAL FOR MONTH: 6.94 1 = FOG OR MIST
DPTR FM NORMAL: 1.8 DPTR FM NORMAL: -3.30 2 = FOG REDUCING VISIBILITY
HIGHEST: 89 ON 14,13 GRTST 24HR 1.69 ON 31-31 TO 1/4 MILE OR LESS
LOWEST: 65 ON 1 3 = THUNDER
SNOW, ICE PELLETS, HAIL 4 = ICE PELLETS
TOTAL MONTH: M 5 = HAIL
GRTST 24HR M ON M 6 = FREEZING RAIN OR DRIZZLE
GRTST DEPTH: M ON M 7 = DUSTSTORM OR SANDSTORM:
VSBY 1/2 MILE OR LESS
8 = SMOKE OR HAZE
[NO. OF DAYS WITH] [WEATHER - DAYS WITH] 9 = BLOWING SNOW
X = TORNADO
MAX 32 OR BELOW: 0 0.01 INCH OR MORE: 18
MAX 90 OR ABOVE: 0 0.10 INCH OR MORE: 14
MIN 32 OR BELOW: 0 0.50 INCH OR MORE: 5
MIN 0 OR BELOW: 0 1.00 INCH OR MORE: 1
[HDD (BASE 65) ]
TOTAL THIS MO. 0 CLEAR (SCALE 0-3) 8
DPTR FM NORMAL 0 PTCLDY (SCALE 4-7) 19
TOTAL FM JUL 1 0 CLOUDY (SCALE 8-10) 4
DPTR FM NORMAL 0
[CDD (BASE 65) ]
TOTAL THIS MO. 396
DPTR FM NORMAL 64 [PRESSURE DATA]
TOTAL FM JAN 1 3215 HIGHEST SLP 30.13 ON 25
DPTR FM NORMAL 426 LOWEST SLP 29.86 ON 20
[REMARKS]
#FINAL-10-22#