000
CXUS55 KGLD 010800
CF6ITR
PRELIMINARY LOCAL CLIMATOLOGICAL DATA (WS FORM: F-6)
STATION: BURLINGTON CO
MONTH: JANUARY
YEAR: 2023
LATITUDE: 39 15 N
LONGITUDE: 102 17 W
TEMPERATURE IN F: :PCPN: SNOW: WIND :SUNSHINE: SKY :PK WND
================================================================================
1 2 3 4 5 6A 6B 7 8 9 10 11 12 13 14 15 16 17 18
12Z AVG MX 2MIN
DY MAX MIN AVG DEP HDD CDD WTR SNW DPTH SPD SPD DIR MIN PSBL S-S WX SPD DR
================================================================================
1 39 26 33 3 32 0 0.00 M M 9.3 16 50 M M 3 12 20 60
2 32 26 29 -1 36 0 0.26 M M 12.1 23 330 M M 10 126 30 320
3 28 11 20 -10 45 0 T M M 15.6 28 330 M M 6 1 42 330
4 32 12 22 -8 43 0 0.00 M M 12.7 25 320 M M 1 31 320
5 39 7 23 -7 42 0 0.00 M M 9.5 15 280 M M 0 8 20 290
6 31 13 22 -8 43 0 0.00 M M 10.9 20 320 M M 1 25 320
7 39 23 31 1 34 0 0.00 M M 7.9 13 260 M M 4 12 16 300
8 49 19 34 4 31 0 0.00 M M 8.0 14 240 M M 0 16 260
9 49 25 37 7 28 0 0.00 M M 11.9 17 180 M M 0 23 170
10 53 26 40 10 25 0 0.00 M M 6.9 17 190 M M 0 21 180
11 38 28 33 3 32 0 0.06 M M 15.6 30 360 M M 5 18 42 360
12 40 21 31 1 34 0 T M M 9.6 18 300 M M 2 12 22 310
13 55 21 38 8 27 0 0.00 M M 6.5 14 210 M M 0 17 210
14 50 31 41 11 24 0 0.00 M M 7.6 15 190 M M 0 19 190
15 43 26 35 5 30 0 T M M 8.2 22 320 M M 4 28 330
16 52 25 39 9 26 0 0.00 M M 8.3 21 320 M M 4 12 28 320
17 36 21 29 -2 36 0 T M M 10.8 23 90 M M 6 12 29 80
18 31 22 27 -4 38 0 0.20 M M 17.3 29 330 M M 10 12689 40 330
19 32 10 21 -10 44 0 0.00 M M 9.5 22 330 M M 1 29 320
20 32 4 18 -13 47 0 0.31 M M 7.0 12 330 M M 3 1 15 330
21 29 15 22 -9 43 0 0.24 M M 13.9 22 340 M M 8 1 29 330
22 30 6 18 -13 47 0 0.00 M M 9.7 16 320 M M 1 18 19 320
23 31 9 20 -11 45 0 0.00 M M 7.9 15 170 M M 3 128 17 280
24 31 7 19 -12 46 0 0.00 M M 12.6 18 320 M M 3 18 23 300
25 31 12 22 -9 43 0 T M M 17.1 24 320 M M 8 8 31 320
26 33 19 26 -5 39 0 0.00 M M 15.4 26 250 M M 7 35 240
27 37 17 27 -4 38 0 0.00 M M 13.0 22 160 M M 2 26 160
28 27 7 17 -14 48 0 T M M 14.3 21 350 M M 6 1268 30 350
29 7 0 4 -27 61 0 T M M 10.7 23 350 M M 10 18 30 350
30 5 -9 -2 -33 67 0 0.00 M M 5.6 13 270 M M 9 14 270
31 18 -9 5 -26 60 0 0.00 M M 10.8 18 220 M M 0 22 220
================================================================================
SM 1079 471 1234 0 1.07 M 336.2 M 117
================================================================================
AV 34.8 15.2 10.8 FASTST M M 4 MAX(MPH)
MISC ----> 30 360 # 42 330
================================================================================
NOTES:
# LAST OF SEVERAL OCCURRENCES
COLUMN 17 PEAK WIND IN M.P.H.
PRELIMINARY LOCAL CLIMATOLOGICAL DATA (WS FORM: F-6) , PAGE 2
STATION: BURLINGTON CO
MONTH: JANUARY
YEAR: 2023
LATITUDE: 39 15 N
LONGITUDE: 102 17 W
[TEMPERATURE DATA] [PRECIPITATION DATA] SYMBOLS USED IN COLUMN 16
AVERAGE MONTHLY: 25.0 TOTAL FOR MONTH: 1.07 1 = FOG OR MIST
DPTR FM NORMAL: -5.4 DPTR FM NORMAL: 0.88 2 = FOG REDUCING VISIBILITY
HIGHEST: 55 ON 13 GRTST 24HR 0.31 ON 20-20 TO 1/4 MILE OR LESS
LOWEST: -9 ON 31,30 3 = THUNDER
SNOW, ICE PELLETS, HAIL 4 = ICE PELLETS
TOTAL MONTH: M 5 = HAIL
GRTST 24HR M ON M 6 = FREEZING RAIN OR DRIZZLE
GRTST DEPTH: M ON M 7 = DUSTSTORM OR SANDSTORM:
VSBY 1/2 MILE OR LESS
8 = SMOKE OR HAZE
[NO. OF DAYS WITH] [WEATHER - DAYS WITH] 9 = BLOWING SNOW
X = TORNADO
MAX 32 OR BELOW: 16 0.01 INCH OR MORE: 5
MAX 90 OR ABOVE: 0 0.10 INCH OR MORE: 4
MIN 32 OR BELOW: 31 0.50 INCH OR MORE: 0
MIN 0 OR BELOW: 3 1.00 INCH OR MORE: 0
[HDD (BASE 65) ]
TOTAL THIS MO. 1234 CLEAR (SCALE 0-3) 16
DPTR FM NORMAL 161 PTCLDY (SCALE 4-7) 11
TOTAL FM JUL 1 3557 CLOUDY (SCALE 8-10) 4
DPTR FM NORMAL 110
[CDD (BASE 65) ]
TOTAL THIS MO. 0
DPTR FM NORMAL 0 [PRESSURE DATA]
TOTAL FM JAN 1 0 HIGHEST SLP M ON M
DPTR FM NORMAL 0 LOWEST SLP 29.37 ON 15
[REMARKS]
#FINAL-01-23#