000
CXUS53 KIWX 011231
CF6IWX
PRELIMINARY LOCAL CLIMATOLOGICAL DATA (WS FORM: F-6)
STATION: NORTH WEBSTER WFO
MONTH: JUNE
YEAR: 2023
LATITUDE: 41 21 N
LONGITUDE: 85 42 W
TEMPERATURE IN F: :PCPN: SNOW: WIND :SUNSHINE: SKY :PK WND
================================================================================
1 2 3 4 5 6A 6B 7 8 9 10 11 12 13 14 15 16 17 18
12Z AVG MX 2MIN
DY MAX MIN AVG DEP HDD CDD WTR SNW DPTH SPD SPD DIR MIN PSBL S-S WX SPD DR
================================================================================
1 88 64 76 10 0 11 0.00 0.0 0 M M M M M M M M
2 87 58 73 7 0 8 0.00 0.0 0 M M M M M M M M
3 87 61 74 8 0 9 0.05 0.0 0 M M M M M M 3 M M
4 80 56 68 1 0 3 0.00 0.0 0 M M M M M M M M
5 79 49 64 -3 1 0 0.00 0.0 0 M M M M M M M M
6 80 54 67 0 0 2 0.02 0.0 0 M M M M M M M M
7 75 47 61 -7 4 0 0.00 0.0 0 M M M M M M M M
8 74 47 61 -7 4 0 0.00 0.0 0 M M M M M M M M
9 76 48 62 -6 3 0 0.00 0.0 0 M M M M M M M M
10 84 52 68 0 0 3 0.00 0.0 0 M M M M M M M M
11 69 58 64 -5 1 0 0.17 0.0 0 M M M M M M M M
12 63 49 56 -13 9 0 0.00 0.0 0 M M M M M M M M
13 63 53 58 -11 7 0 0.75 0.0 0 M M M M M M M M
14 68 52 60 -9 5 0 0.00 0.0 0 M M M M M M M M
15 80 49 65 -5 0 0 0.00 0.0 0 M M M M M M 18 M M
16 72 51 62 -8 3 0 T 0.0 0 M M M M M M M M
17 79 50 65 -5 0 0 0.00 0.0 0 M M M M M M 1 M M
18 82 55 69 -1 0 4 0.00 0.0 0 M M M M M M M M
19 83 61 72 2 0 7 0.00 0.0 0 M M M M M M M M
20 86 62 74 3 0 9 0.00 0.0 0 M M M M M M M M
21 86 61 74 3 0 9 0.00 0.0 0 M M M M M M M M
22 79 62 71 0 0 6 0.00 0.0 0 M M M M M M M M
23 77 62 70 -1 0 5 0.00 0.0 0 M M M M M M M M
24 86 63 75 4 0 10 0.00 0.0 0 M M M M M M M M
25 83 64 74 2 0 9 1.51 0.0 0 M M M M M M 13 M M
26 72 61 67 -5 0 2 0.26 0.0 0 M M M M M M 1 M M
27 69 55 62 -10 3 0 T 0.0 0 M M M M M M M M
28 77 52 65 -7 0 0 0.00 0.0 0 M M M M M M 18 M M
29 86 63 75 3 0 10 0.19 0.0 0 M M M M M M M M
30 84 65 75 3 0 10 0.00 0.0 0 M M M M M M M M
================================================================================
SM 2354 1684 40 117 2.95 0.0 M M M
================================================================================
AV 78.5 56.1 M FASTST M M M MAX(MPH)
MISC ----> M M M M
================================================================================
NOTES:
# LAST OF SEVERAL OCCURRENCES
COLUMN 17 PEAK WIND IN M.P.H.
PRELIMINARY LOCAL CLIMATOLOGICAL DATA (WS FORM: F-6) , PAGE 2
STATION: NORTH WEBSTER WFO
MONTH: JUNE
YEAR: 2023
LATITUDE: 41 21 N
LONGITUDE: 85 42 W
[TEMPERATURE DATA] [PRECIPITATION DATA] SYMBOLS USED IN COLUMN 16
AVERAGE MONTHLY: 67.3 TOTAL FOR MONTH: 2.95 1 = FOG OR MIST
DPTR FM NORMAL: -2.1 DPTR FM NORMAL: -1.21 2 = FOG REDUCING VISIBILITY
HIGHEST: 88 ON 1 GRTST 24HR 1.51 ON 25-25 TO 1/4 MILE OR LESS
LOWEST: 47 ON 8, 7 3 = THUNDER
SNOW, ICE PELLETS, HAIL 4 = ICE PELLETS
TOTAL MONTH: 0.0 INCH 5 = HAIL
GRTST 24HR 0.0 6 = FREEZING RAIN OR DRIZZLE
GRTST DEPTH: 0 7 = DUSTSTORM OR SANDSTORM:
VSBY 1/2 MILE OR LESS
8 = SMOKE OR HAZE
[NO. OF DAYS WITH] [WEATHER - DAYS WITH] 9 = BLOWING SNOW
X = TORNADO
MAX 32 OR BELOW: 0 0.01 INCH OR MORE: 7
MAX 90 OR ABOVE: 0 0.10 INCH OR MORE: 5
MIN 32 OR BELOW: 0 0.50 INCH OR MORE: 2
MIN 0 OR BELOW: 0 1.00 INCH OR MORE: 1
[HDD (BASE 65) ]
TOTAL THIS MO. 40 CLEAR (SCALE 0-3) 0
DPTR FM NORMAL 14 PTCLDY (SCALE 4-7) 0
TOTAL FM JUL 1 5622 CLOUDY (SCALE 8-10) 30
DPTR FM NORMAL -528
[CDD (BASE 65) ]
TOTAL THIS MO. 117
DPTR FM NORMAL -41 [PRESSURE DATA]
TOTAL FM JAN 1 175 HIGHEST SLP M ON M
DPTR FM NORMAL -39 LOWEST SLP M ON M
[REMARKS]
#FINAL-06-23#