000
CXUS53 KIWX 010910
CF6IWX
PRELIMINARY LOCAL CLIMATOLOGICAL DATA (WS FORM: F-6)
STATION: NORTH WEBSTER WFO
MONTH: FEBRUARY
YEAR: 2023
LATITUDE: 41 21 N
LONGITUDE: 85 42 W
TEMPERATURE IN F: :PCPN: SNOW: WIND :SUNSHINE: SKY :PK WND
================================================================================
1 2 3 4 5 6A 6B 7 8 9 10 11 12 13 14 15 16 17 18
12Z AVG MX 2MIN
DY MAX MIN AVG DEP HDD CDD WTR SNW DPTH SPD SPD DIR MIN PSBL S-S WX SPD DR
================================================================================
1 25 2 14 -11 51 0 0.00 0.0 2 M M M M M M M M
2 35 17 26 1 39 0 T T 2 M M M M M M M M
3 21 11 16 -9 49 0 T T 1 M M M M M M M M
4 37 12 25 0 40 0 0.00 0.0 1 M M M M M M M M
5 45 27 36 10 29 0 0.00 0.0 T M M M M M M M M
6 35 25 30 4 35 0 0.00 0.0 T M M M M M M M M
7 52 31 42 16 23 0 0.00 0.0 0 M M M M M M M M
8 42 26 34 8 31 0 T 0.0 0 M M M M M M 1 M M
9 58 34 46 20 19 0 0.63 0.0 0 M M M M M M 1 M M
10 43 23 33 6 32 0 T 0.0 0 M M M M M M M M
11 45 20 33 6 32 0 0.00 0.0 0 M M M M M M M M
12 53 26 40 13 25 0 0.00 0.0 0 M M M M M M M M
13 53 30 42 15 23 0 0.00 0.0 0 M M M M M M M M
14 53 29 41 13 24 0 0.04 0.0 0 M M M M M M M M
15 53 31 42 14 23 0 0.01 0.0 0 M M M M M M M M
16 40 28 34 6 31 0 0.14 0.3 T M M M M M M 16 M M
17 28 18 23 -5 42 0 T T 0 M M M M M M M M
18 46 20 33 4 32 0 0.00 0.0 0 M M M M M M M M
19 54 35 45 16 20 0 0.00 0.0 0 M M M M M M M M
20 52 28 40 11 25 0 0.00 0.0 0 M M M M M M M M
21 39 30 35 5 30 0 0.00 0.0 0 M M M M M M M M
22 32 30 31 1 34 0 3.04 0.0 0 M M M M M M 136 M M
23 57 28 43 13 22 0 T 0.0 0 M M M M M M M M
24 32 24 28 -2 37 0 0.02 0.5 0 M M M M M M M M
25 39 26 33 2 32 0 T T T M M M M M M M M
26 52 27 40 9 25 0 0.00 0.0 0 M M M M M M M M
27 50 36 43 11 22 0 1.33 0.0 0 M M M M M M M M
28 49 34 42 10 23 0 T 0.0 0 M M M M M M M M
================================================================================
SM 1220 708 850 0 5.21 0.8 M M M
================================================================================
AV 43.6 25.3 M FASTST M M M MAX(MPH)
MISC ----> M M M M
================================================================================
NOTES:
# LAST OF SEVERAL OCCURRENCES
COLUMN 17 PEAK WIND IN M.P.H.
PRELIMINARY LOCAL CLIMATOLOGICAL DATA (WS FORM: F-6) , PAGE 2
STATION: NORTH WEBSTER WFO
MONTH: FEBRUARY
YEAR: 2023
LATITUDE: 41 21 N
LONGITUDE: 85 42 W
[TEMPERATURE DATA] [PRECIPITATION DATA] SYMBOLS USED IN COLUMN 16
AVERAGE MONTHLY: 34.4 TOTAL FOR MONTH: 5.21 1 = FOG OR MIST
DPTR FM NORMAL: 6.4 DPTR FM NORMAL: 2.90 2 = FOG REDUCING VISIBILITY
HIGHEST: 58 ON 9 GRTST 24HR 3.04 ON 22-22 TO 1/4 MILE OR LESS
LOWEST: 2 ON 1 3 = THUNDER
SNOW, ICE PELLETS, HAIL 4 = ICE PELLETS
TOTAL MONTH: 0.8 INCH 5 = HAIL
GRTST 24HR 0.5 ON 24-24 6 = FREEZING RAIN OR DRIZZLE
GRTST DEPTH: 2 ON 2, 1 7 = DUSTSTORM OR SANDSTORM:
VSBY 1/2 MILE OR LESS
8 = SMOKE OR HAZE
[NO. OF DAYS WITH] [WEATHER - DAYS WITH] 9 = BLOWING SNOW
X = TORNADO
MAX 32 OR BELOW: 5 0.01 INCH OR MORE: 7
MAX 90 OR ABOVE: 0 0.10 INCH OR MORE: 4
MIN 32 OR BELOW: 24 0.50 INCH OR MORE: 3
MIN 0 OR BELOW: 0 1.00 INCH OR MORE: 2
[HDD (BASE 65) ]
TOTAL THIS MO. 850 CLEAR (SCALE 0-3) 0
DPTR FM NORMAL -187 PTCLDY (SCALE 4-7) 0
TOTAL FM JUL 1 4118 CLOUDY (SCALE 8-10) 28
DPTR FM NORMAL -501
[CDD (BASE 65) ]
TOTAL THIS MO. 0
DPTR FM NORMAL 0 [PRESSURE DATA]
TOTAL FM JAN 1 0 HIGHEST SLP M ON M
DPTR FM NORMAL 0 LOWEST SLP M ON M
[REMARKS]
#FINAL-02-23#