000
CXUS53 KIWX 010810
CF6IWX
PRELIMINARY LOCAL CLIMATOLOGICAL DATA (WS FORM: F-6)
STATION: NORTH WEBSTER WFO
MONTH: SEPTEMBER
YEAR: 2022
LATITUDE: 41 21 N
LONGITUDE: 85 42 W
TEMPERATURE IN F: :PCPN: SNOW: WIND :SUNSHINE: SKY :PK WND
================================================================================
1 2 3 4 5 6A 6B 7 8 9 10 11 12 13 14 15 16 17 18
12Z AVG MX 2MIN
DY MAX MIN AVG DEP HDD CDD WTR SNW DPTH SPD SPD DIR MIN PSBL S-S WX SPD DR
================================================================================
1 85 63 74 6 0 9 0.00 0.0 0 M M M M M M M M
2 83 64 74 6 0 9 0.00 0.0 0 M M M M M M M M
3 84 66 75 7 0 10 T 0.0 0 M M M M M M M M
4 77 65 71 3 0 6 0.15 0.0 0 M M M M M M 1 M M
5 72 63 68 1 0 3 0.00 0.0 0 M M M M M M 1 M M
6 75 62 69 2 0 4 0.00 0.0 0 M M M M M M M M
7 78 59 69 2 0 4 0.00 0.0 0 M M M M M M M M
8 77 55 66 0 0 1 0.00 0.0 0 M M M M M M M M
9 81 58 70 4 0 5 0.00 0.0 0 M M M M M M M M
10 84 68 76 10 0 11 0.32 0.0 0 M M M M M M M M
11 69 59 64 -2 1 0 0.55 0.0 0 M M M M M M M M
12 62 53 58 -7 7 0 0.23 0.0 0 M M M M M M M M
13 65 51 58 -7 7 0 0.05 0.0 0 M M M M M M M M
14 78 55 67 2 0 2 0.00 0.0 0 M M M M M M M M
15 79 55 67 3 0 2 0.00 0.0 0 M M M M M M M M
16 80 58 69 5 0 4 0.00 0.0 0 M M M M M M M M
17 82 63 73 9 0 8 0.00 0.0 0 M M M M M M M M
18 81 64 73 9 0 8 T 0.0 0 M M M M M M M M
19 81 59 70 7 0 5 0.18 0.0 0 M M M M M M M M
20 79 56 68 5 0 3 0.09 0.0 0 M M M M M M 3 M M
21 85 61 73 11 0 8 0.17 0.0 0 M M M M M M 3 M M
22 63 47 55 -7 10 0 T 0.0 0 M M M M M M M M
23 64 40 52 -10 13 0 0.00 0.0 0 M M M M M M M M
24 71 53 62 0 3 0 0.01 0.0 0 M M M M M M M M
25 66 52 59 -2 6 0 0.17 0.0 0 M M M M M M M M
26 62 47 55 -6 10 0 T 0.0 0 M M M M M M M M
27 59 44 52 -8 13 0 0.04 0.0 0 M M M M M M M M
28 59 41 50 -10 15 0 0.00 0.0 0 M M M M M M M M
29 61 40 51 -9 14 0 0.00 0.0 0 M M M M M M 1 M M
30 64 39 52 -7 13 0 0.00 0.0 0 M M M M M M M M
================================================================================
SM 2206 1660 112 102 1.96 0.0 M M M
================================================================================
AV 73.5 55.3 M FASTST M M M MAX(MPH)
MISC ----> M M M M
================================================================================
NOTES:
# LAST OF SEVERAL OCCURRENCES
COLUMN 17 PEAK WIND IN M.P.H.
PRELIMINARY LOCAL CLIMATOLOGICAL DATA (WS FORM: F-6) , PAGE 2
STATION: NORTH WEBSTER WFO
MONTH: SEPTEMBER
YEAR: 2022
LATITUDE: 41 21 N
LONGITUDE: 85 42 W
[TEMPERATURE DATA] [PRECIPITATION DATA] SYMBOLS USED IN COLUMN 16
AVERAGE MONTHLY: 64.4 TOTAL FOR MONTH: 1.96 1 = FOG OR MIST
DPTR FM NORMAL: 0.3 DPTR FM NORMAL: -1.31 2 = FOG REDUCING VISIBILITY
HIGHEST: 85 ON 21, 1 GRTST 24HR 0.55 ON 11-11 TO 1/4 MILE OR LESS
LOWEST: 39 ON 30 3 = THUNDER
SNOW, ICE PELLETS, HAIL 4 = ICE PELLETS
TOTAL MONTH: 0.0 INCH 5 = HAIL
GRTST 24HR 0.0 6 = FREEZING RAIN OR DRIZZLE
GRTST DEPTH: 0 7 = DUSTSTORM OR SANDSTORM:
VSBY 1/2 MILE OR LESS
8 = SMOKE OR HAZE
[NO. OF DAYS WITH] [WEATHER - DAYS WITH] 9 = BLOWING SNOW
X = TORNADO
MAX 32 OR BELOW: 0 0.01 INCH OR MORE: 11
MAX 90 OR ABOVE: 0 0.10 INCH OR MORE: 7
MIN 32 OR BELOW: 0 0.50 INCH OR MORE: 1
MIN 0 OR BELOW: 0 1.00 INCH OR MORE: 0
[HDD (BASE 65) ]
TOTAL THIS MO. 112 CLEAR (SCALE 0-3) 0
DPTR FM NORMAL 9 PTCLDY (SCALE 4-7) 0
TOTAL FM JUL 1 112 CLOUDY (SCALE 8-10) 30
DPTR FM NORMAL -10
[CDD (BASE 65) ]
TOTAL THIS MO. 102
DPTR FM NORMAL 24 [PRESSURE DATA]
TOTAL FM JAN 1 806 HIGHEST SLP M ON M
DPTR FM NORMAL 73 LOWEST SLP M ON M
[REMARKS]
#FINAL-09-22#