000
CXUS53 KIWX 011529
CF6IWX
PRELIMINARY LOCAL CLIMATOLOGICAL DATA (WS FORM: F-6)
STATION: NORTH WEBSTER WFO
MONTH: MAY
YEAR: 2022
LATITUDE: 41 21 N
LONGITUDE: 85 42 W
TEMPERATURE IN F: :PCPN: SNOW: WIND :SUNSHINE: SKY :PK WND
================================================================================
1 2 3 4 5 6A 6B 7 8 9 10 11 12 13 14 15 16 17 18
12Z AVG MX 2MIN
DY MAX MIN AVG DEP HDD CDD WTR SNW DPTH SPD SPD DIR MIN PSBL S-S WX SPD DR
================================================================================
1 59 49 54 -1 11 0 0.00 0.0 0 M M M M M M M M
2 58 48 53 -2 12 0 0.00 0.0 0 M M M M M M M M
3 65 47 56 0 9 0 0.77 0.0 0 M M M M M M M M
4 58 46 52 -4 13 0 T 0.0 0 M M M M M M M M
5 56 44 50 -6 15 0 0.39 0.0 0 M M M M M M M M
6 53 48 51 -6 14 0 0.30 0.0 0 M M M M M M M M
7 66 44 55 -2 10 0 T 0.0 0 M M M M M M M M
8 65 42 54 -4 11 0 0.00 0.0 0 M M M M M M M M
9 76 49 63 5 2 0 0.00 0.0 0 M M M M M M M M
10 83 62 73 15 0 8 0.00 0.0 0 M M M M M M M M
11 88 69 79 21 0 14 0.00 0.0 0 M M M M M M M M
12 85 63 74 15 0 9 0.00 0.0 0 M M M M M M M M
13 86 58 72 13 0 7 0.00 0.0 0 M M M M M M M M
14 86 62 74 14 0 9 T 0.0 0 M M M M M M M M
15 84 54 69 9 0 4 0.10 0.0 0 M M M M M M M M
16 74 52 63 3 2 0 0.07 0.0 0 M M M M M M M M
17 72 51 62 1 3 0 T 0.0 0 M M M M M M M M
18 62 55 59 -2 6 0 0.27 0.0 0 M M M M M M M M
19 80 52 66 5 0 1 0.00 0.0 0 M M M M M M M M
20 84 65 75 13 0 10 0.00 0.0 0 M M M M M M M M
21 78 56 67 5 0 2 0.40 0.0 0 M M M M M M M M
22 62 45 54 -8 11 0 T 0.0 0 M M M M M M M M
23 63 44 54 -9 11 0 0.00 0.0 0 M M M M M M M M
24 68 47 58 -5 7 0 0.00 0.0 0 M M M M M M M M
25 78 56 67 4 0 2 0.81 0.0 0 M M M M M M M M
26 71 62 67 3 0 2 0.19 0.0 0 M M M M M M M M
27 72 51 62 -2 3 0 0.02 0.0 0 M M M M M M M M
28 74 49 62 -2 3 0 0.00 0.0 0 M M M M M M M M
29 80 58 69 4 0 4 0.00 0.0 0 M M M M M M M M
30 86 65 76 11 0 11 0.00 0.0 0 M M M M M M M M
31 86 70 78 13 0 13 0.00 0.0 0 M M M M M M M M
================================================================================
SM 2258 1663 143 96 3.32 0.0 M M M
================================================================================
AV 72.8 53.6 M FASTST M M M MAX(MPH)
MISC ----> M M M M
================================================================================
NOTES:
# LAST OF SEVERAL OCCURRENCES
COLUMN 17 PEAK WIND IN M.P.H.
PRELIMINARY LOCAL CLIMATOLOGICAL DATA (WS FORM: F-6) , PAGE 2
STATION: NORTH WEBSTER WFO
MONTH: MAY
YEAR: 2022
LATITUDE: 41 21 N
LONGITUDE: 85 42 W
[TEMPERATURE DATA] [PRECIPITATION DATA] SYMBOLS USED IN COLUMN 16
AVERAGE MONTHLY: 63.2 TOTAL FOR MONTH: 3.32 1 = FOG OR MIST
DPTR FM NORMAL: 2.9 DPTR FM NORMAL: -0.76 2 = FOG REDUCING VISIBILITY
HIGHEST: 88 ON 11 GRTST 24HR 0.81 ON 25-25 TO 1/4 MILE OR LESS
LOWEST: 42 ON 8 3 = THUNDER
SNOW, ICE PELLETS, HAIL 4 = ICE PELLETS
TOTAL MONTH: 0.0 INCH 5 = HAIL
GRTST 24HR 0.0 6 = FREEZING RAIN OR DRIZZLE
GRTST DEPTH: 0 7 = DUSTSTORM OR SANDSTORM:
VSBY 1/2 MILE OR LESS
8 = SMOKE OR HAZE
[NO. OF DAYS WITH] [WEATHER - DAYS WITH] 9 = BLOWING SNOW
X = TORNADO
MAX 32 OR BELOW: 0 0.01 INCH OR MORE: 10
MAX 90 OR ABOVE: 0 0.10 INCH OR MORE: 8
MIN 32 OR BELOW: 0 0.50 INCH OR MORE: 2
MIN 0 OR BELOW: 0 1.00 INCH OR MORE: 0
[HDD (BASE 65) ]
TOTAL THIS MO. 143 CLEAR (SCALE 0-3) 0
DPTR FM NORMAL -53 PTCLDY (SCALE 4-7) 0
TOTAL FM JUL 1 5794 CLOUDY (SCALE 8-10) 31
DPTR FM NORMAL -334
[CDD (BASE 65) ]
TOTAL THIS MO. 96
DPTR FM NORMAL 48 [PRESSURE DATA]
TOTAL FM JAN 1 102 HIGHEST SLP M ON M
DPTR FM NORMAL 46 LOWEST SLP M ON M
[REMARKS]
#FINAL-05-22#
QC OF PRECIPITATION DATA.