980
CXUS53 KIWX 010910
CF6IWX
PRELIMINARY LOCAL CLIMATOLOGICAL DATA (WS FORM: F-6)
STATION: NORTH WEBSTER WFO
MONTH: FEBRUARY
YEAR: 2021
LATITUDE: 41 21 N
LONGITUDE: 85 42 W
TEMPERATURE IN F: :PCPN: SNOW: WIND :SUNSHINE: SKY :PK WND
================================================================================
1 2 3 4 5 6A 6B 7 8 9 10 11 12 13 14 15 16 17 18
12Z AVG MX 2MIN
DY MAX MIN AVG DEP HDD CDD WTR SNW DPTH SPD SPD DIR MIN PSBL S-S WX SPD DR
================================================================================
1 33 17 25 1 40 0 T T 4 M M M M M M M M
2 35 11 23 -2 42 0 0.00 0.0 4 M M M M M M M M
3 35 11 23 -2 42 0 0.00 0.0 3 M M M M M M M M
4 33 21 27 2 38 0 0.22 2.2 3 M M M M M M M M
5 24 9 17 -8 48 0 T 0.1 5 M M M M M M M M
6 19 1 10 -16 55 0 0.03 0.7 5 M M M M M M M M
7 13 -4 5 -21 60 0 T 0.1 5 M M M M M M M M
8 16 1 9 -17 56 0 0.07 2.8 6 M M M M M M M M
9 22 10 16 -10 49 0 0.01 0.5 7 M M M M M M M M
10 20 8 14 -12 51 0 0.02 0.3 7 M M M M M M M M
11 17 9 13 -14 52 0 0.00 0.0 6 M M M M M M M M
12 27 14 21 -6 44 0 0.00 0.0 6 M M M M M M M M
13 23 17 20 -7 45 0 0.01 0.6 6 M M M M M M M M
14 23 4 14 -14 51 0 T 0.2 6 M M M M M M M M
15 13 7 10 -18 55 0 0.46 5.9 7 M M M M M M M M
16 18 7 13 -15 52 0 0.05 1.1 12 M M M M M M M M
17 17 -2 8 -20 57 0 T T 11 M M M M M M M M
18 21 10 16 -13 49 0 0.09 1.4 11 M M M M M M 1 M M
19 19 5 12 -17 53 0 T T 12 M M M M M M 1 M M
20 27 6 17 -12 48 0 T T 11 M M M M M M 1 M M
21 33 12 23 -7 42 0 0.07 1.3 10 M M M M M M 1 M M
22 36 26 31 1 34 0 0.06 T 10 M M M M M M 1 M M
23 44 34 39 9 26 0 0.00 0.0 9 M M M M M M M M
24 47 27 37 6 28 0 0.00 0.0 6 M M M M M M M M
25 41 24 33 2 32 0 0.00 0.0 3 M M M M M M M M
26 41 20 31 0 34 0 0.07 T 2 M M M M M M M M
27 48 33 41 9 24 0 0.03 0.0 1 M M M M M M M M
28 60 36 48 16 17 0 0.03 0.0 T M M M M M M M M
================================================================================
SM 805 374 1224 0 1.22 17.2 M M M
================================================================================
AV 28.8 13.4 M FASTST M M M MAX(MPH)
MISC ----> M M M M
================================================================================
NOTES:
# LAST OF SEVERAL OCCURRENCES
COLUMN 17 PEAK WIND IN M.P.H.
PRELIMINARY LOCAL CLIMATOLOGICAL DATA (WS FORM: F-6) , PAGE 2
STATION: NORTH WEBSTER WFO
MONTH: FEBRUARY
YEAR: 2021
LATITUDE: 41 21 N
LONGITUDE: 85 42 W
[TEMPERATURE DATA] [PRECIPITATION DATA] SYMBOLS USED IN COLUMN 16
AVERAGE MONTHLY: 21.1 TOTAL FOR MONTH: 1.22 1 = FOG OR MIST
DPTR FM NORMAL: -6.8 DPTR FM NORMAL: -1.52 2 = FOG REDUCING VISIBILITY
HIGHEST: 60 ON 28 GRTST 24HR 0.46 ON 15-15 TO 1/4 MILE OR LESS
LOWEST: -4 ON 7 3 = THUNDER
SNOW, ICE PELLETS, HAIL 4 = ICE PELLETS
TOTAL MONTH: 21.7 INCHES 5 = HAIL
GRTST 24HR 5.9 ON 15-15 6 = FREEZING RAIN OR DRIZZLE
GRTST DEPTH: 12 ON 19,16 7 = DUSTSTORM OR SANDSTORM:
VSBY 1/2 MILE OR LESS
8 = SMOKE OR HAZE
[NO. OF DAYS WITH] [WEATHER - DAYS WITH] 9 = BLOWING SNOW
X = TORNADO
MAX 32 OR BELOW: 16 0.01 INCH OR MORE: 14
MAX 90 OR ABOVE: 0 0.10 INCH OR MORE: 2
MIN 32 OR BELOW: 25 0.50 INCH OR MORE: 0
MIN 0 OR BELOW: 2 1.00 INCH OR MORE: 0
[HDD (BASE 65) ]
TOTAL THIS MO. 1224 CLEAR (SCALE 0-3) 0
DPTR FM NORMAL 186 PTCLDY (SCALE 4-7) 0
TOTAL FM JUL 1 4463 CLOUDY (SCALE 8-10) 28
DPTR FM NORMAL -175
[CDD (BASE 65) ]
TOTAL THIS MO. 0
DPTR FM NORMAL 0 [PRESSURE DATA]
TOTAL FM JAN 1 0 HIGHEST SLP M ON M
DPTR FM NORMAL 0 LOWEST SLP M ON M
[REMARKS]
#FINAL-02-21#