457
CXUS54 KMEG 010640
CF6JBR
PRELIMINARY LOCAL CLIMATOLOGICAL DATA (WS FORM: F-6)
STATION: JONESBORO
MONTH: APRIL
YEAR: 2020
LATITUDE: 35 49 N
LONGITUDE: 90 39 W
TEMPERATURE IN F: :PCPN: SNOW: WIND :SUNSHINE: SKY :PK WND
================================================================================
1 2 3 4 5 6A 6B 7 8 9 10 11 12 13 14 15 16 17 18
12Z AVG MX 2MIN
DY MAX MIN AVG DEP HDD CDD WTR SNW DPTH SPD SPD DIR MIN PSBL S-S WX SPD DR
================================================================================
1 64 44 54 -1 11 0 0.00 0.0 0 M M M M M M M M
2 71 50 61 5 4 0 0.00 0.0 0 M M M M M M M M
3 67 54 61 5 4 0 0.06 0.0 0 M M M M M M M M
4 63 52 58 2 7 0 0.00 0.0 0 M M M M M M M M
5 72 44 58 1 7 0 0.00 0.0 0 M M M M M M M M
6 77 52 65 8 0 0 0.00 0.0 0 M M M M M M M M
7 77 64 71 14 0 6 0.00 0.0 0 M M M M M M M M
8 85 69 77 19 0 12 0.49 0.0 0 M M M M M M 3 M M
9 69 50 60 2 5 0 0.00 0.0 0 M M M M M M M M
10 57 39 48 -10 17 0 0.00 0.0 0 M M M M M M M M
11 70 40 55 -3 10 0 T 0.0 0 M M M M M M M M
12 65 54 60 1 5 0 2.33 0.0 0 M M M M M M 3 M M
13 53 39 46 -13 19 0 0.20 0.0 0 M M M M M M M M
14 52 37 45 -14 20 0 0.02 0.0 0 M M M M M M M M
15 62 33 48 -12 17 0 0.00 0.0 0 M M M M M M M M
16 67 41 54 -6 11 0 0.00 0.0 0 M M M M M M M M
17 72 43 58 -2 7 0 0.03 0.0 0 M M M M M M M M
18 60 37 49 -12 16 0 0.00 0.0 0 M M M M M M M M
19 61 49 55 -6 10 0 0.32 0.0 0 M M M M M M M M
20 73 46 60 -1 5 0 0.06 0.0 0 M M M M M M M M
21 76 50 63 1 2 0 0.00 0.0 0 M M M M M M M M
22 68 52 60 -2 5 0 0.69 0.0 0 M M M M M M 1 M M
23 64 52 58 -4 7 0 0.13 0.0 0 M M M M M M M M
24 70 46 58 -4 7 0 0.29 0.0 0 M M M M M M M M
25 64 53 59 -4 6 0 T 0.0 0 M M M M M M M M
26 71 47 59 -4 6 0 0.00 0.0 0 M M M M M M M M
27 73 48 61 -2 4 0 T 0.0 0 M M M M M M M M
28 76 60 68 4 0 3 1.20 0.0 0 M M M M M M M M
29 M M M M M M M M M M M M M M M M M
30 M M M M M M M M M M M M M M M M M
================================================================================
SM 1899 1345 212 21 5.82 0.0 M M M
================================================================================
AV 67.8 48.0 M FASTST M M 4 MAX(MPH)
MISC ----> M M M M
================================================================================
NOTES:
# LAST OF SEVERAL OCCURRENCES
COLUMN 17 PEAK WIND IN M.P.H.
PRELIMINARY LOCAL CLIMATOLOGICAL DATA (WS FORM: F-6) , PAGE 2
STATION: JONESBORO
MONTH: APRIL
YEAR: 2020
LATITUDE: 35 49 N
LONGITUDE: 90 39 W
[TEMPERATURE DATA] [PRECIPITATION DATA] SYMBOLS USED IN COLUMN 16
AVERAGE MONTHLY: 57.9 TOTAL FOR MONTH: 5.82 1 = FOG OR MIST
DPTR FM NORMAL: -2.0 DPTR FM NORMAL: 0.80 2 = FOG REDUCING VISIBILITY
HIGHEST: 85 ON 8 GRTST 24HR 2.33 ON 12-12 TO 1/4 MILE OR LESS
LOWEST: 33 ON 15 3 = THUNDER
SNOW, ICE PELLETS, HAIL 4 = ICE PELLETS
TOTAL MONTH: 0.0 INCH 5 = HAIL
GRTST 24HR 0.0 6 = FREEZING RAIN OR DRIZZLE
GRTST DEPTH: 0 7 = DUSTSTORM OR SANDSTORM:
VSBY 1/2 MILE OR LESS
8 = SMOKE OR HAZE
[NO. OF DAYS WITH] [WEATHER - DAYS WITH] 9 = BLOWING SNOW
X = TORNADO
MAX 32 OR BELOW: 0 0.01 INCH OR MORE: 12
MAX 90 OR ABOVE: 0 0.10 INCH OR MORE: 8
MIN 32 OR BELOW: 0 0.50 INCH OR MORE: 3
MIN 0 OR BELOW: 0 1.00 INCH OR MORE: 2
[HDD (BASE 65) ]
TOTAL THIS MO. 212 CLEAR (SCALE 0-3) 0
DPTR FM NORMAL 17 PTCLDY (SCALE 4-7) 0
TOTAL FM JUL 1 3166 CLOUDY (SCALE 8-10) 0
DPTR FM NORMAL -449
[CDD (BASE 65) ]
TOTAL THIS MO. 21
DPTR FM NORMAL -20 [PRESSURE DATA]
TOTAL FM JAN 1 38 HIGHEST SLP M ON M
DPTR FM NORMAL -9 LOWEST SLP 29.37 ON 12
[REMARKS]
#FINAL-04-20#