000
CXUS54 KSJT 011000
CF6JCT
PRELIMINARY LOCAL CLIMATOLOGICAL DATA (WS FORM: F-6)
STATION: JUNCTION
MONTH: MAY
YEAR: 2023
LATITUDE: 30 18 N
LONGITUDE: 99 28 W
TEMPERATURE IN F: :PCPN: SNOW: WIND :SUNSHINE: SKY :PK WND
================================================================================
1 2 3 4 5 6A 6B 7 8 9 10 11 12 13 14 15 16 17 18
12Z AVG MX 2MIN
DY MAX MIN AVG DEP HDD CDD WTR SNW DPTH SPD SPD DIR MIN PSBL S-S WX SPD DR
================================================================================
1 91 52 72 2 0 7 0.00 0.0 0 9.2 22 50 M M 0 8 28 70
2 85 61 73 2 0 8 0.00 M M 7.8 20 140 M M 1 26 120
3 90 62 76 5 0 11 0.00 M M 7.0 17 150 M M 2 25 130
4 88 69 79 8 0 14 0.00 0.0 0 9.4 18 180 M M 3 25 160
5 100 63 82 10 0 17 0.00 0.0 0 7.7 18 50 M M 0 38 27 220
6 92 71 82 10 0 17 0.00 0.0 0 10.3 21 160 M M 3 8 31 140
7 90 74 82 10 0 17 0.00 0.0 0 10.2 23 160 M M 4 18 32 170
8 98 63 81 9 0 16 0.64 0.0 0 9.1 35 20 M M 2 138 51 10
9 77 63 70 -3 0 5 0.30 0.0 0 5.3 20 90 M M 2 13 27 120
10 88 60 74 1 0 9 0.00 0.0 0 5.5 15 80 M M 5 1 21 80
11 93 72 83 10 0 18 0.00 0.0 0 8.8 20 160 M M 6 8 27 160
12 90 64 77 3 0 12 0.67 0.0 0 10.6 32 220 M M 6 138 52 250
13 74 62 68 -6 0 3 0.66 0.0 0 5.2 18 90 M M 5 13 24 90
14 86 57 72 -2 0 7 0.00 0.0 0 2.0 9 310 M M 2 12 14 330
15 80 66 73 -1 0 8 0.06 0.0 0 2.8 10 300 M M 7 138 22 310
16 80 63 72 -3 0 7 0.03 0.0 0 3.5 13 60 M M 2 18 16 50
17 89 59 74 -1 0 9 0.00 0.0 0 2.4 10 110 M M 1 12 13 110
18 91 64 78 3 0 13 0.00 0.0 0 6.5 18 170 M M 0 25 170
19 94 68 81 5 0 16 0.42 0.0 0 7.1 26 70 M M 4 13 34 60
20 78 64 71 -5 0 6 0.00 0.0 0 6.3 16 20 M M 6 18 21 10
21 72 63 68 -8 0 3 0.47 0.0 0 3.9 12 120 M M 8 18 14 120
22 86 61 74 -3 0 9 0.00 M M 4.5 12 210 M M 4 1 20 230
23 90 66 78 1 0 13 0.00 0.0 0 8.0 18 70 M M 5 27 70
24 86 63 75 -2 0 10 0.47 0.0 0 7.6 25 40 M M 2 13 32 40
25 82 65 74 -4 0 9 0.36 0.0 0 6.3 33 100 M M 3 13 43 100
26 83 64 74 -4 0 9 T 0.0 0 5.3 14 130 M M 5 1 19 130
27 82 66 74 -4 0 9 0.00 0.0 0 5.7 15 150 M M 5 22 160
28 84 67 76 -2 0 11 T 0.0 0 7.6 21 160 M M 3 3 30 150
29 89 63 76 -2 0 11 0.00 0.0 0 3.5 23 110 M M 3 13 33 120
30 90 58 74 -5 0 9 0.00 0.0 0 4.6 14 120 M M 0 22 10
31 88 68 78 -1 0 13 0.00 0.0 0 8.1 14 150 M M 2 23 140
================================================================================
SM 2686 1981 0 326 4.08 0.0 201.8 M 101
================================================================================
AV 86.6 63.9 6.5 FASTST M M 3 MAX(MPH)
MISC ----> 35 20 52 250
================================================================================
NOTES:
# LAST OF SEVERAL OCCURRENCES
COLUMN 17 PEAK WIND IN M.P.H.
PRELIMINARY LOCAL CLIMATOLOGICAL DATA (WS FORM: F-6) , PAGE 2
STATION: JUNCTION
MONTH: MAY
YEAR: 2023
LATITUDE: 30 18 N
LONGITUDE: 99 28 W
[TEMPERATURE DATA] [PRECIPITATION DATA] SYMBOLS USED IN COLUMN 16
AVERAGE MONTHLY: 75.3 TOTAL FOR MONTH: 4.08 1 = FOG OR MIST
DPTR FM NORMAL: 0.5 DPTR FM NORMAL: 0.92 2 = FOG REDUCING VISIBILITY
HIGHEST: 100 ON 5 GRTST 24HR 1.33 ON 12-13 TO 1/4 MILE OR LESS
LOWEST: 52 ON 1 3 = THUNDER
SNOW, ICE PELLETS, HAIL 4 = ICE PELLETS
TOTAL MONTH: 0.0 INCH 5 = HAIL
GRTST 24HR 0.0 6 = FREEZING RAIN OR DRIZZLE
GRTST DEPTH: 0 7 = DUSTSTORM OR SANDSTORM:
VSBY 1/2 MILE OR LESS
8 = SMOKE OR HAZE
[NO. OF DAYS WITH] [WEATHER - DAYS WITH] 9 = BLOWING SNOW
X = TORNADO
MAX 32 OR BELOW: 0 0.01 INCH OR MORE: 10
MAX 90 OR ABOVE: 12 0.10 INCH OR MORE: 8
MIN 32 OR BELOW: 0 0.50 INCH OR MORE: 3
MIN 0 OR BELOW: 0 1.00 INCH OR MORE: 0
[HDD (BASE 65) ]
TOTAL THIS MO. 0 CLEAR (SCALE 0-3) 16
DPTR FM NORMAL -8 PTCLDY (SCALE 4-7) 14
TOTAL FM JUL 1 1740 CLOUDY (SCALE 8-10) 1
DPTR FM NORMAL -317
[CDD (BASE 65) ]
TOTAL THIS MO. 326
DPTR FM NORMAL 14 [PRESSURE DATA]
TOTAL FM JAN 1 558 HIGHEST SLP 30.19 ON 20
DPTR FM NORMAL 68 LOWEST SLP 29.61 ON 11
[REMARKS]
#FINAL-05-23#