000
CXUS54 KSJT 011100
CF6JCT
PRELIMINARY LOCAL CLIMATOLOGICAL DATA (WS FORM: F-6)
STATION: JUNCTION
MONTH: NOVEMBER
YEAR: 2022
LATITUDE: 30 18 N
LONGITUDE: 99 28 W
TEMPERATURE IN F: :PCPN: SNOW: WIND :SUNSHINE: SKY :PK WND
================================================================================
1 2 3 4 5 6A 6B 7 8 9 10 11 12 13 14 15 16 17 18
12Z AVG MX 2MIN
DY MAX MIN AVG DEP HDD CDD WTR SNW DPTH SPD SPD DIR MIN PSBL S-S WX SPD DR
================================================================================
1 76 58 67 6 0 2 0.08 0.0 0 4.3 13 170 M M 4 1 19 160
2 79 52 66 5 0 1 0.00 0.0 0 4.6 16 160 M M 4 1 23 190
3 79 63 71 11 0 6 0.00 0.0 0 10.2 25 180 M M 8 35 190
4 83 49 66 6 0 1 0.00 0.0 0 11.9 28 180 M M 5 40 160
5 78 38 58 -2 7 0 0.00 0.0 0 6.0 18 220 M M 0 8 28 250
6 86 43 65 6 0 0 0.00 M M 4.9 17 200 M M 0 8 22 230
7 87 56 72 13 0 7 0.00 M M 4.8 17 170 M M 5 18 23 170
8 83 64 74 16 0 9 0.00 0.0 0 8.6 18 180 M M 5 35 170
9 79 64 72 14 0 7 0.16 0.0 0 7.9 21 160 M M 6 1 30 170
10 82 65 74 16 0 9 0.00 0.0 0 6.1 13 220 M M 7 20 210
11 68 37 53 -5 12 0 0.54 0.0 0 6.1 20 310 M M 6 13 28 360
12 56 32 44 -13 21 0 0.00 0.0 0 5.0 13 40 M M 0 19 70
13 62 28 45 -12 20 0 0.00 0.0 0 5.0 15 130 M M 0 22 120
14 72 41 57 1 8 0 0.00 0.0 0 7.5 24 300 M M 5 1 36 280
15 52 32 42 -14 23 0 0.00 0.0 0 5.6 14 70 M M 0 18 30
16 55 34 45 -11 20 0 0.00 0.0 0 4.1 15 80 M M 3 21 50
17 57 34 46 -10 19 0 0.00 M M 4.4 14 190 M M 5 8 19 180
18 52 29 41 -14 24 0 0.00 M M 5.4 17 100 M M 8 8 23 110
19 46 35 41 -14 24 0 0.23 M M 6.0 14 30 M M 10 138 18 40
20 43 37 40 -15 25 0 0.05 0.0 0 2.4 9 60 M M 10 1 13 50
21 49 39 44 -10 21 0 0.03 M M 1.6 7 80 M M 9 1 9 80
22 52 37 45 -9 20 0 0.00 M M 1.7 7 300 M M 10 1 9 290
23 61 52 57 3 8 0 0.00 M M 3.5 10 200 M M 10 1 15 200
24 68 54 61 8 4 0 0.38 0.0 0 7.6 26 170 M M 10 13 42 180
25 54 44 49 -4 16 0 1.57 0.0 0 9.7 17 10 M M 10 13 26 40
26 58 40 49 -4 16 0 0.31 0.0 0 7.2 22 270 M M 5 1 39 280
27 72 33 53 0 12 0 0.00 0.0 0 4.0 13 270 M M 0 18 19 260
28 75 31 53 1 12 0 0.00 M 0 5.0 17 210 M M 0 1 29 210
29 83 48 66 14 0 1 0.00 0.0 0 5.9 21 30 M M 3 1 30 30
30 53 34 44 -8 21 0 0.00 0.0 0 9.4 18 30 M M 0 30 30
================================================================================
SM 2000 1303 333 43 3.35 0.0 176.4 M 148
================================================================================
AV 66.7 43.4 5.9 FASTST M M 5 MAX(MPH)
MISC ----> 28 180 42 180
================================================================================
NOTES:
# LAST OF SEVERAL OCCURRENCES
COLUMN 17 PEAK WIND IN M.P.H.
PRELIMINARY LOCAL CLIMATOLOGICAL DATA (WS FORM: F-6) , PAGE 2
STATION: JUNCTION
MONTH: NOVEMBER
YEAR: 2022
LATITUDE: 30 18 N
LONGITUDE: 99 28 W
[TEMPERATURE DATA] [PRECIPITATION DATA] SYMBOLS USED IN COLUMN 16
AVERAGE MONTHLY: 55.1 TOTAL FOR MONTH: 3.35 1 = FOG OR MIST
DPTR FM NORMAL: -1.2 DPTR FM NORMAL: 1.83 2 = FOG REDUCING VISIBILITY
HIGHEST: 87 ON 7 GRTST 24HR 1.75 ON 25-26 TO 1/4 MILE OR LESS
LOWEST: 28 ON 13 3 = THUNDER
SNOW, ICE PELLETS, HAIL 4 = ICE PELLETS
TOTAL MONTH: 0.0 INCH 5 = HAIL
GRTST 24HR 0.0 6 = FREEZING RAIN OR DRIZZLE
GRTST DEPTH: 0 7 = DUSTSTORM OR SANDSTORM:
VSBY 1/2 MILE OR LESS
8 = SMOKE OR HAZE
[NO. OF DAYS WITH] [WEATHER - DAYS WITH] 9 = BLOWING SNOW
X = TORNADO
MAX 32 OR BELOW: 0 0.01 INCH OR MORE: 9
MAX 90 OR ABOVE: 0 0.10 INCH OR MORE: 6
MIN 32 OR BELOW: 5 0.50 INCH OR MORE: 2
MIN 0 OR BELOW: 0 1.00 INCH OR MORE: 1
[HDD (BASE 65) ]
TOTAL THIS MO. 333 CLEAR (SCALE 0-3) 9
DPTR FM NORMAL 49 PTCLDY (SCALE 4-7) 13
TOTAL FM JUL 1 381 CLOUDY (SCALE 8-10) 8
DPTR FM NORMAL 24
[CDD (BASE 65) ]
TOTAL THIS MO. 43
DPTR FM NORMAL 24 [PRESSURE DATA]
TOTAL FM JAN 1 3423 HIGHEST SLP 30.46 ON 20
DPTR FM NORMAL 805 LOWEST SLP 29.65 ON 29
[REMARKS]
#FINAL-11-22#