000
CXUS55 KJKL 011310
CF6JKL
PRELIMINARY LOCAL CLIMATOLOGICAL DATA (WS FORM: F-6)
STATION: JACKSON KY
MONTH: JULY
YEAR: 2021
LATITUDE: 37 35 N
LONGITUDE: 83 19 W
TEMPERATURE IN F: :PCPN: SNOW: WIND :SUNSHINE: SKY :PK WND
================================================================================
1 2 3 4 5 6A 6B 7 8 9 10 11 12 13 14 15 16 17 18
12Z AVG MX 2MIN
DY MAX MIN AVG DEP HDD CDD WTR SNW DPTH SPD SPD DIR MIN PSBL S-S WX SPD DR
================================================================================
1 76 67 72 -3 0 7 0.58 0.0 0 0.6 9 330 M M 8 13 14 310
2 78 62 70 -5 0 5 T 0.0 0 1.6 10 330 M M 5 12 20 30
3 78 55 67 -9 0 2 0.00 0.0 0 1.3 9 310 M M 1 14 320
4 85 61 73 -3 0 8 0.00 0.0 0 1.2 9 310 M M 3 14 260
5 88 69 79 3 0 14 T 0.0 0 0.6 7 340 M M 2 1 10 300
6 91 70 81 5 0 16 T 0.0 0 0.4 6 350 M M 3 123 13 320
7 86 70 78 2 0 13 0.52 0.0 0 1.7 10 190 M M 3 13 21 210
8 84 70 77 1 0 12 0.20 0.0 0 1.2 8 340 M M 6 13 17 270
9 85 69 77 1 0 12 0.22 0.0 0 3.1 10 300 M M 5 13 20 250
10 84 66 75 -1 0 10 1.02 0.0 0 1.9 15 350 M M 4 123 31 330
11 84 68 76 0 0 11 1.13 0.0 0 3.7 13 180 M M 5 13 25 240
12 87 68 78 2 0 13 0.00 0.0 0 3.8 12 170 M M 4 1 19 200
13 81 71 76 0 0 11 0.34 0.0 0 2.4 12 190 M M 5 1 21 200
14 85 69 77 1 0 12 0.13 0.0 0 0.8 8 300 M M 5 1 14 290
15 85 69 77 1 0 12 0.08 0.0 0 2.0 21 310 M M 2 138 31 320
16 87 70 79 3 0 14 0.03 0.0 0 2.2 9 170 M M 1 3 18 170
17 84 72 78 2 0 13 0.07 0.0 0 1.8 8 250 M M 5 123 18 240
18 79 67 73 -3 0 8 0.00 0.0 0 0.5 5 100 M M 7 12 9 120
19 84 66 75 -1 0 10 0.00 0.0 0 0.6 6 120 M M 1 13 130
20 84 67 76 0 0 11 0.00 0.0 0 0.4 6 150 M M 0 8 10 100
21 84 65 75 -1 0 10 0.00 0.0 0 1.6 8 320 M M 3 128 14 340
22 81 64 73 -3 0 8 0.00 0.0 0 0.1 6 320 M M 0 18 10 340
23 84 64 74 -2 0 9 0.00 0.0 0 0.1 5 130 M M 0 10 120
24 88 64 76 0 0 11 0.00 0.0 0 0.6 8 310 M M 0 13 270
25 90 70 80 4 0 15 0.65 0.0 0 1.5 16 310 M M 2 13 27 310
26 88 70 79 3 0 14 0.17 0.0 0 1.1 7 310 M M 1 138 11 180
27 88 70 79 3 0 14 0.00 0.0 0 0.8 9 310 M M 0 13 320
28 87 66 77 1 0 12 0.00 0.0 0 0.7 8 320 M M 0 14 320
29 88 68 78 2 0 13 2.07 0.0 0 1.3 17 100 M M 1 123 48 40
30 85 69 77 1 0 12 0.30 0.0 0 2.3 21 140 M M 4 13 37 150
31 82 65 74 -2 0 9 0.01 0.0 0 1.0 9 310 M M 3 1 14 320
================================================================================
SM 2620 2081 0 341 7.52 0.0 42.9 M 89
================================================================================
AV 84.5 67.1 1.4 FASTST M M 3 MAX(MPH)
MISC ----> # 21 310 48 40
================================================================================
NOTES:
# LAST OF SEVERAL OCCURRENCES
COLUMN 17 PEAK WIND IN M.P.H.
PRELIMINARY LOCAL CLIMATOLOGICAL DATA (WS FORM: F-6) , PAGE 2
STATION: JACKSON KY
MONTH: JULY
YEAR: 2021
LATITUDE: 37 35 N
LONGITUDE: 83 19 W
[TEMPERATURE DATA] [PRECIPITATION DATA] SYMBOLS USED IN COLUMN 16
AVERAGE MONTHLY: 75.8 TOTAL FOR MONTH: 7.52 1 = FOG OR MIST
DPTR FM NORMAL: 0.1 DPTR FM NORMAL: 2.42 2 = FOG REDUCING VISIBILITY
HIGHEST: 91 ON 6 GRTST 24HR 2.37 ON 29-30 TO 1/4 MILE OR LESS
LOWEST: 55 ON 3 3 = THUNDER
SNOW, ICE PELLETS, HAIL 4 = ICE PELLETS
TOTAL MONTH: 0.0 INCH 5 = HAIL
GRTST 24HR 0.0 6 = FREEZING RAIN OR DRIZZLE
GRTST DEPTH: 0 7 = DUSTSTORM OR SANDSTORM:
VSBY 1/2 MILE OR LESS
8 = SMOKE OR HAZE
[NO. OF DAYS WITH] [WEATHER - DAYS WITH] 9 = BLOWING SNOW
X = TORNADO
MAX 32 OR BELOW: 0 0.01 INCH OR MORE: 16
MAX 90 OR ABOVE: 2 0.10 INCH OR MORE: 12
MIN 32 OR BELOW: 0 0.50 INCH OR MORE: 6
MIN 0 OR BELOW: 0 1.00 INCH OR MORE: 3
[HDD (BASE 65) ]
TOTAL THIS MO. 0 CLEAR (SCALE 0-3) 18
DPTR FM NORMAL 0 PTCLDY (SCALE 4-7) 13
TOTAL FM JUL 1 0 CLOUDY (SCALE 8-10) 0
DPTR FM NORMAL 0
[CDD (BASE 65) ]
TOTAL THIS MO. 341
DPTR FM NORMAL 7 [PRESSURE DATA]
TOTAL FM JAN 1 750 HIGHEST SLP 30.25 ON 14
DPTR FM NORMAL 22 LOWEST SLP 29.85 ON 29
[REMARKS]
#FINAL-07-21#