421
CXUS53 KSGF 020822
CF6JLN
PRELIMINARY LOCAL CLIMATOLOGICAL DATA (WS FORM: F-6)
STATION: JOPLIN MO
MONTH: OCTOBER
YEAR: 2020
LATITUDE: 37 10 N
LONGITUDE: 94 30 W
TEMPERATURE IN F: :PCPN: SNOW: WIND :SUNSHINE: SKY :PK WND
================================================================================
1 2 3 4 5 6A 6B 7 8 9 10 11 12 13 14 15 16 17 18
12Z AVG MX 2MIN
DY MAX MIN AVG DEP HDD CDD WTR SNW DPTH SPD SPD DIR MIN PSBL S-S WX SPD DR
================================================================================
1 71 41 56 -8 9 0 0.00 M M 7.8 26 350 M M 0 35 350
2 69 37 53 -11 12 0 0.00 M M 3.2 10 240 M M 1 15 250
3 73 48 61 -3 4 0 T M M 11.1 28 220 M M 2 36 220
4 67 42 55 -8 10 0 0.00 M M 6.8 14 360 M M 2 22 30
5 77 45 61 -2 4 0 0.00 M M 10.4 20 180 M M 0 27 190
6 80 54 67 4 0 2 0.00 M M 8.6 16 250 M M 0 23 260
7 88 59 74 12 0 9 0.00 M M 7.9 16 220 M M 0 22 230
8 86 60 73 11 0 8 0.00 M M 5.0 15 160 M M 1 1 22 160
9 85 61 73 11 0 8 0.00 M M 9.3 20 200 M M 2 27 200
10 86 56 71 9 0 6 0.00 M M 2.5 10 20 M M 1 12 14 30
11 91 61 76 15 0 11 0.00 M M 10.3 22 170 M M 0 27 180
12 75 49 62 1 3 0 0.00 M M 11.8 30 320 M M 1 39 320
13 82 45 64 3 1 0 0.00 M M 8.7 20 230 M M 0 26 200
14 86 53 70 10 0 5 0.01 M M 15.2 30 210 M M 1 41 200
15 69 41 55 -5 10 0 0.00 M M 10.4 23 20 M M 6 34 20
16 67 33 50 -10 15 0 0.00 M M 5.9 16 240 M M 1 8 24 210
17 73 44 59 -1 6 0 0.00 M M 15.1 37 200 M M 0 52 190
18 60 41 51 -8 14 0 0.23 M M 9.8 20 20 M M 8 1 28 20
19 46 41 44 -15 21 0 0.02 M M 7.2 14 50 M M 10 1 21 50
20 63 45 54 -5 11 0 0.40 M M 5.4 13 180 M M 10 13 17 180
21 85 53 69 11 0 4 T M M 7.3 20 190 M M 6 28 200
22 85 67 76 18 0 11 0.00 M M 15.5 28 200 M M 1 37 190
23 71 40 56 -2 9 0 0.03 M M 14.9 23 360 M M 9 13 33 350
24 47 39 43 -15 22 0 0.00 M M 7.5 15 30 M M 10 21 20
25 49 42 46 -11 19 0 0.00 M M 7.3 14 10 M M 10 20 360
26 42 32 37 -20 28 0 1.13 M M 11.7 17 20 M M 10 168 26 30
27 37 32 35 -22 30 0 0.81 M M 8.8 15 30 M M 10 16 22 40
28 44 36 40 -16 25 0 1.15 M M 8.4 17 40 M M 10 1 24 40
29 52 33 43 -13 22 0 0.57 M M 10.6 22 10 M M 6 1 38 30
30 65 30 48 -8 17 0 0.00 M M 5.0 10 230 M M 0 14 200
31 67 45 56 1 9 0 0.00 M M 10.3 23 210 M M 0 30 220
================================================================================
SM 2138 1405 301 64 4.35 M 279.7 M 118
================================================================================
AV 69.0 45.3 9.0 FASTST M M 4 MAX(MPH)
MISC ----> 37 200 52 190
================================================================================
NOTES:
# LAST OF SEVERAL OCCURRENCES
COLUMN 17 PEAK WIND IN M.P.H.
PRELIMINARY LOCAL CLIMATOLOGICAL DATA (WS FORM: F-6) , PAGE 2
STATION: JOPLIN MO
MONTH: OCTOBER
YEAR: 2020
LATITUDE: 37 10 N
LONGITUDE: 94 30 W
[TEMPERATURE DATA] [PRECIPITATION DATA] SYMBOLS USED IN COLUMN 16
AVERAGE MONTHLY: 57.1 TOTAL FOR MONTH: 4.35 1 = FOG OR MIST
DPTR FM NORMAL: -2.7 DPTR FM NORMAL: 0.32 2 = FOG REDUCING VISIBILITY
HIGHEST: 91 ON 11 GRTST 24HR 1.72 ON 28-29 TO 1/4 MILE OR LESS
LOWEST: 30 ON 30 3 = THUNDER
SNOW, ICE PELLETS, HAIL 4 = ICE PELLETS
TOTAL MONTH: M 5 = HAIL
GRTST 24HR M ON M 6 = FREEZING RAIN OR DRIZZLE
GRTST DEPTH: M ON M 7 = DUSTSTORM OR SANDSTORM:
VSBY 1/2 MILE OR LESS
8 = SMOKE OR HAZE
[NO. OF DAYS WITH] [WEATHER - DAYS WITH] 9 = BLOWING SNOW
X = TORNADO
MAX 32 OR BELOW: 0 0.01 INCH OR MORE: 9
MAX 90 OR ABOVE: 1 0.10 INCH OR MORE: 6
MIN 32 OR BELOW: 3 0.50 INCH OR MORE: 4
MIN 0 OR BELOW: 0 1.00 INCH OR MORE: 2
[HDD (BASE 65) ]
TOTAL THIS MO. 301 CLEAR (SCALE 0-3) 19
DPTR FM NORMAL 91 PTCLDY (SCALE 4-7) 4
TOTAL FM JUL 1 316 CLOUDY (SCALE 8-10) 8
DPTR FM NORMAL 63
[CDD (BASE 65) ]
TOTAL THIS MO. 64
DPTR FM NORMAL 15 [PRESSURE DATA]
TOTAL FM JAN 1 1649 HIGHEST SLP 30.40 ON 16
DPTR FM NORMAL -42 LOWEST SLP 29.61 ON 12
[REMARKS]
#FINAL-10-20#