000
CXUS54 KFWD 010732
CF6JWY
PRELIMINARY LOCAL CLIMATOLOGICAL DATA (WS FORM: F-6)
STATION: WAXAHACHIE
MONTH: JULY
YEAR: 2021
LATITUDE: 32 27 N
LONGITUDE: 96 54 W
TEMPERATURE IN F: :PCPN: SNOW: WIND :SUNSHINE: SKY :PK WND
================================================================================
1 2 3 4 5 6A 6B 7 8 9 10 11 12 13 14 15 16 17 18
12Z AVG MX 2MIN
DY MAX MIN AVG DEP HDD CDD WTR SNW DPTH SPD SPD DIR MIN PSBL S-S WX SPD DR
================================================================================
1 94 72 83 1 0 18 0.14 M M 2.4 16 300 M M 3 138 32 300
2 87 74 81 -1 0 16 0.00 M M 2.0 7 30 M M 6 1 M M
3 83 70 77 -5 0 12 0.03 M M 3.2 8 80 M M 8 1 M M
4 85 71 78 -5 0 13 0.00 M M 1.6 7 140 M M 9 1 M M
5 87 71 79 -4 0 14 0.06 M M 3.1 14 150 M M 9 18 23 150
6 90 70 80 -3 0 15 0.06 M M 2.3 7 70 M M 6 1 16 190
7 91 68 80 -3 0 15 0.00 M M 0.7 7 160 M M 5 1 M M
8 92 72 82 -1 0 17 0.09 M M 3.6 8 160 M M 6 20 150
9 85 72 79 -4 0 14 0.02 M M 6.1 15 160 M M 9 24 160
10 92 72 82 -1 0 17 0.00 M M 8.5 17 190 M M 7 1 28 180
11 91 68 80 -3 0 15 1.20 M M 3.9 21 360 M M 5 26 360
12 86 69 78 -5 0 13 0.20 M M 3.7 13 200 M M 8 18 160
13 91 68 80 -4 0 15 0.00 M M 4.5 10 170 M M 3 M M
14 90 67 79 -5 0 14 0.00 M M 6.0 12 180 M M 4 38 140
15 91 72 82 -2 0 17 M M M 8.0 15 180 M M 5 22 170
16 92 74 83 -1 0 18 M M M 8.6 17 200 M M 4 1 23 200
17 92 75 84 0 0 19 M M M 7.7 15 190 M M 5 1 20 190
18 93 74 84 0 0 19 M M M 4.5 10 190 M M 5 M M
19 85 72 79 -5 0 14 M M M 3.2 8 40 M M 7 M M
20 86 69 78 -6 0 13 M M M 2.7 22 340 M M 8 12 29 340
21 90 72 81 -3 0 16 0.00 M M 2.2 7 80 M M 6 M M
22 92 69 81 -3 0 16 0.00 M M 4.1 9 160 M M 5 M M
23 94 72 83 -1 0 18 0.00 M M 8.1 20 210 M M 5 24 210
24 97 74 86 2 0 21 0.00 M M 6.9 13 190 M M 4 1 20 200
25 98 72 85 1 0 20 0.00 M M 3.3 10 210 M M 2 1 M M
26 98 72 85 1 0 20 0.00 M M 1.7 5 110 M M 1 M M
27 99 75 87 3 0 22 0.00 M M 1.4 5 140 M M 0 M M
28 98 75 87 3 0 22 0.00 M M 2.1 7 100 M M 2 M M
29 97 72 85 1 0 20 0.00 M M 1.0 7 150 M M 1 M M
30 97 73 85 1 0 20 0.00 M M 1.9 9 180 M M 3 M M
31 99 74 87 3 0 22 0.00 M M 3.2 8 240 M M 3 M M
================================================================================
SM 2842 2220 0 525 1.80 M 122.1 M 154
================================================================================
AV 91.7 71.6 3.9 FASTST M M 5 MAX(MPH)
MISC ----> 22 340 38 140
================================================================================
NOTES:
# LAST OF SEVERAL OCCURRENCES
COLUMN 17 PEAK WIND IN M.P.H.
PRELIMINARY LOCAL CLIMATOLOGICAL DATA (WS FORM: F-6) , PAGE 2
STATION: WAXAHACHIE
MONTH: JULY
YEAR: 2021
LATITUDE: 32 27 N
LONGITUDE: 96 54 W
[TEMPERATURE DATA] [PRECIPITATION DATA] SYMBOLS USED IN COLUMN 16
AVERAGE MONTHLY: 81.6 TOTAL FOR MONTH: 1.80 1 = FOG OR MIST
DPTR FM NORMAL: -2.0 DPTR FM NORMAL: -0.86 2 = FOG REDUCING VISIBILITY
HIGHEST: 99 ON 31,27 GRTST 24HR 1.20 ON 11-11 TO 1/4 MILE OR LESS
LOWEST: 67 ON 14 3 = THUNDER
SNOW, ICE PELLETS, HAIL 4 = ICE PELLETS
TOTAL MONTH: M 5 = HAIL
GRTST 24HR M ON M 6 = FREEZING RAIN OR DRIZZLE
GRTST DEPTH: M ON M 7 = DUSTSTORM OR SANDSTORM:
VSBY 1/2 MILE OR LESS
8 = SMOKE OR HAZE
[NO. OF DAYS WITH] [WEATHER - DAYS WITH] 9 = BLOWING SNOW
X = TORNADO
MAX 32 OR BELOW: 0 0.01 INCH OR MORE: 8
MAX 90 OR ABOVE: 23 0.10 INCH OR MORE: 3
MIN 32 OR BELOW: 0 0.50 INCH OR MORE: 1
MIN 0 OR BELOW: 0 1.00 INCH OR MORE: 1
[HDD (BASE 65) ]
TOTAL THIS MO. 0 CLEAR (SCALE 0-3) 7
DPTR FM NORMAL 0 PTCLDY (SCALE 4-7) 21
TOTAL FM JUL 1 0 CLOUDY (SCALE 8-10) 3
DPTR FM NORMAL 0
[CDD (BASE 65) ]
TOTAL THIS MO. 525
DPTR FM NORMAL -52 [PRESSURE DATA]
TOTAL FM JAN 1 1243 HIGHEST SLP M ON M
DPTR FM NORMAL -111 LOWEST SLP M ON M
[REMARKS]
#FINAL-07-21#