000
CXUS53 KGRR 010910
CF6JXN
PRELIMINARY LOCAL CLIMATOLOGICAL DATA (WS FORM: F-6)
STATION: JACKSON
MONTH: MARCH
YEAR: 2022
LATITUDE: 42 16 N
LONGITUDE: 84 28 W
TEMPERATURE IN F: :PCPN: SNOW: WIND :SUNSHINE: SKY :PK WND
================================================================================
1 2 3 4 5 6A 6B 7 8 9 10 11 12 13 14 15 16 17 18
12Z AVG MX 2MIN
DY MAX MIN AVG DEP HDD CDD WTR SNW DPTH SPD SPD DIR MIN PSBL S-S WX SPD DR
================================================================================
1 48 29 39 8 26 0 0.00 M M 9.2 18 230 M M 2 25 230
2 45 21 33 2 32 0 T M M 6.9 17 310 M M 5 18 26 320
3 31 18 25 -6 40 0 0.00 M M 5.8 16 340 M M 1 31 360
4 42 16 29 -3 36 0 0.00 M M 3.4 10 100 M M 0 16 100
5 62 31 47 15 18 0 0.00 M M 10.5 21 180 M M 2 32 180
6 61 34 48 16 17 0 0.00 M M 15.4 35 220 M M 6 53 230
7 35 30 33 0 32 0 0.32 M M 8.9 16 280 M M 10 168 29 260
8 38 25 32 -1 33 0 T M M 7.5 16 200 M M 7 24 230
9 46 21 34 1 31 0 0.00 M M 6.0 21 240 M M 2 30 240
10 38 22 30 -4 35 0 0.01 M M 3.7 13 260 M M 6 18 18 250
11 29 21 25 -9 40 0 0.15 M M 8.5 23 240 M M 8 18 32 240
12 21 10 16 -18 49 0 T M M 10.4 22 270 M M 5 37 260
13 41 12 27 -8 38 0 0.02 M M 11.6 24 220 M M 4 1 35 250
14 57 28 43 8 22 0 0.00 M M 7.2 17 210 M M 3 27 210
15 54 30 42 6 23 0 T M M 3.4 12 280 M M 3 18 17 250
16 67 30 49 13 16 0 0.00 M M 4.6 18 180 M M 3 18 26 160
17 71 37 54 18 11 0 0.00 M M 5.4 18 220 M M 3 25 240
18 57 42 50 13 15 0 0.56 M M 8.5 17 40 M M 7 1 23 40
19 48 37 43 6 22 0 0.29 M M 8.7 20 240 M M 10 1 29 230
20 58 34 46 9 19 0 0.00 M M 6.7 15 250 M M 3 1 22 260
21 69 29 49 11 16 0 0.00 M M 5.9 16 90 M M 3 23 90
22 46 37 42 4 23 0 0.37 M M 13.5 24 90 M M 6 1 31 70
23 50 39 45 6 20 0 0.69 M M 12.7 25 90 M M 10 13 36 110
24 47 39 43 4 22 0 0.07 M M 13.6 24 200 M M 10 1 34 190
25 45 34 40 1 25 0 0.06 M M 11.5 22 230 M M 10 1 35 240
26 34 25 30 -10 35 0 0.02 M M 12.6 21 270 M M 10 1 34 260
27 30 17 24 -16 41 0 T M M 11.5 20 290 M M 7 32 310
28 31 16 24 -16 41 0 0.00 M M 7.6 17 310 M M 4 31 260
29 41 17 29 -12 36 0 0.04 M M 8.2 17 100 M M 4 6 25 110
30 58 31 45 4 20 0 0.08 M M 11.1 20 140 M M 9 6 31 90
31 63 32 48 6 17 0 0.07 M M 17.1 39 210 M M 10 18 54 220
================================================================================
SM 1463 844 851 0 2.75 M 277.6 M 173
================================================================================
AV 47.2 27.2 9.0 FASTST M M 6 MAX(MPH)
MISC ----> 39 210 54 220
================================================================================
NOTES:
# LAST OF SEVERAL OCCURRENCES
COLUMN 17 PEAK WIND IN M.P.H.
PRELIMINARY LOCAL CLIMATOLOGICAL DATA (WS FORM: F-6) , PAGE 2
STATION: JACKSON
MONTH: MARCH
YEAR: 2022
LATITUDE: 42 16 N
LONGITUDE: 84 28 W
[TEMPERATURE DATA] [PRECIPITATION DATA] SYMBOLS USED IN COLUMN 16
AVERAGE MONTHLY: 37.2 TOTAL FOR MONTH: 2.75 1 = FOG OR MIST
DPTR FM NORMAL: 1.2 DPTR FM NORMAL: 0.82 2 = FOG REDUCING VISIBILITY
HIGHEST: 71 ON 17 GRTST 24HR 0.98 ON 22-23 TO 1/4 MILE OR LESS
LOWEST: 10 ON 12 3 = THUNDER
SNOW, ICE PELLETS, HAIL 4 = ICE PELLETS
TOTAL MONTH: M 5 = HAIL
GRTST 24HR M ON M 6 = FREEZING RAIN OR DRIZZLE
GRTST DEPTH: M ON M 7 = DUSTSTORM OR SANDSTORM:
VSBY 1/2 MILE OR LESS
8 = SMOKE OR HAZE
[NO. OF DAYS WITH] [WEATHER - DAYS WITH] 9 = BLOWING SNOW
X = TORNADO
MAX 32 OR BELOW: 5 0.01 INCH OR MORE: 14
MAX 90 OR ABOVE: 0 0.10 INCH OR MORE: 6
MIN 32 OR BELOW: 22 0.50 INCH OR MORE: 2
MIN 0 OR BELOW: 0 1.00 INCH OR MORE: 0
[HDD (BASE 65) ]
TOTAL THIS MO. 851 CLEAR (SCALE 0-3) 8
DPTR FM NORMAL -49 PTCLDY (SCALE 4-7) 15
TOTAL FM JUL 1 5412 CLOUDY (SCALE 8-10) 8
DPTR FM NORMAL -257
[CDD (BASE 65) ]
TOTAL THIS MO. 0
DPTR FM NORMAL -1 [PRESSURE DATA]
TOTAL FM JAN 1 0 HIGHEST SLP 30.51 ON 4
DPTR FM NORMAL -1 LOWEST SLP 29.07 ON 31
[REMARKS]
#FINAL-03-22#