000
CXUS52 KTBW 041654
CF6LAL
PRELIMINARY LOCAL CLIMATOLOGICAL DATA (WS FORM: F-6)
STATION: LAKELAND LINDER
MONTH: JULY
YEAR: 2022
LATITUDE: 28 0 N
LONGITUDE: 82 3 W
TEMPERATURE IN F: :PCPN: SNOW: WIND :SUNSHINE: SKY :PK WND
================================================================================
1 2 3 4 5 6A 6B 7 8 9 10 11 12 13 14 15 16 17 18
12Z AVG MX 2MIN
DY MAX MIN AVG DEP HDD CDD WTR SNW DPTH SPD SPD DIR MIN PSBL S-S WX SPD DR
================================================================================
1 94 75 85 2 0 20 0.00 0.0 0 3.3 9 120 M M 3 3 M M
2 91 75 83 0 0 18 0.24 0.0 0 4.3 16 310 M M 3 13 23 310
3 92 75 84 1 0 19 0.01 0.0 0 4.1 13 270 M M 3 16 340
4 93 74 84 1 0 19 0.04 0.0 0 2.8 9 130 M M 3 3 M M
5 94 77 86 3 0 21 0.00 0.0 0 4.4 13 100 M M 3 M M
6 94 77 86 3 0 21 0.00 0.0 0 3.2 13 160 M M 4 21 160
7 95 76 86 3 0 21 0.10 0.0 0 4.1 12 200 M M 4 3 17 290
8 95 76 86 3 0 21 0.09 0.0 0 3.8 12 140 M M 2 3 M M
9 94 77 86 3 0 21 0.00 0.0 0 3.9 10 280 M M 3 21 280
10 92 77 85 2 0 20 0.00 0.0 0 4.6 9 300 M M 3 M M
11 91 77 84 1 0 19 0.52 0.0 0 5.1 17 250 M M 2 13 30 250
12 95 77 86 3 0 21 0.08 0.0 0 6.6 22 210 M M 2 25 290
13 95 78 87 4 0 22 0.00 0.0 0 3.3 14 330 M M 3 3 18 250
14 95 75 85 2 0 20 0.10 0.0 0 3.0 22 180 M M 2 3 30 180
15 93 71 82 -1 0 17 0.70 0.0 0 5.1 17 150 M M 2 3 29 150
16 91 71 81 -2 0 16 0.01 0.0 0 5.2 31 140 M M 3 3 43 140
17 92 73 83 0 0 18 2.00 0.0 0 4.3 12 300 M M 3 13 17 300
18 92 73 83 0 0 18 0.47 0.0 0 6.1 12 230 M M 3 3 16 230
19 92 76 84 1 0 19 0.04 0.0 0 2.6 9 240 M M 2 3 17 240
20 96 76 86 3 0 21 0.00 0.0 0 2.6 12 20 M M 3 M M
21 97 76 87 4 0 22 0.00 0.0 0 2.8 12 330 M M 4 M M
22 95 76 86 3 0 21 0.13 0.0 0 3.3 12 90 M M 3 3 M M
23 92 75 84 0 0 19 0.27 0.0 0 4.1 13 130 M M 3 3 22 130
24 94 77 86 2 0 21 0.00 0.0 0 5.9 12 140 M M 3 M M
25 94 77 86 2 0 21 0.00 0.0 0 5.0 9 100 M M 1 M M
26 93 77 85 1 0 20 0.02 0.0 0 5.1 15 140 M M 3 3 27 140
27 94 74 84 0 0 19 0.13 0.0 0 5.6 16 160 M M 3 3 24 170
28 95 77 86 2 0 21 0.00 0.0 0 3.5 9 150 M M 2 M M
29 95 76 86 2 0 21 0.00 0.0 0 4.7 12 70 M M 2 M M
30 95 77 86 2 0 21 0.00 0.0 0 4.9 12 160 M M 2 M M
31 95 77 86 2 0 21 0.00 0.0 0 5.9 13 120 M M 3 M M
================================================================================
SM 2905 2345 0 619 4.95 0.0 133.2 M 85
================================================================================
AV 93.7 75.6 4.3 FASTST M M 3 MAX(MPH)
MISC ----> 31 140 43 140
================================================================================
NOTES:
# LAST OF SEVERAL OCCURRENCES
COLUMN 17 PEAK WIND IN M.P.H.
PRELIMINARY LOCAL CLIMATOLOGICAL DATA (WS FORM: F-6) , PAGE 2
STATION: LAKELAND LINDER
MONTH: JULY
YEAR: 2022
LATITUDE: 28 0 N
LONGITUDE: 82 3 W
[TEMPERATURE DATA] [PRECIPITATION DATA] SYMBOLS USED IN COLUMN 16
AVERAGE MONTHLY: 84.7 TOTAL FOR MONTH: 4.95 1 = FOG OR MIST
DPTR FM NORMAL: 1.5 DPTR FM NORMAL: -3.90 2 = FOG REDUCING VISIBILITY
HIGHEST: 97 ON 21 GRTST 24HR 2.00 ON 17-17 TO 1/4 MILE OR LESS
LOWEST: 71 ON 16,15 3 = THUNDER
SNOW, ICE PELLETS, HAIL 4 = ICE PELLETS
TOTAL MONTH: 0.0 INCH 5 = HAIL
GRTST 24HR 0.0 6 = FREEZING RAIN OR DRIZZLE
GRTST DEPTH: 0 7 = DUSTSTORM OR SANDSTORM:
VSBY 1/2 MILE OR LESS
8 = SMOKE OR HAZE
[NO. OF DAYS WITH] [WEATHER - DAYS WITH] 9 = BLOWING SNOW
X = TORNADO
MAX 32 OR BELOW: 0 0.01 INCH OR MORE: 17
MAX 90 OR ABOVE: 31 0.10 INCH OR MORE: 10
MIN 32 OR BELOW: 0 0.50 INCH OR MORE: 3
MIN 0 OR BELOW: 0 1.00 INCH OR MORE: 1
[HDD (BASE 65) ]
TOTAL THIS MO. 0 CLEAR (SCALE 0-3) 26
DPTR FM NORMAL 0 PTCLDY (SCALE 4-7) 5
TOTAL FM JUL 1 0 CLOUDY (SCALE 8-10) 0
DPTR FM NORMAL 0
[CDD (BASE 65) ]
TOTAL THIS MO. 619
DPTR FM NORMAL 50 [PRESSURE DATA]
TOTAL FM JAN 1 2270 HIGHEST SLP M ON M
DPTR FM NORMAL 234 LOWEST SLP M ON M
[REMARKS]
#FINAL-07-22#