000
CXUS55 KCYS 050224
CLMLAR
CLIMATE REPORT
NATIONAL WEATHER SERVICE CHEYENNE WY
824 PM MDT MON SEP 04 2023
...................................
...THE LARAMIE WYOMING AIRPORT CLIMATE SUMMARY FOR THE MONTH OF AUGUST 2023...
CLIMATE NORMAL PERIOD 1991 TO 2020
CLIMATE RECORD PERIOD 1948 TO 2023
WEATHER OBSERVED NORMAL DEPART LAST YEAR`S
VALUE DATE(S) VALUE FROM VALUE DATE(S)
NORMAL
................................................................
TEMPERATURE (F)
RECORD
HIGH 94 08/05/1979
LOW 28 08/19/1978
HIGHEST 90 08/21 MM MM 90
LOWEST 35 08/14 MM MM 43
AVG. MAXIMUM 79.8 79.0 0.8 81.9
AVG. MINIMUM 49.0 46.5 2.5 49.9
MEAN 64.4 62.8 1.6 65.9
DAYS MAX >= 90 1 0.1 0.9 2
DAYS MAX <= 32 0 0.0 0.0 0
DAYS MIN <= 32 0 0.1 -0.1 0
DAYS MIN <= 0 0 0.0 0.0 0
PRECIPITATION (INCHES)
RECORD
MAXIMUM 3.58 1958
TOTALS 0.92 1.14 -0.22 1.69
DAYS >= .01 10 9.4 0.6 7
DAYS >= .10 6 3.8 2.2 6
DAYS >= .50 0 0.2 -0.2 1
DAYS >= 1.00 0 0.1 -0.1 0
GREATEST
24 HR. TOTAL 0.28 08/24 TO 08/25 0.62 08/24 TO 08/24
DEGREE DAYS
HEATING TOTAL 75 94 -19 28
SINCE 7/1 125 149 -24 MM
COOLING TOTAL 64 24 40 64
SINCE 1/1 136 83 53 MM
................................................................
WIND (MPH)
AVERAGE WIND SPEED 10.1
HIGHEST WIND SPEED/DIRECTION 44/280 DATE 08/08
HIGHEST GUST SPEED/DIRECTION 57/280 DATE 08/08
SKY COVER
POSSIBLE SUNSHINE (PERCENT) MM
AVERAGE SKY COVER 0.23
NUMBER OF DAYS FAIR 25
NUMBER OF DAYS PC 4
NUMBER OF DAYS CLOUDY 2
AVERAGE RH (PERCENT) 54
WEATHER CONDITIONS. NUMBER OF DAYS WITH
THUNDERSTORM 12 MIXED PRECIP 0
HEAVY RAIN 4 RAIN 6
LIGHT RAIN 15 FREEZING RAIN 0
LT FREEZING RAIN 0 HAIL 0
HEAVY SNOW 0 SNOW 0
LIGHT SNOW 0 SLEET 0
FOG 7 FOG W/VIS <= 1/4 MILE 2
HAZE 0
- INDICATES NEGATIVE NUMBERS.
R INDICATES RECORD WAS SET OR TIED.
MM INDICATES DATA IS MISSING.
T INDICATES TRACE AMOUNT.
$$