000
CXUS55 KVEF 011010
CF6LAS
PRELIMINARY LOCAL CLIMATOLOGICAL DATA (WS FORM: F-6)
STATION: LAS VEGAS NV
MONTH: FEBRUARY
YEAR: 2023
LATITUDE: 36 4 N
LONGITUDE: 115 10 W
TEMPERATURE IN F: :PCPN: SNOW: WIND :SUNSHINE: SKY :PK WND
================================================================================
1 2 3 4 5 6A 6B 7 8 9 10 11 12 13 14 15 16 17 18
12Z AVG MX 2MIN
DY MAX MIN AVG DEP HDD CDD WTR SNW DPTH SPD SPD DIR MIN PSBL S-S WX SPD DR
================================================================================
1 55 30 43 -8 22 0 0.00 0.0 0 3.5 9 50 M M 1 11 40
2 59 36 48 -3 17 0 0.00 0.0 0 3.3 9 60 M M 4 14 50
3 59 41 50 -1 15 0 0.00 0.0 0 3.5 9 90 M M 9 12 90
4 62 39 51 -1 14 0 0.00 0.0 0 3.5 8 60 M M 5 11 70
5 64 43 54 2 11 0 0.00 0.0 0 11.4 26 260 M M 4 40 220
6 59 45 52 0 13 0 0.00 0.0 0 14.7 26 350 M M 3 39 350
7 59 45 52 0 13 0 0.00 0.0 0 10.7 25 340 M M 1 33 330
8 64 41 53 1 12 0 0.00 0.0 0 2.8 7 240 M M 3 11 90
9 57 43 50 -2 15 0 0.00 0.0 0 9.2 25 60 M M 0 35 50
10 60 37 49 -3 16 0 0.00 0.0 0 4.1 13 30 M M 2 18 10
11 63 43 53 0 12 0 0.00 0.0 0 5.6 18 80 M M 6 22 80
12 66 43 55 2 10 0 0.00 0.0 0 10.5 23 40 M M 7 28 50
13 66 46 56 3 9 0 0.00 0.0 0 7.4 17 200 M M 4 28 220
14 55 38 47 -6 18 0 T T 0 13.5 39 340 M M 6 8 60 350
15 54 37 46 -7 19 0 0.00 0.0 0 15.6 26 320 M M 2 37 340
16 50 33 42 -12 23 0 0.00 0.0 0 6.6 14 80 M M 2 17 30
17 55 37 46 -8 19 0 0.00 0.0 0 5.9 17 40 M M 9 23 80
18 61 37 49 -5 16 0 0.00 0.0 0 2.5 9 60 M M 5 15 70
19 65 40 53 -1 12 0 0.00 0.0 0 3.6 8 60 M M 3 12 50
20 68 41 55 1 10 0 0.00 0.0 0 3.7 9 50 M M 3 12 40
21 70 45 58 3 7 0 0.00 0.0 0 13.6 41 220 M M 5 78 63 220
22 50 37 44 -11 21 0 0.01 T 0 12.9 31 260 M M 6 7 42 250
23 49 36 43 -12 22 0 0.01 T 0 12.8 28 220 M M 5 47 210
24 51 34 43 -13 22 0 0.00 0.0 0 5.5 16 70 M M 7 22 140
25 61 40 51 -5 14 0 0.24 0.0 0 7.0 22 220 M M 9 1 34 220
26 51 37 44 -12 21 0 0.00 0.0 0 8.9 17 200 M M 4 25 200
27 58 41 50 -6 15 0 T 0.0 0 13.7 25 220 M M 5 42 230
28 55 43 49 -8 16 0 T 0.0 0 11.3 22 230 M M 7 33 230
================================================================================
SM 1646 1108 434 0 0.26 T 227.3 M 127
================================================================================
AV 58.8 39.6 8.1 FASTST M M 5 MAX(MPH)
MISC ----> 41 220 63 220
================================================================================
NOTES:
# LAST OF SEVERAL OCCURRENCES
COLUMN 17 PEAK WIND IN M.P.H.
PRELIMINARY LOCAL CLIMATOLOGICAL DATA (WS FORM: F-6) , PAGE 2
STATION: LAS VEGAS NV
MONTH: FEBRUARY
YEAR: 2023
LATITUDE: 36 4 N
LONGITUDE: 115 10 W
[TEMPERATURE DATA] [PRECIPITATION DATA] SYMBOLS USED IN COLUMN 16
AVERAGE MONTHLY: 49.2 TOTAL FOR MONTH: 0.26 1 = FOG OR MIST
DPTR FM NORMAL: -4.3 DPTR FM NORMAL: -0.54 2 = FOG REDUCING VISIBILITY
HIGHEST: 70 ON 21 GRTST 24HR 0.24 ON 25-25 TO 1/4 MILE OR LESS
LOWEST: 30 ON 1 3 = THUNDER
SNOW, ICE PELLETS, HAIL 4 = ICE PELLETS
TOTAL MONTH: T 5 = HAIL
GRTST 24HR T ON 14-14 6 = FREEZING RAIN OR DRIZZLE
GRTST DEPTH: 0 7 = DUSTSTORM OR SANDSTORM:
VSBY 1/2 MILE OR LESS
8 = SMOKE OR HAZE
[NO. OF DAYS WITH] [WEATHER - DAYS WITH] 9 = BLOWING SNOW
X = TORNADO
MAX 32 OR BELOW: 0 0.01 INCH OR MORE: 3
MAX 90 OR ABOVE: 0 0.10 INCH OR MORE: 1
MIN 32 OR BELOW: 1 0.50 INCH OR MORE: 0
MIN 0 OR BELOW: 0 1.00 INCH OR MORE: 0
[HDD (BASE 65) ]
TOTAL THIS MO. 434 CLEAR (SCALE 0-3) 8
DPTR FM NORMAL 111 PTCLDY (SCALE 4-7) 17
TOTAL FM JUL 1 1905 CLOUDY (SCALE 8-10) 3
DPTR FM NORMAL 300
[CDD (BASE 65) ]
TOTAL THIS MO. 0
DPTR FM NORMAL -1 [PRESSURE DATA]
TOTAL FM JAN 1 0 HIGHEST SLP M ON M
DPTR FM NORMAL 0 LOWEST SLP 29.08 ON 21
[REMARKS]
#FINAL-02-23#