000
CXUS55 KLBF 011410
CF6LBF
PRELIMINARY LOCAL CLIMATOLOGICAL DATA (WS FORM: F-6)
STATION: NORTH PLATTE
MONTH: MARCH
YEAR: 2023
LATITUDE: 41 7 N
LONGITUDE: 100 41 W
TEMPERATURE IN F: :PCPN: SNOW: WIND :SUNSHINE: SKY :PK WND
================================================================================
1 2 3 4 5 6A 6B 7 8 9 10 11 12 13 14 15 16 17 18
12Z AVG MX 2MIN
DY MAX MIN AVG DEP HDD CDD WTR SNW DPTH SPD SPD DIR MIN PSBL S-S WX SPD DR
================================================================================
1 44 20 32 -2 33 0 0.00 0.0 0 9.3 22 290 M M 4 31 290
2 45 21 33 -1 32 0 0.00 0.0 0 4.9 15 250 M M 5 1 20 290
3 55 21 38 4 27 0 0.00 0.0 0 8.6 23 340 M M 2 18 33 330
4 47 23 35 0 30 0 0.00 0.0 0 9.2 20 310 M M 1 27 330
5 57 31 44 9 21 0 0.00 0.0 0 9.8 21 120 M M 3 28 120
6 38 27 33 -3 32 0 0.00 0.0 0 11.2 22 10 M M 9 29 10
7 30 27 29 -7 36 0 0.00 0.0 0 8.1 17 80 M M 10 18 22 80
8 31 27 29 -7 36 0 T 0.0 0 8.7 14 60 M M 10 18 18 20
9 38 19 29 -8 36 0 0.12 1.3 0 6.9 21 330 M M 8 12 27 330
10 37 15 26 -11 39 0 T 0.0 0 9.9 21 110 M M 3 1 29 120
11 56 26 41 3 24 0 0.03 T 0 8.7 22 310 M M 4 16 29 330
12 39 17 28 -10 37 0 0.00 0.0 0 11.7 22 320 M M 1 38 310
13 42 13 28 -11 37 0 0.00 0.0 0 7.5 17 180 M M 4 23 180
14 66 28 47 8 18 0 0.00 0.0 0 14.8 23 160 M M 0 31 170
15 74 37 56 17 9 0 0.01 0.0 0 9.6 33 360 M M 1 43 360
16 42 22 32 -8 33 0 0.17 0.6 T 19.9 33 360 M M 7 16 45 340
17 43 16 30 -10 35 0 T T 0 14.3 31 300 M M 4 8 46 290
18 34 12 23 -18 42 0 0.00 0.0 0 9.8 22 360 M M 0 38 340
19 61 13 37 -4 28 0 0.00 0.0 0 11.4 25 210 M M 0 38 220
20 56 21 39 -2 26 0 0.00 0.0 0 9.5 20 110 M M 0 33 70
21 54 25 40 -2 25 0 0.00 0.0 0 4.4 17 360 M M 3 22 10
22 54 24 39 -3 26 0 T 0.0 0 11.8 25 30 M M 5 35 30
23 54 19 37 -5 28 0 0.00 0.0 0 5.3 15 180 M M 2 1 21 180
24 50 26 38 -5 27 0 0.00 0.0 0 6.7 18 160 M M 4 26 160
25 49 23 36 -7 29 0 0.02 T 0 6.9 18 30 M M 9 1268 30 100
26 38 16 27 -16 38 0 T T 0 6.9 16 10 M M 8 1 22 10
27 39 14 27 -17 38 0 0.03 0.2 0 4.8 13 110 M M 6 1 18 90
28 49 12 31 -13 34 0 0.00 0.0 0 9.4 21 210 M M 0 18 30 240
29 45 20 33 -11 32 0 0.00 0.0 0 12.9 25 50 M M 0 33 80
30 62 22 42 -2 23 0 0.00 0.0 0 5.9 18 10 M M 1 25 10
31 50 30 40 -5 25 0 0.03 T 0 20.3 40 310 M M 8 1 55 310
================================================================================
SM 1479 667 936 0 0.41 2.1 299.1 M 122
================================================================================
AV 47.7 21.5 9.6 FASTST M M 4 MAX(MPH)
MISC ----> 40 310 55 310
================================================================================
NOTES:
# LAST OF SEVERAL OCCURRENCES
COLUMN 17 PEAK WIND IN M.P.H.
PRELIMINARY LOCAL CLIMATOLOGICAL DATA (WS FORM: F-6) , PAGE 2
STATION: NORTH PLATTE
MONTH: MARCH
YEAR: 2023
LATITUDE: 41 7 N
LONGITUDE: 100 41 W
[TEMPERATURE DATA] [PRECIPITATION DATA] SYMBOLS USED IN COLUMN 16
AVERAGE MONTHLY: 34.6 TOTAL FOR MONTH: 0.41 1 = FOG OR MIST
DPTR FM NORMAL: -5.0 DPTR FM NORMAL: -0.59 2 = FOG REDUCING VISIBILITY
HIGHEST: 74 ON 15 GRTST 24HR 0.18 ON 15-16 TO 1/4 MILE OR LESS
LOWEST: 12 ON 28,18 3 = THUNDER
SNOW, ICE PELLETS, HAIL 4 = ICE PELLETS
TOTAL MONTH: 2.1 INCHES 5 = HAIL
GRTST 24HR 1.3 ON 9- 9 6 = FREEZING RAIN OR DRIZZLE
GRTST DEPTH: T 7 = DUSTSTORM OR SANDSTORM:
VSBY 1/2 MILE OR LESS
8 = SMOKE OR HAZE
[NO. OF DAYS WITH] [WEATHER - DAYS WITH] 9 = BLOWING SNOW
X = TORNADO
MAX 32 OR BELOW: 2 0.01 INCH OR MORE: 7
MAX 90 OR ABOVE: 0 0.10 INCH OR MORE: 2
MIN 32 OR BELOW: 30 0.50 INCH OR MORE: 0
MIN 0 OR BELOW: 0 1.00 INCH OR MORE: 0
[HDD (BASE 65) ]
TOTAL THIS MO. 936 CLEAR (SCALE 0-3) 13
DPTR FM NORMAL 147 PTCLDY (SCALE 4-7) 14
TOTAL FM JUL 1 5877 CLOUDY (SCALE 8-10) 4
DPTR FM NORMAL 289
[CDD (BASE 65) ]
TOTAL THIS MO. 0
DPTR FM NORMAL 0 [PRESSURE DATA]
TOTAL FM JAN 1 0 HIGHEST SLP 30.52 ON 18
DPTR FM NORMAL 0 LOWEST SLP 29.32 ON 30
[REMARKS]
#FINAL-03-23#