000
CXUS53 KLBF 011510
CF6LBF
PRELIMINARY LOCAL CLIMATOLOGICAL DATA (WS FORM: F-6)
STATION: NORTH PLATTE
MONTH: JANUARY
YEAR: 2024
LATITUDE: 41 7 N
LONGITUDE: 100 41 W
TEMPERATURE IN F: :PCPN: SNOW: WIND :SUNSHINE: SKY :PK WND
================================================================================
1 2 3 4 5 6A 6B 7 8 9 10 11 12 13 14 15 16 17 18
12Z AVG MX 2MIN
DY MAX MIN AVG DEP HDD CDD WTR SNW DPTH SPD SPD DIR MIN PSBL S-S WX SPD DR
================================================================================
1 42 14 28 2 37 0 0.00 0.0 T 3.5 15 200 M M 4 1 18 200
2 44 19 32 6 33 0 0.00 0.0 T 4.2 12 220 M M 0 15 220
3 43 15 29 3 36 0 0.00 0.0 T 6.0 12 30 M M 1 1 16 40
4 32 23 28 2 37 0 T 0.0 0 8.2 14 170 M M 10 1 19 130
5 36 27 32 6 33 0 0.03 T 0 3.8 14 170 M M 10 1 19 170
6 38 13 26 0 39 0 T T 0 9.9 23 320 M M 4 34 330
7 36 11 24 -2 41 0 0.00 0.0 0 8.6 22 110 M M 4 29 100
8 32 19 26 0 39 0 0.07 1.0 0 17.4 29 350 M M 10 18 42 350
9 37 3 20 -6 45 0 0.00 0.0 1 8.6 25 340 M M 3 36 340
10 44 16 30 4 35 0 0.00 0.0 T 8.5 29 310 M M 2 38 310
11 22 8 15 -11 50 0 0.04 1.3 0 14.2 25 40 M M 8 8 35 40
12 10 -5 3 -23 62 0 0.02 0.3 1 9.4 18 360 M M 3 8 32 10
13 -1 -19 -10 -36 75 0 0.04 0.6 2 14.5 28 330 M M 4 8 39 330
14 5 -17 -6 -32 71 0 0.00 0.0 2 5.3 12 350 M M 3 17 300
15 0 -14 -7 -33 72 0 0.08 1.6 2 12.6 26 300 M M 6 8 35 330
16 17 -20 -1 -27 66 0 0.00 0.0 2 9.2 18 270 M M 0 23 270
17 27 0 14 -12 51 0 0.00 0.0 1 4.6 14 80 M M 10 18 90
18 28 0 14 -12 51 0 T T 1 M 32 340 M M M 42 340
19 18 -11 4 -22 61 0 0.00 0.0 1 M 17 320 M M M 23 300
20 20 -8 6 -20 59 0 0.00 0.0 1 9.4 20 180 M M M 31 150
21 31 11 21 -5 44 0 0.00 0.0 1 7.7 16 170 M M 0 23 190
22 51 13 32 6 33 0 0.00 0.0 1 2.5 10 120 M M 0 12 100
23 32 27 30 4 35 0 0.00 0.0 0 4.6 10 220 M M 9 12 14 160
24 36 29 33 7 32 0 0.00 0.0 0 5.7 14 260 M M 9 12 16 250
25 53 20 37 10 28 0 0.00 0.0 0 3.8 10 210 M M 2 12 12 210
26 53 20 37 10 28 0 0.00 0.0 0 3.5 13 350 M M 2 1 17 330
27 50 20 35 8 30 0 0.00 0.0 0 4.3 9 250 M M 1 13 290
28 59 17 38 11 27 0 0.00 0.0 0 5.4 14 310 M M 1 128 18 320
29 65 25 45 18 20 0 0.00 0.0 0 8.2 17 330 M M 0 25 310
30 62 25 44 17 21 0 0.00 0.0 0 5.7 12 280 M M 0 14 290
31 68 23 46 19 19 0 0.00 0.0 0 3.6 9 290 M M 0 1 11 290
================================================================================
SM 1090 304 1310 0 0.28 4.8 212.9 M 106
================================================================================
AV 35.2 9.8 7.3 FASTST M M 4 MAX(MPH)
MISC ----> 32 340 # 42 350
================================================================================
NOTES:
# LAST OF SEVERAL OCCURRENCES
COLUMN 17 PEAK WIND IN M.P.H.
PRELIMINARY LOCAL CLIMATOLOGICAL DATA (WS FORM: F-6) , PAGE 2
STATION: NORTH PLATTE
MONTH: JANUARY
YEAR: 2024
LATITUDE: 41 7 N
LONGITUDE: 100 41 W
[TEMPERATURE DATA] [PRECIPITATION DATA] SYMBOLS USED IN COLUMN 16
AVERAGE MONTHLY: 22.5 TOTAL FOR MONTH: 0.28 1 = FOG OR MIST
DPTR FM NORMAL: -3.8 DPTR FM NORMAL: -0.11 2 = FOG REDUCING VISIBILITY
HIGHEST: 68 ON 31 GRTST 24HR 0.08 ON 15-15 TO 1/4 MILE OR LESS
LOWEST: -20 ON 16 3 = THUNDER
SNOW, ICE PELLETS, HAIL 4 = ICE PELLETS
TOTAL MONTH: 4.8 INCHES 5 = HAIL
GRTST 24HR 1.6 ON 15-15 6 = FREEZING RAIN OR DRIZZLE
GRTST DEPTH: 2 ON 16,15 7 = DUSTSTORM OR SANDSTORM:
VSBY 1/2 MILE OR LESS
8 = SMOKE OR HAZE
[NO. OF DAYS WITH] [WEATHER - DAYS WITH] 9 = BLOWING SNOW
X = TORNADO
MAX 32 OR BELOW: 14 0.01 INCH OR MORE: 6
MAX 90 OR ABOVE: 0 0.10 INCH OR MORE: 0
MIN 32 OR BELOW: 31 0.50 INCH OR MORE: 0
MIN 0 OR BELOW: 9 1.00 INCH OR MORE: 0
[HDD (BASE 65) ]
TOTAL THIS MO. 1310 CLEAR (SCALE 0-3) 15
DPTR FM NORMAL 110 PTCLDY (SCALE 4-7) 7
TOTAL FM JUL 1 3543 CLOUDY (SCALE 8-10) 9
DPTR FM NORMAL -258
[CDD (BASE 65) ]
TOTAL THIS MO. 0
DPTR FM NORMAL 0 [PRESSURE DATA]
TOTAL FM JAN 1 0 HIGHEST SLP 30.73 ON 19
DPTR FM NORMAL 0 LOWEST SLP 29.43 ON 10
[REMARKS]
#FINAL-01-24#