000
CXUS52 KMLB 012054
CF6LEE
PRELIMINARY LOCAL CLIMATOLOGICAL DATA (WS FORM: F-6)
STATION: LEESBURG
MONTH: JANUARY
YEAR: 2024
LATITUDE: 28 49 N
LONGITUDE: 81 49 W
TEMPERATURE IN F: :PCPN: SNOW: WIND :SUNSHINE: SKY :PK WND
================================================================================
1 2 3 4 5 6A 6B 7 8 9 10 11 12 13 14 15 16 17 18
12Z AVG MX 2MIN
DY MAX MIN AVG DEP HDD CDD WTR SNW DPTH SPD SPD DIR MIN PSBL S-S WX SPD DR
================================================================================
1 71 43 57 -3 8 0 0.00 0.0 0 3.4 12 260 M M 4 12 21 240
2 62 45 54 -6 11 0 0.00 0.0 0 6.8 13 360 M M 0 18 10
3 67 44 56 -4 9 0 0.03 0.0 0 4.1 13 160 M M 2 1 18 130
4 63 47 55 -4 10 0 0.22 0.0 0 7.8 17 360 M M 5 1 24 350
5 73 44 59 0 6 0 0.00 0.0 0 9.0 17 90 M M 1 25 130
6 79 62 71 12 0 6 0.25 0.0 0 11.1 22 180 M M 6 1 31 160
7 69 50 60 1 5 0 0.02 0.0 0 7.4 13 300 M M 2 1 20 310
8 66 48 57 -2 8 0 0.00 0.0 0 8.7 20 120 M M 2 32 120
9 77 57 67 8 0 2 0.57 0.0 0 13.8 29 290 M M 8 13 48 290
10 62 45 54 -5 11 0 0.00 0.0 0 7.8 17 310 M M 2 27 310
11 63 43 53 -6 12 0 T 0.0 0 3.6 12 110 M M 4 15 70
12 77 55 66 7 0 1 0.43 0.0 0 7.0 16 190 M M 9 12 23 200
13 75 50 63 4 2 0 0.08 0.0 0 8.9 22 220 M M 3 1 37 230
14 59 46 53 -6 12 0 0.00 0.0 0 5.7 14 20 M M 0 8 20 20
15 73 45 59 0 6 0 0.08 0.0 0 2.3 8 60 M M 8 18 12 50
16 74 57 66 7 0 1 0.23 0.0 0 7.3 25 220 M M 9 123 38 220
17 57 39 48 -11 17 0 0.00 0.0 0 8.5 16 330 M M 2 25 330
18 64 41 53 -6 12 0 0.05 0.0 0 4.0 12 290 M M 8 1 18 290
19 74 50 62 3 3 0 0.03 0.0 0 5.2 17 320 M M 5 1 26 300
20 57 39 48 -11 17 0 0.00 0.0 0 9.5 15 360 M M 0 23 350
21 58 34 46 -13 19 0 0.00 0.0 0 12.6 22 40 M M 0 29 20
22 69 42 56 -3 9 0 T 0.0 0 7.1 18 100 M M 3 18 29 110
23 75 58 67 8 0 2 T 0.0 0 7.9 15 100 M M 6 1 22 100
24 80 62 71 11 0 6 0.00 0.0 0 7.0 16 130 M M 3 23 110
25 82 60 71 11 0 6 0.00 0.0 0 4.3 14 150 M M 4 12 21 150
26 81 66 74 14 0 9 0.00 0.0 0 3.4 13 170 M M 5 17 170
27 84 62 73 13 0 8 0.01 0.0 0 5.9 16 180 M M 3 13 24 180
28 71 53 62 2 3 0 T 0.0 0 10.8 20 270 M M 4 1 29 280
29 63 45 54 -6 11 0 0.00 0.0 0 8.2 16 340 M M 0 26 340
30 67 43 55 -5 10 0 0.00 0.0 0 4.8 13 270 M M 0 1 18 280
31 71 46 59 -1 6 0 0.00 0.0 0 6.5 17 290 M M 0 32 290
================================================================================
SM 2163 1521 207 41 2.00 0.0 220.4 M 108
================================================================================
AV 69.8 49.1 7.1 FASTST M M 3 MAX(MPH)
MISC ----> 29 290 48 290
================================================================================
NOTES:
# LAST OF SEVERAL OCCURRENCES
COLUMN 17 PEAK WIND IN M.P.H.
PRELIMINARY LOCAL CLIMATOLOGICAL DATA (WS FORM: F-6) , PAGE 2
STATION: LEESBURG
MONTH: JANUARY
YEAR: 2024
LATITUDE: 28 49 N
LONGITUDE: 81 49 W
[TEMPERATURE DATA] [PRECIPITATION DATA] SYMBOLS USED IN COLUMN 16
AVERAGE MONTHLY: 59.4 TOTAL FOR MONTH: 2.00 1 = FOG OR MIST
DPTR FM NORMAL: 0.0 DPTR FM NORMAL: -0.51 2 = FOG REDUCING VISIBILITY
HIGHEST: 84 ON 27 GRTST 24HR 0.57 ON 9-9 TO 1/4 MILE OR LESS
LOWEST: 34 ON 21 3 = THUNDER
SNOW, ICE PELLETS, HAIL 4 = ICE PELLETS
TOTAL MONTH: 0.0 INCH 5 = HAIL
GRTST 24HR 0.0 6 = FREEZING RAIN OR DRIZZLE
GRTST DEPTH: 0 7 = DUSTSTORM OR SANDSTORM:
VSBY 1/2 MILE OR LESS
8 = SMOKE OR HAZE
[NO. OF DAYS WITH] [WEATHER - DAYS WITH] 9 = BLOWING SNOW
X = TORNADO
MAX 32 OR BELOW: 0 0.01 INCH OR MORE: 12
MAX 90 OR ABOVE: 0 0.10 INCH OR MORE: 5
MIN 32 OR BELOW: 0 0.50 INCH OR MORE: 1
MIN 0 OR BELOW: 0 1.00 INCH OR MORE: 0
[HDD (BASE 65) ]
TOTAL THIS MO. 207 CLEAR (SCALE 0-3) 16
DPTR FM NORMAL -5 PTCLDY (SCALE 4-7) 13
TOTAL FM JUL 1 384 CLOUDY (SCALE 8-10) 2
DPTR FM NORMAL -41
[CDD (BASE 65) ]
TOTAL THIS MO. 41
DPTR FM NORMAL 3 [PRESSURE DATA]
TOTAL FM JAN 1 41 HIGHEST SLP 30.51 ON 21
DPTR FM NORMAL 3 LOWEST SLP 29.65 ON 9
[REMARKS]
#FINAL-01-24#