000
CXUS52 KMLB 012032
CF6LEE
PRELIMINARY LOCAL CLIMATOLOGICAL DATA (WS FORM: F-6)
STATION: LEESBURG
MONTH: DECEMBER
YEAR: 2020
LATITUDE: 28 49 N
LONGITUDE: 81 49 W
TEMPERATURE IN F: :PCPN: SNOW: WIND :SUNSHINE: SKY :PK WND
================================================================================
1 2 3 4 5 6A 6B 7 8 9 10 11 12 13 14 15 16 17 18
12Z AVG MX 2MIN
DY MAX MIN AVG DEP HDD CDD WTR SNW DPTH SPD SPD DIR MIN PSBL S-S WX SPD DR
================================================================================
1 55 40 48 -16 17 0 0.00 0.0 0 8.9 18 330 M M 0 25 320
2 59 38 49 -15 16 0 0.00 0.0 0 7.2 16 360 M M 0 20 360
3 73 43 58 -6 7 0 0.00 0.0 0 5.2 13 110 M M 0 19 120
4 74 60 67 4 0 2 0.00 0.0 0 4.7 13 180 M M 5 17 180
5 70 50 60 -3 5 0 T 0.0 0 5.9 15 340 M M 3 18 350
6 69 49 59 -4 6 0 0.05 0.0 0 3.8 14 320 M M 3 17 310
7 63 50 57 -6 8 0 0.13 0.0 0 8.4 17 270 M M 6 1 25 270
8 57 40 49 -13 16 0 0.00 0.0 0 7.9 17 330 M M 0 22 350
9 62 40 51 -11 14 0 0.00 0.0 0 4.1 9 270 M M 0 15 360
10 70 45 58 -4 7 0 0.00 0.0 0 1.5 8 150 M M 0 1 13 150
11 72 46 59 -3 6 0 0.00 0.0 0 1.8 7 60 M M 0 1 10 150
12 72 51 62 0 3 0 0.00 0.0 0 1.2 10 190 M M 8 12 13 180
13 77 58 68 7 0 3 0.00 0.0 0 1.1 6 150 M M 5 12 8 320
14 79 60 70 9 0 5 T 0.0 0 8.1 16 260 M M 3 25 270
15 74 53 64 3 1 0 0.00 0.0 0 5.2 12 30 M M 3 14 360
16 72 57 65 4 0 0 0.32 0.0 0 5.6 14 140 M M 7 1 17 150
17 66 46 56 -5 9 0 0.00 0.0 0 9.6 16 290 M M 6 1 24 310
18 60 38 49 -11 16 0 0.00 0.0 0 8.3 15 10 M M 2 20 360
19 73 44 59 -1 6 0 0.00 0.0 0 6.4 13 30 M M 3 17 40
20 70 51 61 1 4 0 0.05 0.0 0 4.6 14 210 M M 5 1 19 210
21 69 52 61 1 4 0 T 0.0 0 6.9 22 270 M M 5 1 29 270
22 70 48 59 -1 6 0 0.00 0.0 0 4.5 10 330 M M 0 1 14 340
23 75 46 61 1 4 0 0.00 0.0 0 3.8 14 100 M M 0 1 17 100
24 80 49 65 6 0 0 0.32 0.0 0 9.9 29 290 M M 4 1 40 300
25 54 36 45 -14 20 0 0.03 0.0 0 11.4 22 290 M M 1 31 290
26 50 34 42 -17 23 0 0.00 0.0 0 5.2 12 10 M M 0 15 360
27 70 34 52 -7 13 0 0.00 0.0 0 5.2 13 40 M M 0 19 30
28 75 46 61 2 4 0 0.00 0.0 0 5.0 14 40 M M 2 1 17 40
29 74 49 62 3 3 0 0.00 0.0 0 6.0 16 60 M M 3 1 19 60
30 78 51 65 7 0 0 0.00 0.0 0 4.7 15 120 M M 6 1 20 140
31 81 64 73 15 0 8 T 0.0 0 8.1 16 150 M M 6 24 150
================================================================================
SM 2143 1468 218 18 0.90 0.0 180.2 M 86
================================================================================
AV 69.1 47.4 5.8 FASTST M M 3 MAX(MPH)
MISC ----> 29 290 40 300
================================================================================
NOTES:
# LAST OF SEVERAL OCCURRENCES
COLUMN 17 PEAK WIND IN M.P.H.
PRELIMINARY LOCAL CLIMATOLOGICAL DATA (WS FORM: F-6) , PAGE 2
STATION: LEESBURG
MONTH: DECEMBER
YEAR: 2020
LATITUDE: 28 49 N
LONGITUDE: 81 49 W
[TEMPERATURE DATA] [PRECIPITATION DATA] SYMBOLS USED IN COLUMN 16
AVERAGE MONTHLY: 58.2 TOTAL FOR MONTH: 0.90 1 = FOG OR MIST
DPTR FM NORMAL: -2.7 DPTR FM NORMAL: -1.62 2 = FOG REDUCING VISIBILITY
HIGHEST: 81 ON 31 GRTST 24HR 0.35 ON 24-25 TO 1/4 MILE OR LESS
LOWEST: 34 ON 27,26 3 = THUNDER
SNOW, ICE PELLETS, HAIL 4 = ICE PELLETS
TOTAL MONTH: 0.0 INCH 5 = HAIL
GRTST 24HR 0.0 6 = FREEZING RAIN OR DRIZZLE
GRTST DEPTH: 0 7 = DUSTSTORM OR SANDSTORM:
VSBY 1/2 MILE OR LESS
8 = SMOKE OR HAZE
[NO. OF DAYS WITH] [WEATHER - DAYS WITH] 9 = BLOWING SNOW
X = TORNADO
MAX 32 OR BELOW: 0 0.01 INCH OR MORE: 6
MAX 90 OR ABOVE: 0 0.10 INCH OR MORE: 3
MIN 32 OR BELOW: 0 0.50 INCH OR MORE: 0
MIN 0 OR BELOW: 0 1.00 INCH OR MORE: 0
[HDD (BASE 65) ]
TOTAL THIS MO. 218 CLEAR (SCALE 0-3) 15
DPTR FM NORMAL 38 PTCLDY (SCALE 4-7) 16
TOTAL FM JUL 1 224 CLOUDY (SCALE 8-10) 0
DPTR FM NORMAL -18
[CDD (BASE 65) ]
TOTAL THIS MO. 18
DPTR FM NORMAL -35 [PRESSURE DATA]
TOTAL FM JAN 1 4125 HIGHEST SLP 30.37 ON 18
DPTR FM NORMAL 792 LOWEST SLP 29.79 ON 7
[REMARKS]
#FINAL-12-20#