000
CXUS52 KMLB 011415
CF6LEE
PRELIMINARY LOCAL CLIMATOLOGICAL DATA (WS FORM: F-6)
STATION: LEESBURG
MONTH: NOVEMBER
YEAR: 2020
LATITUDE: 28 49 N
LONGITUDE: 81 49 W
TEMPERATURE IN F: :PCPN: SNOW: WIND :SUNSHINE: SKY :PK WND
================================================================================
1 2 3 4 5 6A 6B 7 8 9 10 11 12 13 14 15 16 17 18
12Z AVG MX 2MIN
DY MAX MIN AVG DEP HDD CDD WTR SNW DPTH SPD SPD DIR MIN PSBL S-S WX SPD DR
================================================================================
1 86 70 78 7 0 13 T 0.0 0 6.2 17 330 M M 7 22 330
2 72 55 64 -6 1 0 0.00 0.0 0 13.3 24 40 M M 1 31 40
3 77 52 65 -5 0 0 0.00 0.0 0 10.3 15 40 M M 1 21 30
4 82 57 70 0 0 5 0.00 0.0 0 8.1 17 60 M M 2 23 50
5 85 63 74 4 0 9 0.00 0.0 0 8.1 17 50 M M 1 25 60
6 84 66 75 6 0 10 0.00 0.0 0 8.7 17 60 M M 1 23 60
7 86 70 78 9 0 13 T 0.0 0 10.9 21 80 M M 2 8 29 90
8 81 72 77 8 0 12 0.02 0.0 0 12.2 23 70 M M 4 1 31 60
9 77 74 76 8 0 11 1.25 0.0 0 11.7 20 70 M M 10 1 29 60
10 84 73 79 11 0 14 0.97 0.0 0 9.5 22 180 M M 6 138 34 180
11 84 75 80 12 0 15 0.09 0.0 0 12.0 24 130 M M 6 1 34 140
12 82 72 77 9 0 12 1.28 0.0 0 13.6 31 180 M M 8 1 44 180
13 75 68 72 4 0 7 0.00 0.0 0 3.6 9 20 M M 7 1 14 340
14 82 67 75 8 0 10 0.00 0.0 0 6.5 14 40 M M 4 1 17 60
15 85 67 76 9 0 11 0.01 0.0 0 3.4 13 10 M M 6 1 16 140
16 77 62 70 3 0 5 0.00 0.0 0 5.1 13 50 M M 5 1 16 10
17 75 53 64 -3 1 0 0.00 0.0 0 8.3 17 10 M M 0 23 10
18 76 52 64 -2 1 0 0.00 0.0 0 12.7 26 40 M M 2 32 50
19 76 54 65 -1 0 0 0.01 0.0 0 7.8 21 50 M M 9 1 27 30
20 78 60 69 3 0 4 0.04 0.0 0 8.7 20 60 M M 5 18 25 70
21 80 65 73 7 0 8 T 0.0 0 9.0 20 60 M M 7 1 25 60
22 77 65 71 5 0 6 0.02 0.0 0 7.8 16 40 M M 9 18 19 50
23 78 58 68 2 0 3 0.01 0.0 0 6.4 16 340 M M 3 1 20 350
24 78 56 67 2 0 2 0.00 0.0 0 7.5 15 50 M M 1 21 350
25 82 63 73 8 0 8 0.00 0.0 0 5.3 14 120 M M 3 19 120
26 82 61 72 7 0 7 0.00 0.0 0 2.3 8 140 M M 1 11 140
27 82 64 73 8 0 8 0.00 0.0 0 2.4 8 170 M M 2 1 10 170
28 83 65 74 10 0 9 0.00 0.0 0 3.9 10 290 M M 4 20 210
29 79 66 73 9 0 8 0.00 0.0 0 4.0 12 180 M M 3 14 180
30 72 52 62 -2 3 0 0.67 0.0 0 11.8 21 290 M M 4 138 29 300
================================================================================
SM 2397 1897 6 210 4.37 0.0 241.1 M 124
================================================================================
AV 79.9 63.2 8.0 FASTST M M 4 MAX(MPH)
MISC ----> 31 180 44 180
================================================================================
NOTES:
# LAST OF SEVERAL OCCURRENCES
COLUMN 17 PEAK WIND IN M.P.H.
PRELIMINARY LOCAL CLIMATOLOGICAL DATA (WS FORM: F-6) , PAGE 2
STATION: LEESBURG
MONTH: NOVEMBER
YEAR: 2020
LATITUDE: 28 49 N
LONGITUDE: 81 49 W
[TEMPERATURE DATA] [PRECIPITATION DATA] SYMBOLS USED IN COLUMN 16
AVERAGE MONTHLY: 71.6 TOTAL FOR MONTH: 4.37 1 = FOG OR MIST
DPTR FM NORMAL: 4.5 DPTR FM NORMAL: 2.49 2 = FOG REDUCING VISIBILITY
HIGHEST: 86 ON 7, 1 GRTST 24HR 1.66 ON 9-10 TO 1/4 MILE OR LESS
LOWEST: 52 ON 30,18 3 = THUNDER
SNOW, ICE PELLETS, HAIL 4 = ICE PELLETS
TOTAL MONTH: 0.0 INCH 5 = HAIL
GRTST 24HR 0.0 6 = FREEZING RAIN OR DRIZZLE
GRTST DEPTH: 0 7 = DUSTSTORM OR SANDSTORM:
VSBY 1/2 MILE OR LESS
8 = SMOKE OR HAZE
[NO. OF DAYS WITH] [WEATHER - DAYS WITH] 9 = BLOWING SNOW
X = TORNADO
MAX 32 OR BELOW: 0 0.01 INCH OR MORE: 11
MAX 90 OR ABOVE: 0 0.10 INCH OR MORE: 4
MIN 32 OR BELOW: 0 0.50 INCH OR MORE: 4
MIN 0 OR BELOW: 0 1.00 INCH OR MORE: 2
[HDD (BASE 65) ]
TOTAL THIS MO. 6 CLEAR (SCALE 0-3) 13
DPTR FM NORMAL -49 PTCLDY (SCALE 4-7) 14
TOTAL FM JUL 1 6 CLOUDY (SCALE 8-10) 3
DPTR FM NORMAL -57
[CDD (BASE 65) ]
TOTAL THIS MO. 210
DPTR FM NORMAL 90 [PRESSURE DATA]
TOTAL FM JAN 1 4107 HIGHEST SLP 30.42 ON 19
DPTR FM NORMAL 827 LOWEST SLP 29.71 ON 12
[REMARKS]
#FINAL-11-20#