000
CXUS54 KSHV 011300
CF6LFK
PRELIMINARY LOCAL CLIMATOLOGICAL DATA (WS FORM: F-6)
STATION: LUFKIN
MONTH: SEPTEMBER
YEAR: 2023
LATITUDE: 31 14 N
LONGITUDE: 94 45 W
TEMPERATURE IN F: :PCPN: SNOW: WIND :SUNSHINE: SKY :PK WND
================================================================================
1 2 3 4 5 6A 6B 7 8 9 10 11 12 13 14 15 16 17 18
12Z AVG MX 2MIN
DY MAX MIN AVG DEP HDD CDD WTR SNW DPTH SPD SPD DIR MIN PSBL S-S WX SPD DR
================================================================================
1 98 69 84 3 0 19 0.00 0.0 0 5.4 13 360 M M 0 19 10
2 100 64 82 2 0 17 0.00 0.0 0 3.3 12 140 M M 0 15 130
3 97 73 85 5 0 20 0.11 0.0 0 3.9 12 180 M M 2 3 17 190
4 93 76 85 5 0 20 1.08 0.0 0 6.5 25 150 M M 2 13 36 160
5 97 77 87 7 0 22 0.03 0.0 0 7.0 14 180 M M 2 3 22 80
6 101 77 89 9 0 24 0.00 0.0 0 3.5 13 250 M M 0 16 250
7 105 79 92 12 0 27 0.00 0.0 0 2.9 10 240 M M 0 14 240
8 100 72 86 7 0 21 0.20 0.0 0 7.7 22 50 M M 1 13 38 20
9 92 70 81 2 0 16 0.32 0.0 0 5.9 23 330 M M 2 13 33 290
10 91 65 78 -1 0 13 0.00 0.0 0 4.8 15 10 M M 0 24 80
11 90 64 77 -2 0 12 0.00 0.0 0 2.4 10 150 M M 0 15 170
12 92 68 80 2 0 15 0.06 0.0 0 1.8 8 110 M M 2 10 240
13 83 73 78 0 0 13 0.03 0.0 0 5.4 13 190 M M 7 3 21 180
14 81 73 77 -1 0 12 0.85 0.0 0 4.6 12 140 M M 8 1 14 110
15 83 70 77 -1 0 12 1.49 0.0 0 3.0 10 70 M M 7 123 15 70
16 89 69 79 2 0 14 0.00 0.0 0 1.9 7 340 M M 3 12 11 40
17 92 66 79 2 0 14 0.00 0.0 0 2.9 13 360 M M 0 1 17 350
18 92 61 77 0 0 12 0.00 0.0 0 1.7 9 70 M M 0 12 70
19 93 62 78 1 0 13 0.00 0.0 0 4.3 14 160 M M 0 19 170
20 93 69 81 5 0 16 0.00 0.0 0 4.6 14 60 M M 1 19 170
21 95 72 84 8 0 19 0.00 0.0 0 4.3 12 90 M M 1 19 150
22 95 73 84 8 0 19 0.00 0.0 0 4.8 15 90 M M 4 12 19 160
23 96 73 85 10 0 20 0.00 0.0 0 5.3 12 140 M M 2 16 200
24 89 71 80 5 0 15 1.45 0.0 0 6.1 26 350 M M 2 13 46 340
25 90 71 81 6 0 16 2.53 0.0 0 4.8 21 310 M M 3 13 29 310
26 92 72 82 8 0 17 0.00 0.0 0 3.4 12 60 M M 0 18 60
27 95 70 83 9 0 18 0.00 0.0 0 2.0 10 50 M M 0 14 60
28 94 70 82 8 0 17 0.00 0.0 0 2.5 10 90 M M 0 14 90
29 92 70 81 7 0 16 0.00 0.0 0 2.9 12 90 M M 0 16 110
30 93 68 81 8 0 16 0.00 0.0 0 4.4 13 150 M M 0 18 30
================================================================================
SM 2793 2107 0 505 8.15 0.0 124.0 M 49
================================================================================
AV 93.1 70.2 4.1 FASTST M M 2 MAX(MPH)
MISC ----> 26 350 46 340
================================================================================
NOTES:
# LAST OF SEVERAL OCCURRENCES
COLUMN 17 PEAK WIND IN M.P.H.
PRELIMINARY LOCAL CLIMATOLOGICAL DATA (WS FORM: F-6) , PAGE 2
STATION: LUFKIN
MONTH: SEPTEMBER
YEAR: 2023
LATITUDE: 31 14 N
LONGITUDE: 94 45 W
[TEMPERATURE DATA] [PRECIPITATION DATA] SYMBOLS USED IN COLUMN 16
AVERAGE MONTHLY: 81.7 TOTAL FOR MONTH: 8.15 1 = FOG OR MIST
DPTR FM NORMAL: 4.4 DPTR FM NORMAL: 4.21 2 = FOG REDUCING VISIBILITY
HIGHEST: 105 ON 7 GRTST 24HR 3.98 ON 24-25 TO 1/4 MILE OR LESS
LOWEST: 61 ON 18 3 = THUNDER
SNOW, ICE PELLETS, HAIL 4 = ICE PELLETS
TOTAL MONTH: 0.0 INCH 5 = HAIL
GRTST 24HR 0.0 6 = FREEZING RAIN OR DRIZZLE
GRTST DEPTH: 0 7 = DUSTSTORM OR SANDSTORM:
VSBY 1/2 MILE OR LESS
8 = SMOKE OR HAZE
[NO. OF DAYS WITH] [WEATHER - DAYS WITH] 9 = BLOWING SNOW
X = TORNADO
MAX 32 OR BELOW: 0 0.01 INCH OR MORE: 11
MAX 90 OR ABOVE: 25 0.10 INCH OR MORE: 8
MIN 32 OR BELOW: 0 0.50 INCH OR MORE: 5
MIN 0 OR BELOW: 0 1.00 INCH OR MORE: 4
[HDD (BASE 65) ]
TOTAL THIS MO. 0 CLEAR (SCALE 0-3) 24
DPTR FM NORMAL -2 PTCLDY (SCALE 4-7) 5
TOTAL FM JUL 1 0 CLOUDY (SCALE 8-10) 1
DPTR FM NORMAL 0
[CDD (BASE 65) ]
TOTAL THIS MO. 505
DPTR FM NORMAL 134 [PRESSURE DATA]
TOTAL FM JAN 1 3192 HIGHEST SLP 30.12 ON 10
DPTR FM NORMAL 852 LOWEST SLP 29.80 ON 24
[REMARKS]
#FINAL-09-23#