000
CXUS54 KLCH 011617
CF6LFT
PRELIMINARY LOCAL CLIMATOLOGICAL DATA (WS FORM: F-6)
STATION: LAFAYETTE
MONTH: JUNE
YEAR: 2023
LATITUDE: 30 12 N
LONGITUDE: 92 0 W
TEMPERATURE IN F: :PCPN: SNOW: WIND :SUNSHINE: SKY :PK WND
================================================================================
1 2 3 4 5 6A 6B 7 8 9 10 11 12 13 14 15 16 17 18
12Z AVG MX 2MIN
DY MAX MIN AVG DEP HDD CDD WTR SNW DPTH SPD SPD DIR MIN PSBL S-S WX SPD DR
================================================================================
1 92 69 81 1 0 16 0.00 0.0 M 3.1 10 50 M M 3 1 15 50
2 93 72 83 3 0 18 0.00 0.0 M 3.5 12 30 M M 2 17 30
3 95 74 85 5 0 20 0.00 0.0 M 6.6 16 350 M M 3 3 23 340
4 92 70 81 1 0 16 1.06 0.0 M 5.9 41 220 M M 3 138 56 220
5 90 69 80 -1 0 15 1.28 0.0 M 2.3 15 100 M M 2 123 31 120
6 88 67 78 -3 0 13 0.00 0.0 M 2.3 10 360 M M 2 13 16 10
7 91 71 81 0 0 16 T 0.0 M 2.7 14 30 M M 1 13 21 30
8 94 72 83 2 0 18 0.02 0.0 M 3.9 16 270 M M 2 3 25 270
9 94 72 83 2 0 18 0.00 0.0 M 3.3 16 30 M M 1 3 20 20
10 93 75 84 3 0 19 0.00 0.0 M 5.7 28 190 M M 2 13 41 200
11 93 75 84 3 0 19 0.00 0.0 M 8.8 17 230 M M 2 24 200
12 95 76 86 4 0 21 0.00 0.0 M 6.8 15 260 M M 4 20 270
13 96 77 87 5 0 22 0.00 0.0 M 8.4 17 200 M M 2 23 230
14 96 81 89 7 0 24 0.00 0.0 M 12.0 24 230 M M 3 18 33 240
15 97 81 89 7 0 24 0.00 0.0 M 10.5 20 240 M M 5 1 29 210
16 98 78 88 6 0 23 0.00 0.0 M 7.6 20 200 M M 2 1 27 190
17 99 80 90 8 0 25 0.00 0.0 M 9.0 18 240 M M 2 1 25 230
18 99 81 90 8 0 25 0.00 0.0 M 9.2 22 210 M M 5 30 230
19 99 81 90 8 0 25 0.00 0.0 M 11.5 22 230 M M 3 1 32 250
20 99 74 87 5 0 22 1.04 0.0 M 8.2 39 20 M M 7 13 48 10
21 94 75 85 3 0 20 0.00 0.0 M 4.7 14 30 M M 5 13 18 30
22 94 77 86 4 0 21 0.01 0.0 M 3.3 22 250 M M 4 31 250
23 93 76 85 3 0 20 0.39 0.0 M 2.8 20 230 M M 5 138 28 210
24 95 77 86 4 0 21 0.01 0.0 M 5.9 16 210 M M 3 13 24 160
25 97 80 89 7 0 24 0.00 0.0 M 8.4 16 220 M M 2 25 270
26 94 80 87 5 0 22 T 0.0 M 8.1 25 30 M M 2 3 34 20
27 97 79 88 5 0 23 0.00 0.0 M 7.2 15 260 M M 2 21 260
28 99 81 90 7 0 25 0.00 0.0 0 5.4 16 260 M M 1 17 200
29 100 81 91 8 0 26 0.00 0.0 M 4.9 12 250 M M 1 17 260
30 100 82 91 8 0 26 0.00 0.0 0 3.2 9 220 M M 3 14 100
================================================================================
SM 2856 2283 0 627 3.81 0.0 185.2 M 84
================================================================================
AV 95.2 76.1 6.2 FASTST M M 3 MAX(MPH)
MISC ----> 41 220 56 220
================================================================================
NOTES:
# LAST OF SEVERAL OCCURRENCES
COLUMN 17 PEAK WIND IN M.P.H.
PRELIMINARY LOCAL CLIMATOLOGICAL DATA (WS FORM: F-6) , PAGE 2
STATION: LAFAYETTE
MONTH: JUNE
YEAR: 2023
LATITUDE: 30 12 N
LONGITUDE: 92 0 W
[TEMPERATURE DATA] [PRECIPITATION DATA] SYMBOLS USED IN COLUMN 16
AVERAGE MONTHLY: 85.6 TOTAL FOR MONTH: 3.81 1 = FOG OR MIST
DPTR FM NORMAL: 4.0 DPTR FM NORMAL: -3.28 2 = FOG REDUCING VISIBILITY
HIGHEST: 100 ON 30,29 GRTST 24HR 2.09 ON 4- 5 TO 1/4 MILE OR LESS
LOWEST: 67 ON 6 3 = THUNDER
SNOW, ICE PELLETS, HAIL 4 = ICE PELLETS
TOTAL MONTH: 0.0 INCH 5 = HAIL
GRTST 24HR 0.0 6 = FREEZING RAIN OR DRIZZLE
GRTST DEPTH: 0 7 = DUSTSTORM OR SANDSTORM:
VSBY 1/2 MILE OR LESS
8 = SMOKE OR HAZE
[NO. OF DAYS WITH] [WEATHER - DAYS WITH] 9 = BLOWING SNOW
X = TORNADO
MAX 32 OR BELOW: 0 0.01 INCH OR MORE: 7
MAX 90 OR ABOVE: 29 0.10 INCH OR MORE: 4
MIN 32 OR BELOW: 0 0.50 INCH OR MORE: 3
MIN 0 OR BELOW: 0 1.00 INCH OR MORE: 3
[HDD (BASE 65) ]
TOTAL THIS MO. 0 CLEAR (SCALE 0-3) 20
DPTR FM NORMAL 0 PTCLDY (SCALE 4-7) 10
TOTAL FM JUL 1 1025 CLOUDY (SCALE 8-10) 0
DPTR FM NORMAL -352
[CDD (BASE 65) ]
TOTAL THIS MO. 627
DPTR FM NORMAL 128 [PRESSURE DATA]
TOTAL FM JAN 1 1525 HIGHEST SLP 30.04 ON 26
DPTR FM NORMAL 391 LOWEST SLP 29.72 ON 20
[REMARKS]
#FINAL-06-23#