000
CXUS51 KOKX 010910
CF6LGA
PRELIMINARY LOCAL CLIMATOLOGICAL DATA (WS FORM: F-6)
STATION: LAGUARDIA NY
MONTH: SEPTEMBER
YEAR: 2021
LATITUDE: 40 46 N
LONGITUDE: 73 54 W
TEMPERATURE IN F: :PCPN: SNOW: WIND :SUNSHINE: SKY :PK WND
================================================================================
1 2 3 4 5 6A 6B 7 8 9 10 11 12 13 14 15 16 17 18
12Z AVG MX 2MIN
DY MAX MIN AVG DEP HDD CDD WTR SNW DPTH SPD SPD DIR MIN PSBL S-S WX SPD DR
================================================================================
1 80 65 73 -2 0 8 6.80 0.0 0 15.5 40 60 M M 10 13 47 60
2 78 63 71 -4 0 6 0.09 0.0 0 14.2 26 350 M M 5 1 34 360
3 76 62 69 -6 0 4 0.00 0.0 0 8.5 16 320 M M 3 18 350
4 81 65 73 -1 0 8 0.00 0.0 0 6.9 16 190 M M 5 19 190
5 76 69 73 -1 0 8 0.05 0.0 0 9.6 18 170 M M 9 1 23 170
6 85 71 78 4 0 13 0.00 0.0 0 9.9 21 300 M M 6 27 260
7 83 68 76 2 0 11 0.00 0.0 0 8.9 17 170 M M 2 20 170
8 86 73 80 7 0 15 0.00 0.0 0 14.1 26 170 M M 5 34 170
9 77 68 73 0 0 8 0.29 0.0 0 5.7 15 310 M M 9 13 18 300
10 76 66 71 -2 0 6 0.00 0.0 0 14.1 26 320 M M 3 42 300
11 80 64 72 0 0 7 0.00 0.0 0 8.3 17 160 M M 3 22 170
12 85 68 77 5 0 12 0.00 0.0 M 12.6 20 250 M M 5 26 240
13 86 71 79 7 0 14 0.03 0.0 0 12.3 22 280 M M 7 3 28 290
14 81 70 76 4 0 11 0.00 0.0 0 7.5 15 150 M M 7 19 150
15 88 73 81 10 0 16 0.00 0.0 0 8.2 17 170 M M 7 29 210
16 77 72 75 4 0 10 0.00 0.0 0 12.0 20 60 M M 9 3 28 60
17 75 70 73 3 0 8 0.00 0.0 0 12.7 21 60 M M 10 18 24 50
18 86 70 78 8 0 13 0.00 0.0 0 6.9 17 20 M M 6 21 10
19 78 67 73 3 0 8 0.00 0.0 0 7.6 18 350 M M 2 24 40
20 76 64 70 1 0 5 0.00 0.0 0 6.9 15 160 M M 4 21 160
21 77 64 71 2 0 6 0.01 0.0 0 8.5 15 50 M M 7 18 40
22 83 72 78 9 0 13 0.00 0.0 0 12.8 22 160 M M 9 28 160
23 83 65 74 6 0 9 1.11 0.0 0 14.2 30 160 M M 9 138 41 160
24 76 60 68 0 0 3 0.27 0.0 0 8.6 17 310 M M 5 1 20 310
25 77 63 70 2 0 5 0.00 0.0 0 4.9 12 300 M M 4 14 300
26 74 64 69 2 0 4 0.00 0.0 0 12.7 22 290 M M 3 31 270
27 82 65 74 7 0 9 0.00 0.0 0 12.8 23 230 M M 5 31 240
28 75 63 69 3 0 4 0.10 0.0 0 10.0 21 320 M M 7 3 25 310
29 70 56 63 -3 2 0 0.00 0.0 0 10.2 18 10 M M 6 24 10
30 68 58 63 -3 2 0 0.00 0.0 0 9.2 17 320 M M 7 24 20
================================================================================
SM 2375 1989 4 244 8.75 0.0 306.3 M 179
================================================================================
AV 79.2 66.3 10.2 FASTST M M 6 MAX(MPH)
MISC ----> 40 60 47 60
================================================================================
NOTES:
# LAST OF SEVERAL OCCURRENCES
COLUMN 17 PEAK WIND IN M.P.H.
PRELIMINARY LOCAL CLIMATOLOGICAL DATA (WS FORM: F-6) , PAGE 2
STATION: LAGUARDIA NY
MONTH: SEPTEMBER
YEAR: 2021
LATITUDE: 40 46 N
LONGITUDE: 73 54 W
[TEMPERATURE DATA] [PRECIPITATION DATA] SYMBOLS USED IN COLUMN 16
AVERAGE MONTHLY: 72.7 TOTAL FOR MONTH: 8.75 1 = FOG OR MIST
DPTR FM NORMAL: 1.9 DPTR FM NORMAL: 4.87 2 = FOG REDUCING VISIBILITY
HIGHEST: 88 ON 15 GRTST 24HR 6.89 ON 1- 2 TO 1/4 MILE OR LESS
LOWEST: 56 ON 29 3 = THUNDER
SNOW, ICE PELLETS, HAIL 4 = ICE PELLETS
TOTAL MONTH: 0.0 INCH 5 = HAIL
GRTST 24HR 0.0 6 = FREEZING RAIN OR DRIZZLE
GRTST DEPTH: 0 7 = DUSTSTORM OR SANDSTORM:
VSBY 1/2 MILE OR LESS
8 = SMOKE OR HAZE
[NO. OF DAYS WITH] [WEATHER - DAYS WITH] 9 = BLOWING SNOW
X = TORNADO
MAX 32 OR BELOW: 0 0.01 INCH OR MORE: 9
MAX 90 OR ABOVE: 0 0.10 INCH OR MORE: 5
MIN 32 OR BELOW: 0 0.50 INCH OR MORE: 2
MIN 0 OR BELOW: 0 1.00 INCH OR MORE: 2
[HDD (BASE 65) ]
TOTAL THIS MO. 4 CLEAR (SCALE 0-3) 5
DPTR FM NORMAL -17 PTCLDY (SCALE 4-7) 18
TOTAL FM JUL 1 5 CLOUDY (SCALE 8-10) 7
DPTR FM NORMAL -14
[CDD (BASE 65) ]
TOTAL THIS MO. 244
DPTR FM NORMAL 49 [PRESSURE DATA]
TOTAL FM JAN 1 1523 HIGHEST SLP M ON M
DPTR FM NORMAL 148 LOWEST SLP 29.49 ON 1
[REMARKS]
#FINAL-09-21#