000
CXUS54 KFWD 010731
CF6LHB
PRELIMINARY LOCAL CLIMATOLOGICAL DATA (WS FORM: F-6)
STATION: HEARNE
MONTH: MAY
YEAR: 2023
LATITUDE: 30 52 N
LONGITUDE: 96 36 W
TEMPERATURE IN F: :PCPN: SNOW: WIND :SUNSHINE: SKY :PK WND
================================================================================
1 2 3 4 5 6A 6B 7 8 9 10 11 12 13 14 15 16 17 18
12Z AVG MX 2MIN
DY MAX MIN AVG DEP HDD CDD WTR SNW DPTH SPD SPD DIR MIN PSBL S-S WX SPD DR
================================================================================
1 81 57 69 M 0 4 0.00 M M 5.0 13 70 M M 0 18 80
2 82 61 72 M 0 7 0.00 M M 2.3 8 140 M M 4 1 M M
3 85 63 74 M 0 9 0.00 M M 1.8 8 90 M M 2 M M
4 83 65 74 M 0 9 0.00 M M 5.1 8 150 M M 5 M M
5 92 65 79 M 0 14 0.65 M M 8.8 43 310 M M 6 13 22 310
6 90 65 78 M 0 13 0.02 M M 8.1 15 50 M M 4 3 28 50
7 87 72 80 M 0 15 0.00 M M 5.4 14 170 M M 5 22 150
8 90 68 79 M 0 14 0.00 M M 5.7 13 160 M M 5 1 22 140
9 80 68 74 M 0 9 0.04 M M 3.6 8 100 M M 6 1 30 100
10 75 69 72 M 0 7 1.96 M M 3.0 8 140 M M 10 M M
11 88 69 79 M 0 14 0.00 M M 6.2 12 150 M M 6 18 18 160
12 89 75 82 M 0 17 0.00 M M 8.8 16 150 M M 5 1 21 150
13 78 66 72 M 0 7 1.29 M M 3.5 16 330 M M 6 3 21 330
14 82 69 76 M 0 11 0.42 M M 2.7 8 230 M M 5 20 260
15 85 67 76 M 0 11 1.34 M M 3.0 17 90 M M 4 13 23 90
16 82 67 75 M 0 10 0.00 M M 2.7 12 340 M M 7 12 M M
17 85 65 75 M 0 10 0.00 M M 1.2 5 340 M M 3 1 M M
18 89 66 78 M 0 13 0.00 M M 1.7 6 160 M M 0 M M
19 91 69 80 M 0 15 0.00 M M 3.5 10 170 M M 0 M M
20 81 69 75 M 0 10 0.09 M M 6.5 13 300 M M 5 3 21 10
21 78 65 72 M 0 7 0.00 M M 2.6 7 20 M M 3 M M
22 85 63 74 M 0 9 0.00 M M 0.6 3 100 M M 2 M M
23 87 67 77 M 0 12 0.00 M M 2.2 9 90 M M 3 M M
24 85 67 76 M 0 11 0.21 M M 3.5 15 350 M M 3 3 18 350
25 86 68 77 M 0 12 0.00 M M 3.0 8 60 M M 2 M M
26 89 65 77 M 0 12 0.00 M M 3.0 8 360 M M 1 16 40
27 88 64 76 M 0 11 0.00 M M 1.6 6 230 M M 1 M M
28 89 67 78 M 0 13 0.00 M M 3.5 10 160 M M 4 M M
29 88 69 79 M 0 14 0.00 M M 2.6 8 150 M M 2 18 130
30 89 66 78 M 0 13 M M M 1.6 7 350 M M 2 M M
31 90 67 79 M 0 14 0.00 M M 2.3 6 160 M M 1 18 M M
================================================================================
SM 2649 2063 0 347 6.02 M 115.2 M 112
================================================================================
AV 85.5 66.5 3.7 FASTST M M 4 MAX(MPH)
MISC ----> 43 310 30 100
================================================================================
NOTES:
# LAST OF SEVERAL OCCURRENCES
COLUMN 17 PEAK WIND IN M.P.H.
PRELIMINARY LOCAL CLIMATOLOGICAL DATA (WS FORM: F-6) , PAGE 2
STATION: HEARNE
MONTH: MAY
YEAR: 2023
LATITUDE: 30 52 N
LONGITUDE: 96 36 W
[TEMPERATURE DATA] [PRECIPITATION DATA] SYMBOLS USED IN COLUMN 16
AVERAGE MONTHLY: 76.0 TOTAL FOR MONTH: 6.02 1 = FOG OR MIST
DPTR FM NORMAL: 0.0 DPTR FM NORMAL: M 2 = FOG REDUCING VISIBILITY
HIGHEST: 92 ON 5 GRTST 24HR 1.96 ON 10-10 TO 1/4 MILE OR LESS
LOWEST: 57 ON 1 3 = THUNDER
SNOW, ICE PELLETS, HAIL 4 = ICE PELLETS
TOTAL MONTH: M 5 = HAIL
GRTST 24HR M ON M 6 = FREEZING RAIN OR DRIZZLE
GRTST DEPTH: M ON M 7 = DUSTSTORM OR SANDSTORM:
VSBY 1/2 MILE OR LESS
8 = SMOKE OR HAZE
[NO. OF DAYS WITH] [WEATHER - DAYS WITH] 9 = BLOWING SNOW
X = TORNADO
MAX 32 OR BELOW: 0 0.01 INCH OR MORE: 9
MAX 90 OR ABOVE: 5 0.10 INCH OR MORE: 6
MIN 32 OR BELOW: 0 0.50 INCH OR MORE: 4
MIN 0 OR BELOW: 0 1.00 INCH OR MORE: 3
[HDD (BASE 65) ]
TOTAL THIS MO. 0 CLEAR (SCALE 0-3) 14
DPTR FM NORMAL M PTCLDY (SCALE 4-7) 16
TOTAL FM JUL 1 1510 CLOUDY (SCALE 8-10) 1
DPTR FM NORMAL M
[CDD (BASE 65) ]
TOTAL THIS MO. 347
DPTR FM NORMAL M [PRESSURE DATA]
TOTAL FM JAN 1 606 HIGHEST SLP M ON M
DPTR FM NORMAL M LOWEST SLP M ON M
[REMARKS]
#FINAL-05-23#