000
CXUS55 KPIH 011544
CF6LLJ
PRELIMINARY LOCAL CLIMATOLOGICAL DATA (WS FORM: F-6)
STATION: CHALLIS ID
MONTH: OCTOBER
YEAR: 2020
LATITUDE: 44 31 N
LONGITUDE: 114 13 W
TEMPERATURE IN F: :PCPN: SNOW: WIND :SUNSHINE: SKY :PK WND
================================================================================
1 2 3 4 5 6A 6B 7 8 9 10 11 12 13 14 15 16 17 18
12Z AVG MX 2MIN
DY MAX MIN AVG DEP HDD CDD WTR SNW DPTH SPD SPD DIR MIN PSBL S-S WX SPD DR
================================================================================
1 78 35 57 7 8 0 0.00 M M 1.2 7 160 M M 0 8 9 50
2 79 45 62 12 3 0 0.00 M M 3.0 9 320 M M 0 8 15 170
3 77 40 59 10 6 0 0.00 M M 1.9 8 150 M M 0 8 10 150
4 82 38 60 11 5 0 0.00 M M 5.1 25 270 M M 0 8 40 270
5 77 37 57 9 8 0 0.00 M M 1.8 8 140 M M 0 10 170
6 80 34 57 9 8 0 0.00 M M 1.5 7 140 M M 0 8 9 140
7 79 37 58 10 7 0 0.00 M M 1.7 7 330 M M 0 8 9 150
8 80 38 59 12 6 0 0.00 M M 3.4 22 290 M M 0 8 29 260
9 77 35 56 9 9 0 0.00 M M 2.8 13 280 M M 0 8 15 280
10 74 35 55 8 10 0 0.01 M M 7.1 31 220 M M 3 8 47 210
11 52 33 43 -3 22 0 T M M 7.5 22 250 M M 7 8 32 250
12 59 39 49 3 16 0 T M M 10.2 25 260 M M 3 8 37 300
13 63 34 49 4 16 0 0.03 M M 7.2 32 270 M M 6 8 46 270
14 54 41 48 3 17 0 T M M 10.9 25 290 M M 4 43 290
15 54 29 42 -3 23 0 0.00 M M 2.7 10 340 M M 1 16 310
16 70 28 49 5 16 0 0.00 M M 4.9 24 270 M M 5 33 260
17 64 48 56 12 9 0 T M M 8.5 24 260 M M 4 33 310
18 66 45 56 12 9 0 0.00 M M 5.8 22 250 M M 9 29 350
19 68 42 55 12 10 0 0.00 M M 6.1 21 300 M M 2 32 320
20 63 45 54 11 11 0 0.00 M M 6.0 16 260 M M 4 23 250
21 57 34 46 4 19 0 0.00 M M 11.4 25 310 M M 5 37 280
22 42 21 32 -10 33 0 0.00 M M 6.1 14 360 M M 2 19 30
23 52 14 33 -9 32 0 T M M 3.7 20 210 M M 3 26 210
24 52 20 36 -5 29 0 0.02 M M 14.7 28 30 M M 8 39 40
25 30 12 21 -20 44 0 0.00 M M 10.3 21 20 M M 0 32 20
26 35 6 21 -19 44 0 0.00 M M 1.9 10 10 M M 5 8 13 10
27 56 28 42 2 23 0 0.00 M M 1.7 7 290 M M 3 8 8 300
28 62 22 42 3 23 0 0.00 M M 1.9 7 150 M M 0 8 230
29 68 27 48 9 17 0 0.00 M M 2.2 8 270 M M 0 8 11 130
30 69 24 47 9 18 0 0.00 M M 6.0 30 270 M M 0 45 280
31 56 25 41 3 24 0 0.00 M M 2.0 10 260 M M 0 13 270
================================================================================
SM 1975 991 525 0 0.06 M 161.2 M 74
================================================================================
AV 63.7 32.0 5.2 FASTST M M 2 MAX(MPH)
MISC ----> # 32 270 # 47 210
================================================================================
NOTES:
# LAST OF SEVERAL OCCURRENCES
PRECIPITATION SUSPECT DURING FREEZING/FROZEN EVENTS
COLUMN 17 PEAK WIND IN M.P.H.
PRELIMINARY LOCAL CLIMATOLOGICAL DATA (WS FORM: F-6) , PAGE 2
STATION: CHALLIS ID
MONTH: OCTOBER
YEAR: 2020
LATITUDE: 44 31 N
LONGITUDE: 114 13 W
[TEMPERATURE DATA] [PRECIPITATION DATA] SYMBOLS USED IN COLUMN 16
AVERAGE MONTHLY: 47.8 TOTAL FOR MONTH: 0.06 1 = FOG OR MIST
DPTR FM NORMAL: 3.6 DPTR FM NORMAL: -0.61 2 = FOG REDUCING VISIBILITY
HIGHEST: 82 ON 4 GRTST 24HR 0.03 ON 13-13 TO 1/4 MILE OR LESS
LOWEST: 6 ON 26 3 = THUNDER
SNOW, ICE PELLETS, HAIL 4 = ICE PELLETS
TOTAL MONTH: M 5 = HAIL
GRTST 24HR M ON M 6 = FREEZING RAIN OR DRIZZLE
GRTST DEPTH: M ON M 7 = DUSTSTORM OR SANDSTORM:
VSBY 1/2 MILE OR LESS
8 = SMOKE OR HAZE
[NO. OF DAYS WITH] [WEATHER - DAYS WITH] 9 = BLOWING SNOW
X = TORNADO
MAX 32 OR BELOW: 1 0.01 INCH OR MORE: 3
MAX 90 OR ABOVE: 0 0.10 INCH OR MORE: 0
MIN 32 OR BELOW: 12 0.50 INCH OR MORE: 0
MIN 0 OR BELOW: 0 1.00 INCH OR MORE: 0
[HDD (BASE 65) ]
TOTAL THIS MO. 525 CLEAR (SCALE 0-3) 19
DPTR FM NORMAL -120 PTCLDY (SCALE 4-7) 10
TOTAL FM JUL 1 714 CLOUDY (SCALE 8-10) 2
DPTR FM NORMAL -280
[CDD (BASE 65) ]
TOTAL THIS MO. 0
DPTR FM NORMAL 0 [PRESSURE DATA]
TOTAL FM JAN 1 428 HIGHEST SLP 30.57 ON 26
DPTR FM NORMAL 180 LOWEST SLP 29.49 ON 10
[REMARKS]
26TH: LOW OF 6 DEGREES BREAKS OLD RECORD OF 14 SET IN 2012.
#FINAL-10-20#