000
CXUS54 KLZK 011230
CF6LLQ
PRELIMINARY LOCAL CLIMATOLOGICAL DATA (WS FORM: F-6)
STATION: MONTICELLO
MONTH: JUNE
YEAR: 2023
LATITUDE: 33 37 N
LONGITUDE: 91 45 W
TEMPERATURE IN F: :PCPN: SNOW: WIND :SUNSHINE: SKY :PK WND
================================================================================
1 2 3 4 5 6A 6B 7 8 9 10 11 12 13 14 15 16 17 18
12Z AVG MX 2MIN
DY MAX MIN AVG DEP HDD CDD WTR SNW DPTH SPD SPD DIR MIN PSBL S-S WX SPD DR
================================================================================
1 90 65 78 1 0 13 0.00 0.0 0 2.4 12 80 M M 1 16 80
2 92 67 80 3 0 15 0.00 0.0 M 1.9 7 300 M M 1 18 11 50
3 93 68 81 4 0 16 0.15 0.0 M 4.6 22 320 M M 2 3 34 340
4 92 65 79 2 0 14 0.00 0.0 M 1.8 12 60 M M 0 1 14 70
5 94 66 80 2 0 15 0.11 0.0 0 2.5 14 190 M M 2 13 21 180
6 90 67 79 1 0 14 0.00 0.0 0 1.9 9 150 M M 2 3 12 170
7 92 68 80 2 0 15 0.00 0.0 0 1.7 9 310 M M 1 13 290
8 94 69 82 4 0 17 0.00 0.0 0 4.3 13 60 M M 0 138 15 60
9 89 69 79 1 0 14 0.00 0.0 0 3.1 12 40 M M 1 18 15 50
10 91 68 80 1 0 15 0.50 0.0 0 4.8 29 300 M M 2 13 44 300
11 92 67 80 1 0 15 0.00 0.0 0 7.5 17 60 M M 1 3 21 50
12 80 67 74 -5 0 9 0.04 0.0 0 3.4 13 140 M M 6 1 16 150
13 85 67 76 -3 0 11 0.07 0.0 M 4.6 14 190 M M 5 13 18 210
14 81 71 76 -3 0 11 0.54 0.0 0 4.9 15 210 M M 7 13 22 230
15 91 70 81 1 0 16 0.00 0.0 0 2.4 13 270 M M 5 123 17 270
16 90 72 81 1 0 16 T 0.0 0 4.2 15 210 M M 3 3 21 230
17 93 71 82 2 0 17 0.00 0.0 0 2.9 10 120 M M 2 13 120
18 87 69 78 -2 0 13 0.80 0.0 0 5.9 22 300 M M 5 13 32 300
19 90 69 80 0 0 15 0.00 0.0 0 3.0 10 260 M M 0 1 14 330
20 92 70 81 1 0 16 0.00 0.0 M 1.8 9 40 M M 1 13 60
21 90 70 80 0 0 15 0.00 0.0 M 4.2 16 50 M M 1 1 20 50
22 89 69 79 -2 0 14 0.00 0.0 M 3.8 14 40 M M 2 19 50
23 91 66 79 -2 0 14 0.00 0.0 M 3.1 9 200 M M 0 15 210
24 95 68 82 1 0 17 0.00 0.0 0 4.6 13 170 M M 1 16 220
25 96 72 84 3 0 19 1.10 0.0 M 7.9 20 30 M M 2 13 33 10
26 91 72 82 1 0 17 0.22 0.0 0 5.1 20 230 M M 3 13 29 250
27 93 73 83 2 0 18 0.28 0.0 0 2.3 22 330 M M 3 138 38 310
28 96 72 84 3 0 19 0.00 0.0 0 4.8 10 220 M M 2 1 14 190
29 97 80 89 7 0 24 0.00 0.0 0 5.1 12 210 M M 1 15 250
30 98 80 89 7 0 24 0.00 0.0 0 4.7 12 240 M M 1 18 250
================================================================================
SM 2734 2087 0 468 3.81 0.0 115.2 M 63
================================================================================
AV 91.1 69.6 3.8 FASTST M M 2 MAX(MPH)
MISC ----> 29 300 44 300
================================================================================
NOTES:
# LAST OF SEVERAL OCCURRENCES
COLUMN 17 PEAK WIND IN M.P.H.
PRELIMINARY LOCAL CLIMATOLOGICAL DATA (WS FORM: F-6) , PAGE 2
STATION: MONTICELLO
MONTH: JUNE
YEAR: 2023
LATITUDE: 33 37 N
LONGITUDE: 91 45 W
[TEMPERATURE DATA] [PRECIPITATION DATA] SYMBOLS USED IN COLUMN 16
AVERAGE MONTHLY: 80.4 TOTAL FOR MONTH: 3.81 1 = FOG OR MIST
DPTR FM NORMAL: 0.9 DPTR FM NORMAL: 0.01 2 = FOG REDUCING VISIBILITY
HIGHEST: 98 ON 30 GRTST 24HR 1.22 ON 25-26 TO 1/4 MILE OR LESS
LOWEST: 65 ON 1, 4 3 = THUNDER
SNOW, ICE PELLETS, HAIL 4 = ICE PELLETS
TOTAL MONTH: 0.0 INCH 5 = HAIL
GRTST 24HR 0.0 6 = FREEZING RAIN OR DRIZZLE
GRTST DEPTH: 0 7 = DUSTSTORM OR SANDSTORM:
VSBY 1/2 MILE OR LESS
8 = SMOKE OR HAZE
[NO. OF DAYS WITH] [WEATHER - DAYS WITH] 9 = BLOWING SNOW
X = TORNADO
MAX 32 OR BELOW: 0 0.01 INCH OR MORE: 10
MAX 90 OR ABOVE: 24 0.10 INCH OR MORE: 8
MIN 32 OR BELOW: 0 0.50 INCH OR MORE: 4
MIN 0 OR BELOW: 0 1.00 INCH OR MORE: 1
[HDD (BASE 65) ]
TOTAL THIS MO. 0 CLEAR (SCALE 0-3) 24
DPTR FM NORMAL 0 PTCLDY (SCALE 4-7) 6
TOTAL FM JUL 1 2127 CLOUDY (SCALE 8-10) 0
DPTR FM NORMAL -507
[CDD (BASE 65) ]
TOTAL THIS MO. 468
DPTR FM NORMAL 34 [PRESSURE DATA]
TOTAL FM JAN 1 872 HIGHEST SLP 30.01 ON 23
DPTR FM NORMAL 90 LOWEST SLP 29.63 ON 10
[REMARKS]
#FINAL-06-23#