000
CXUS53 KOAX 010907
CLMLNK
CLIMATE REPORT
NATIONAL WEATHER SERVICE OMAHA/VALLEY NE
407 AM CDT SAT APR 01 2023
...................................
...THE LINCOLN NE CLIMATE SUMMARY FOR THE MONTH OF MARCH 2023...
CLIMATE NORMAL PERIOD 1991 TO 2020
CLIMATE RECORD PERIOD 1887 TO 2023
WEATHER OBSERVED NORMAL DEPART
VALUE DATE(S) VALUE FROM
NORMAL
................................................
TEMPERATURE (F)
HIGHEST 79 03/30
LOWEST 6 03/19
AVG. MAXIMUM 50.6 53.6 -3.0
AVG. MINIMUM 25.9 28.7 -2.8
MEAN 38.3 41.2 -2.9
DAYS MAX >= 90 0
DAYS MAX <= 32 1
DAYS MIN <= 32 25
DAYS MIN <= 0 0
PRECIPITATION (INCHES)
RECORD
MAXIMUM 6.65 1973
MINIMUM 0.06 1994
TOTALS 0.63 1.55 -0.92
DAYS >= .01 4
DAYS >= .10 3
DAYS >= .50 0
DAYS >= 1.00 0
GREATEST
24 HR. TOTAL 0.22 03/11 TO 03/11
SNOWFALL (INCHES)
RECORDS
TOTAL 21.3 1912
TOTALS 1.2 3.4 -2.2
SINCE 7/1 14.3
DAYS >= 1.0 0
GREATEST
SNOW DEPTH T 3/26
24 HR TOTAL 0.7 03/07 TO 03/07
DEGREE DAYS
HEATING TOTAL 823 741 82
SINCE 7/1 5281 5299 -18
COOLING TOTAL 0 2 -2
SINCE 1/1 0 2 -2
................................................
WIND (MPH)
AVERAGE WIND SPEED 12.1
HIGHEST WIND SPEED/DIRECTION 41/350 DATE 03/16
HIGHEST GUST SPEED/DIRECTION 56/350 DATE 03/16
SKY COVER
AVERAGE SKY COVER 0.44
WEATHER CONDITIONS. NUMBER OF DAYS WITH
THUNDERSTORM 0 MIXED PRECIP 0
HEAVY RAIN 0 RAIN 1
LIGHT RAIN 7 FREEZING RAIN 1
LT FREEZING RAIN 1 HAIL 0
HEAVY SNOW 0 SNOW 1
LIGHT SNOW 6 SLEET 0
FOG 12 FOG W/VIS <= 1/4 MILE 2
HAZE 7
- INDICATES NEGATIVE NUMBERS.
R INDICATES RECORD WAS SET OR TIED.
MM INDICATES DATA IS MISSING.
T INDICATES TRACE AMOUNT.
$$