000
CXUS53 KMKX 010911
CF6LNR
PRELIMINARY LOCAL CLIMATOLOGICAL DATA (WS FORM: F-6)
STATION: LONE ROCK WI
MONTH: FEBRUARY
YEAR: 2022
LATITUDE: 43 12 N
LONGITUDE: 90 11 W
TEMPERATURE IN F: :PCPN: SNOW: WIND :SUNSHINE: SKY :PK WND
================================================================================
1 2 3 4 5 6A 6B 7 8 9 10 11 12 13 14 15 16 17 18
12Z AVG MX 2MIN
DY MAX MIN AVG DEP HDD CDD WTR SNW DPTH SPD SPD DIR MIN PSBL S-S WX SPD DR
================================================================================
1 39 16 28 9 37 0 0.00 M M 10.5 23 280 M M 1 29 290
2 16 7 12 -7 53 0 0.00 M M 10.6 18 340 M M 2 26 310
3 14 -7 4 -15 61 0 0.00 M M 6.9 15 30 M M 0 23 360
4 15 -9 3 -17 62 0 T M M 5.8 15 300 M M 4 18 20 290
5 23 -6 9 -11 56 0 0.00 M M 6.6 21 160 M M 3 27 130
6 37 12 25 5 40 0 T M M 7.7 20 280 M M 6 18 25 300
7 24 11 18 -2 47 0 T M M 6.4 15 300 M M 6 21 310
8 37 12 25 5 40 0 0.00 M M 5.4 12 210 M M 1 16 230
9 38 19 29 8 36 0 T M M 10.4 20 330 M M 9 30 290
10 36 22 29 8 36 0 0.02 M M 11.7 20 210 M M 8 1 30 220
11 40 13 27 6 38 0 0.01 M M 14.1 26 280 M M 10 1 34 280
12 15 4 10 -12 55 0 0.00 M M 8.2 20 350 M M 5 29 350
13 13 2 8 -14 57 0 T M M 5.5 13 340 M M 5 8 17 310
14 24 9 17 -5 48 0 0.00 M M 2.4 8 150 M M 5 10 270
15 36 12 24 1 41 0 0.00 M M 9.9 21 140 M M 0 18 29 120
16 46 29 38 15 27 0 0.00 M M 6.6 17 350 M M 6 27 350
17 29 6 18 -6 47 0 0.00 M M 11.0 21 340 M M 5 30 360
18 39 2 21 -3 44 0 T M M 13.5 38 280 M M 5 18 52 260
19 20 4 12 -12 53 0 0.00 M M 12.1 29 290 M M 0 8 40 290
20 51 19 35 10 30 0 0.00 M M 8.6 23 230 M M 0 35 250
21 36 23 30 5 35 0 0.00 M M 14.8 24 70 M M 8 1 31 60
22 23 12 18 -8 47 0 0.06 M M 11.2 22 310 M M 10 138 29 320
23 20 5 13 -13 52 0 0.00 M M 8.7 17 300 M M 2 23 330
24 22 13 18 -8 47 0 0.02 M M 8.1 17 70 M M 9 1 23 60
25 25 8 17 -10 48 0 T M M 6.4 12 280 M M 6 17 340
26 31 -3 14 -13 51 0 0.00 M M 6.4 16 210 M M 0 24 240
27 39 16 28 0 37 0 0.00 M M 4.8 10 280 M M 0 14 280
28 48 23 36 8 29 0 0.00 M M 5.1 17 270 M M 1 24 280
================================================================================
SM 836 274 1254 0 0.11 M 239.4 M 117
================================================================================
AV 29.9 9.8 8.6 FASTST M M 4 MAX(MPH)
MISC ----> 38 280 52 260
================================================================================
NOTES:
# LAST OF SEVERAL OCCURRENCES
COLUMN 17 PEAK WIND IN M.P.H.
PRELIMINARY LOCAL CLIMATOLOGICAL DATA (WS FORM: F-6) , PAGE 2
STATION: LONE ROCK WI
MONTH: FEBRUARY
YEAR: 2022
LATITUDE: 43 12 N
LONGITUDE: 90 11 W
[TEMPERATURE DATA] [PRECIPITATION DATA] SYMBOLS USED IN COLUMN 16
AVERAGE MONTHLY: 19.8 TOTAL FOR MONTH: 0.11 1 = FOG OR MIST
DPTR FM NORMAL: -3.2 DPTR FM NORMAL: -0.76 2 = FOG REDUCING VISIBILITY
HIGHEST: 51 ON 20 GRTST 24HR 0.06 ON 22-22 TO 1/4 MILE OR LESS
LOWEST: -9 ON 4 3 = THUNDER
SNOW, ICE PELLETS, HAIL 4 = ICE PELLETS
TOTAL MONTH: M 5 = HAIL
GRTST 24HR M ON M 6 = FREEZING RAIN OR DRIZZLE
GRTST DEPTH: M ON M 7 = DUSTSTORM OR SANDSTORM:
VSBY 1/2 MILE OR LESS
8 = SMOKE OR HAZE
[NO. OF DAYS WITH] [WEATHER - DAYS WITH] 9 = BLOWING SNOW
X = TORNADO
MAX 32 OR BELOW: 15 0.01 INCH OR MORE: 4
MAX 90 OR ABOVE: 0 0.10 INCH OR MORE: 0
MIN 32 OR BELOW: 28 0.50 INCH OR MORE: 0
MIN 0 OR BELOW: 4 1.00 INCH OR MORE: 0
[HDD (BASE 65) ]
TOTAL THIS MO. 1254 CLEAR (SCALE 0-3) 12
DPTR FM NORMAL 78 PTCLDY (SCALE 4-7) 12
TOTAL FM JUL 1 5219 CLOUDY (SCALE 8-10) 4
DPTR FM NORMAL -142
[CDD (BASE 65) ]
TOTAL THIS MO. 0
DPTR FM NORMAL 0 [PRESSURE DATA]
TOTAL FM JAN 1 0 HIGHEST SLP 30.67 ON 3
DPTR FM NORMAL 0 LOWEST SLP 29.37 ON 11
[REMARKS]
#FINAL-02-22#