000
CXUS53 KMKX 010910
CF6LNR
PRELIMINARY LOCAL CLIMATOLOGICAL DATA (WS FORM: F-6)
STATION: LONE ROCK WI
MONTH: JANUARY
YEAR: 2024
LATITUDE: 43 12 N
LONGITUDE: 90 11 W
TEMPERATURE IN F: :PCPN: SNOW: WIND :SUNSHINE: SKY :PK WND
================================================================================
1 2 3 4 5 6A 6B 7 8 9 10 11 12 13 14 15 16 17 18
12Z AVG MX 2MIN
DY MAX MIN AVG DEP HDD CDD WTR SNW DPTH SPD SPD DIR MIN PSBL S-S WX SPD DR
================================================================================
1 31 25 28 8 37 0 0.00 M M 7.6 14 250 M M 10 19 250
2 33 21 27 7 38 0 0.00 M M 5.4 14 270 M M 7 21 270
3 36 31 34 14 31 0 0.00 M M 6.3 14 320 M M 10 19 320
4 31 19 25 5 40 0 0.00 M M 3.8 10 270 M M 9 14 270
5 37 17 27 7 38 0 0.00 M M 3.9 14 180 M M 2 17 180
6 33 27 30 11 35 0 0.01 M M 2.2 9 100 M M 9 18 12 100
7 35 28 32 13 33 0 0.00 M M 6.4 13 280 M M 10 17 280
8 34 25 30 11 35 0 0.01 M M 9.2 17 100 M M 10 1 22 100
9 34 32 33 14 32 0 0.20 M M 14.9 24 70 M M 10 12 31 60
10 33 25 29 10 36 0 0.06 M M 6.3 13 210 M M 9 1 20 210
11 30 16 23 4 42 0 0.02 M M 4.0 14 260 M M 8 1 18 250
12 31 24 28 9 37 0 0.18 M M 14.7 25 360 M M 10 128 39 360
13 27 -2 13 -5 52 0 T M M 16.3 22 280 M M 10 1 33 300
14 0 -11 -5 -23 70 0 T M M 11.1 21 280 M M 6 29 280
15 3 -15 -6 -24 71 0 0.00 M M 7.9 14 250 M M 2 20 250
16 4 -13 -4 -22 69 0 0.00 M M 9.4 23 270 M M 0 32 280
17 15 -14 1 -17 64 0 T M M 4.6 15 280 M M 3 20 290
18 14 -6 4 -14 61 0 0.01 M M 4.0 14 340 M M 4 19 330
19 9 -8 1 -17 64 0 T M M 8.6 15 320 M M 4 18 23 320
20 13 -15 -1 -19 66 0 0.00 M M 5.1 10 280 M M 0 13 250
21 22 -18 2 -16 63 0 0.00 M M 5.8 17 180 M M 4 25 190
22 34 22 28 10 37 0 0.00 M M 6.8 15 210 M M 7 1 21 220
23 35 31 33 15 32 0 T M M 7.0 12 80 M M 10 18 18 70
24 37 33 35 17 30 0 0.00 M M 2.9 8 120 M M 10 12 11 130
25 37 33 35 17 30 0 0.10 M M 2.3 8 110 M M 10 12 9 110
26 38 33 36 18 29 0 0.25 M M 1.2 5 260 M M 10 12 7 10
27 40 33 37 19 28 0 T M M 4.8 12 340 M M 10 12 16 350
28 34 31 33 15 32 0 T M M 7.0 14 300 M M 10 1 17 310
29 38 29 34 15 31 0 0.00 M M 5.1 13 190 M M 8 1 18 180
30 40 35 38 19 27 0 T M M 5.5 14 350 M M 10 1 18 350
31 43 29 36 17 29 0 0.00 M M 6.1 13 230 M M 5 1 19 230
================================================================================
SM 881 497 1319 0 0.84 M 206.2 M 227
================================================================================
AV 28.4 16.0 6.7 FASTST M M 7 MAX(MPH)
MISC ----> 25 360 39 360
================================================================================
NOTES:
# LAST OF SEVERAL OCCURRENCES
COLUMN 17 PEAK WIND IN M.P.H.
PRELIMINARY LOCAL CLIMATOLOGICAL DATA (WS FORM: F-6) , PAGE 2
STATION: LONE ROCK WI
MONTH: JANUARY
YEAR: 2024
LATITUDE: 43 12 N
LONGITUDE: 90 11 W
[TEMPERATURE DATA] [PRECIPITATION DATA] SYMBOLS USED IN COLUMN 16
AVERAGE MONTHLY: 22.2 TOTAL FOR MONTH: 0.84 1 = FOG OR MIST
DPTR FM NORMAL: 3.5 DPTR FM NORMAL: -0.04 2 = FOG REDUCING VISIBILITY
HIGHEST: 43 ON 31 GRTST 24HR 0.55 ON 12-12 TO 1/4 MILE OR LESS
LOWEST: -18 ON 21 3 = THUNDER
SNOW, ICE PELLETS, HAIL 4 = ICE PELLETS
TOTAL MONTH: M 5 = HAIL
GRTST 24HR M ON M 6 = FREEZING RAIN OR DRIZZLE
GRTST DEPTH: M ON M 7 = DUSTSTORM OR SANDSTORM:
VSBY 1/2 MILE OR LESS
8 = SMOKE OR HAZE
[NO. OF DAYS WITH] [WEATHER - DAYS WITH] 9 = BLOWING SNOW
X = TORNADO
MAX 32 OR BELOW: 13 0.01 INCH OR MORE: 9
MAX 90 OR ABOVE: 0 0.10 INCH OR MORE: 4
MIN 32 OR BELOW: 26 0.50 INCH OR MORE: 0
MIN 0 OR BELOW: 9 1.00 INCH OR MORE: 0
[HDD (BASE 65) ]
TOTAL THIS MO. 1319 CLEAR (SCALE 0-3) 5
DPTR FM NORMAL -116 PTCLDY (SCALE 4-7) 8
TOTAL FM JUL 1 3316 CLOUDY (SCALE 8-10) 18
DPTR FM NORMAL -870
[CDD (BASE 65) ]
TOTAL THIS MO. 0
DPTR FM NORMAL 0 [PRESSURE DATA]
TOTAL FM JAN 1 0 HIGHEST SLP 30.67 ON 20
DPTR FM NORMAL 0 LOWEST SLP 29.18 ON 9
[REMARKS]
#FINAL-01-24#