000
CXUS53 KLMK 010710
CF6LOU
PRELIMINARY LOCAL CLIMATOLOGICAL DATA (WS FORM: F-6)
STATION: LOUISVILLE BOWMAN KY
MONTH: JULY
YEAR: 2022
LATITUDE: 38 13 N
LONGITUDE: 85 39 W
TEMPERATURE IN F: :PCPN: SNOW: WIND :SUNSHINE: SKY :PK WND
================================================================================
1 2 3 4 5 6A 6B 7 8 9 10 11 12 13 14 15 16 17 18
12Z AVG MX 2MIN
DY MAX MIN AVG DEP HDD CDD WTR SNW DPTH SPD SPD DIR MIN PSBL S-S WX SPD DR
================================================================================
1 94 77 86 8 0 21 0.00 M M 6.8 16 220 M M 2 22 220
2 91 74 83 5 0 18 T M M 4.5 10 40 M M 2 16 340
3 87 69 78 0 0 13 0.34 M M 4.7 17 20 M M 6 18 24 10
4 95 68 82 4 0 17 T M M 4.0 10 130 M M 1 17 120
5 98 77 88 10 0 23 0.00 M M 5.4 14 230 M M 1 20 220
6 98 76 87 9 0 22 0.14 M M 6.0 28 280 M M 0 3 45 270
7 91 75 83 5 0 18 T M M 3.4 17 320 M M 6 18 25 10
8 81 73 77 -1 0 12 0.97 M M 4.4 13 290 M M 5 13 19 300
9 77 70 74 -5 0 9 0.12 M M 6.2 15 70 M M 8 1 22 50
10 88 66 77 -2 0 12 0.00 M M 4.9 13 20 M M 1 19 20
11 90 67 79 0 0 14 0.00 M M 4.1 15 170 M M 1 1 20 170
12 90 72 81 2 0 16 0.00 M M 6.3 16 280 M M 1 23 310
13 89 63 76 -3 0 11 0.00 M M 2.9 13 280 M M 2 18 290
14 89 68 79 0 0 14 0.00 M M 3.2 16 10 M M 1 24 30
15 89 65 77 -2 0 12 0.00 M M 2.3 9 30 M M 2 1 13 40
16 94 74 84 5 0 19 T M M 8.1 18 200 M M 3 27 210
17 82 74 78 -1 0 13 0.42 M M 7.5 21 230 M M 6 1 30 230
18 86 73 80 1 0 15 0.92 M M 3.6 10 230 M M 6 13 14 220
19 91 70 81 2 0 16 0.00 M M 3.7 10 190 M M 2 1 14 200
20 96 76 86 7 0 21 0.00 M M 8.7 17 220 M M 3 25 190
21 92 72 82 3 0 17 0.00 M M 3.9 13 290 M M 0 19 280
22 95 68 82 3 0 17 0.00 M M 4.8 14 230 M M 0 21 240
23 96 75 86 7 0 21 0.00 M M 5.4 15 70 M M 0 21 20
24 92 77 85 6 0 20 0.14 M M 9.7 18 220 M M 1 138 26 190
25 86 75 81 2 0 16 0.23 M M 5.0 21 240 M M 4 1 30 230
26 80 71 76 -3 0 11 1.01 M M 3.2 10 280 M M 7 13 15 310
27 89 74 82 3 0 17 0.04 M M 5.1 14 270 M M 4 1 23 220
28 90 71 81 2 0 16 1.02 M M 7.1 21 280 M M 6 13 30 350
29 84 67 76 -3 0 11 0.00 M M 3.5 15 290 M M 6 1 23 290
30 83 63 73 -6 0 8 0.00 M M 2.4 9 60 M M 1 13 30
31 80 68 74 -5 0 9 1.61 M M 3.9 9 110 M M 9 1 13 100
================================================================================
SM 2763 2208 0 479 6.96 M 154.7 M 97
================================================================================
AV 89.1 71.2 5.0 FASTST M M 3 MAX(MPH)
MISC ----> 28 280 45 270
================================================================================
NOTES:
# LAST OF SEVERAL OCCURRENCES
COLUMN 17 PEAK WIND IN M.P.H.
PRELIMINARY LOCAL CLIMATOLOGICAL DATA (WS FORM: F-6) , PAGE 2
STATION: LOUISVILLE BOWMAN KY
MONTH: JULY
YEAR: 2022
LATITUDE: 38 13 N
LONGITUDE: 85 39 W
[TEMPERATURE DATA] [PRECIPITATION DATA] SYMBOLS USED IN COLUMN 16
AVERAGE MONTHLY: 80.2 TOTAL FOR MONTH: 6.96 1 = FOG OR MIST
DPTR FM NORMAL: 1.6 DPTR FM NORMAL: 2.40 2 = FOG REDUCING VISIBILITY
HIGHEST: 98 ON 6, 5 GRTST 24HR 1.61 ON 31-31 TO 1/4 MILE OR LESS
LOWEST: 63 ON 30,13 3 = THUNDER
SNOW, ICE PELLETS, HAIL 4 = ICE PELLETS
TOTAL MONTH: M 5 = HAIL
GRTST 24HR M ON M 6 = FREEZING RAIN OR DRIZZLE
GRTST DEPTH: M ON M 7 = DUSTSTORM OR SANDSTORM:
VSBY 1/2 MILE OR LESS
8 = SMOKE OR HAZE
[NO. OF DAYS WITH] [WEATHER - DAYS WITH] 9 = BLOWING SNOW
X = TORNADO
MAX 32 OR BELOW: 0 0.01 INCH OR MORE: 12
MAX 90 OR ABOVE: 16 0.10 INCH OR MORE: 11
MIN 32 OR BELOW: 0 0.50 INCH OR MORE: 5
MIN 0 OR BELOW: 0 1.00 INCH OR MORE: 3
[HDD (BASE 65) ]
TOTAL THIS MO. 0 CLEAR (SCALE 0-3) 19
DPTR FM NORMAL 0 PTCLDY (SCALE 4-7) 11
TOTAL FM JUL 1 0 CLOUDY (SCALE 8-10) 1
DPTR FM NORMAL 0
[CDD (BASE 65) ]
TOTAL THIS MO. 479
DPTR FM NORMAL 57 [PRESSURE DATA]
TOTAL FM JAN 1 1028 HIGHEST SLP M ON M
DPTR FM NORMAL 110 LOWEST SLP 29.67 ON 20
[REMARKS]
#FINAL-07-22#