000
CXUS55 KLMK 011340
CLMLOU
CLIMATE REPORT
NATIONAL WEATHER SERVICE LOUISVILLE KY
840 AM EST FRI MAR 01 2024
...................................
...THE LOUISVILLE BOWMAN KY CLIMATE SUMMARY FOR THE MONTH OF FEBRUARY 2024...
CLIMATE NORMAL PERIOD 1991 TO 2020
CLIMATE RECORD PERIOD 9999 TO 9999
WEATHER OBSERVED NORMAL DEPART LAST YEAR`S
VALUE DATE(S) VALUE FROM VALUE DATE(S)
NORMAL
................................................................
TEMPERATURE (F)
RECORD
HIGH MM MM
LOW 7 02/16/2021
HIGHEST 75 02/26 MM MM 76 02/22
LOWEST 15 02/18 MM MM 18 02/04
AVG. MAXIMUM 56.9 47.5 9.4 56.0
AVG. MINIMUM 32.5 29.8 2.7 34.5
MEAN 44.7 38.7 6.0 45.2
DAYS MAX >= 90 0 0.0 0.0 0
DAYS MAX <= 32 1 4.0 -3.0 1
DAYS MIN <= 32 16 18.2 -2.2 13
DAYS MIN <= 0 0 0.2 -0.2 0
PRECIPITATION (INCHES)
RECORD
MAXIMUM 6.81 2022
TOTALS 1.34R 3.27 -1.93 2.90
DAILY AVG. 0.05 NAN NAN 0.10
DAYS >= .01 6 10.6 -4.6 8
DAYS >= .10 4 6.5 -2.5 4
DAYS >= .50 1 2.5 -1.5 1
DAYS >= 1.00 0 1.0 -1.0 1
GREATEST
24 HR. TOTAL 0.54 02/22 TO 02/22
DEGREE DAYS
HEATING TOTAL 581 738 -157 544
SINCE 7/1 3006 3325 -319 MM
COOLING TOTAL 0 0 0 0
SINCE 1/1 0 0 0 MM
................................................................
WIND (MPH)
AVERAGE WIND SPEED 7.4
HIGHEST WIND SPEED/DIRECTION 28/200 DATE 02/28
HIGHEST GUST SPEED/DIRECTION 42/190 DATE 02/28
SKY COVER
POSSIBLE SUNSHINE (PERCENT) MM
AVERAGE SKY COVER 0.28
NUMBER OF DAYS FAIR 18
NUMBER OF DAYS PC 8
NUMBER OF DAYS CLOUDY 3
AVERAGE RH (PERCENT) 62
WEATHER CONDITIONS. NUMBER OF DAYS WITH
THUNDERSTORM 4 MIXED PRECIP 0
HEAVY RAIN 2 RAIN 4
LIGHT RAIN 7 FREEZING RAIN 0
LT FREEZING RAIN 0 HAIL 0
HEAVY SNOW 0 SNOW 0
LIGHT SNOW 1 SLEET 0
FOG 7 FOG W/VIS <= 1/4 MILE 1
HAZE 0
- INDICATES NEGATIVE NUMBERS.
R INDICATES RECORD WAS SET OR TIED.
MM INDICATES DATA IS MISSING.
T INDICATES TRACE AMOUNT.
$$