000
CXUS53 KARX 012113
CF6LSE
PRELIMINARY LOCAL CLIMATOLOGICAL DATA (WS FORM: F-6)
STATION: LA CROSSE WI
MONTH: JUNE
YEAR: 2023
LATITUDE: 43 52 N
LONGITUDE: 91 15 W
TEMPERATURE IN F: :PCPN: SNOW: WIND :SUNSHINE: SKY :PK WND
================================================================================
1 2 3 4 5 6A 6B 7 8 9 10 11 12 13 14 15 16 17 18
12Z AVG MX 2MIN
DY MAX MIN AVG DEP HDD CDD WTR SNW DPTH SPD SPD DIR MIN PSBL S-S WX SPD DR
================================================================================
1 93 66 80 13 0 15 0.00 0.0 0 6.8 20 220 M M 0 3 25 190
2 92 68 80 13 0 15 0.10 0.0 0 4.5 18 280 M M 2 3 26 290
3 93 64 79 11 0 14 0.00 0.0 0 4.7 13 80 M M 1 19 70
4 91 67 79 11 0 14 0.00 0.0 0 5.1 13 80 M M 2 8 20 50
5 88 62 75 7 0 10 0.00 0.0 0 4.2 9 180 M M 1 8 13 270
6 84 67 76 8 0 11 0.00 0.0 0 4.8 13 80 M M 5 18 17 70
7 81 58 70 1 0 5 0.00 0.0 0 5.7 14 70 M M 1 19 90
8 80 52 66 -3 0 1 0.00 0.0 0 5.0 13 290 M M 0 17 300
9 86 49 68 -1 0 3 0.00 0.0 0 3.5 10 230 M M 0 14 280
10 84 61 73 3 0 8 0.00 0.0 0 6.7 17 30 M M 4 30 30
11 68 49 59 -11 6 0 0.01 0.0 0 8.5 17 350 M M 7 26 350
12 78 43 61 -9 4 0 T 0.0 0 6.7 21 340 M M 4 3 27 340
13 83 55 69 -2 0 4 0.06 0.0 0 4.3 20 340 M M 4 25 340
14 88 57 73 2 0 8 0.00 0.0 0 4.0 10 310 M M 2 8 15 290
15 75 53 64 -7 1 0 0.00 0.0 0 8.7 16 50 M M 2 8 23 50
16 80 47 64 -8 1 0 0.00 0.0 0 3.8 10 320 M M 2 17 210
17 84 56 70 -2 0 5 0.00 0.0 0 6.4 14 190 M M 0 20 150
18 82 65 74 2 0 9 1.81 0.0 0 6.3 16 300 M M 6 138 23 300
19 89 66 78 6 0 13 0.01 0.0 0 6.0 15 160 M M 2 13 22 190
20 90 64 77 5 0 12 0.00 0.0 0 6.2 14 140 M M 0 22 120
21 91 61 76 3 0 11 0.00 0.0 0 5.2 10 150 M M 1 14 310
22 91 66 79 6 0 14 0.00 0.0 0 4.7 12 360 M M 1 16 280
23 92 63 78 5 0 13 0.00 0.0 0 5.7 10 220 M M 0 14 190
24 91 66 79 6 0 14 0.11 0.0 0 8.4 23 120 M M 3 36 120
25 77 67 72 -2 0 7 0.30 0.0 0 10.8 24 310 M M 8 138 32 290
26 79 62 71 -3 0 6 0.00 0.0 0 12.1 22 340 M M 8 18 27 320
27 86 57 72 -2 0 7 0.00 0.0 0 5.4 8 210 M M 4 18 M M
28 86 66 76 2 0 11 0.00 0.0 0 12.4 21 190 M M 5 18 29 150
29 90 68 79 5 0 14 0.00 0.0 0 5.4 13 280 M M 2 8 19 290
30 88 65 77 3 0 12 0.00 0.0 0 4.8 14 220 M M 2 18 200
================================================================================
SM 2560 1810 12 256 2.40 0.0 186.8 M 79
================================================================================
AV 85.3 60.3 6.2 FASTST M M 3 MAX(MPH)
MISC ----> 24 310 36 120
================================================================================
NOTES:
# LAST OF SEVERAL OCCURRENCES
COLUMN 17 PEAK WIND IN M.P.H.
PRELIMINARY LOCAL CLIMATOLOGICAL DATA (WS FORM: F-6) , PAGE 2
STATION: LA CROSSE WI
MONTH: JUNE
YEAR: 2023
LATITUDE: 43 52 N
LONGITUDE: 91 15 W
[TEMPERATURE DATA] [PRECIPITATION DATA] SYMBOLS USED IN COLUMN 16
AVERAGE MONTHLY: 72.8 TOTAL FOR MONTH: 2.40 1 = FOG OR MIST
DPTR FM NORMAL: 1.8 DPTR FM NORMAL: -2.68 2 = FOG REDUCING VISIBILITY
HIGHEST: 93 ON 3, 1 GRTST 24HR 1.82 ON 18-19 TO 1/4 MILE OR LESS
LOWEST: 43 ON 12 3 = THUNDER
SNOW, ICE PELLETS, HAIL 4 = ICE PELLETS
TOTAL MONTH: 0.0 INCH 5 = HAIL
GRTST 24HR 0.0 6 = FREEZING RAIN OR DRIZZLE
GRTST DEPTH: 0 7 = DUSTSTORM OR SANDSTORM:
VSBY 1/2 MILE OR LESS
8 = SMOKE OR HAZE
[NO. OF DAYS WITH] [WEATHER - DAYS WITH] 9 = BLOWING SNOW
X = TORNADO
MAX 32 OR BELOW: 0 0.01 INCH OR MORE: 7
MAX 90 OR ABOVE: 10 0.10 INCH OR MORE: 4
MIN 32 OR BELOW: 0 0.50 INCH OR MORE: 1
MIN 0 OR BELOW: 0 1.00 INCH OR MORE: 1
[HDD (BASE 65) ]
TOTAL THIS MO. 12 CLEAR (SCALE 0-3) 20
DPTR FM NORMAL -12 PTCLDY (SCALE 4-7) 10
TOTAL FM JUL 1 6592 CLOUDY (SCALE 8-10) 0
DPTR FM NORMAL -191
[CDD (BASE 65) ]
TOTAL THIS MO. 256
DPTR FM NORMAL 50 [PRESSURE DATA]
TOTAL FM JAN 1 335 HIGHEST SLP M ON M
DPTR FM NORMAL 63 LOWEST SLP 29.50 ON 25
[REMARKS]
#FINAL-06-23#