000
CXUS54 KFWD 010830
CF6LUD
PRELIMINARY LOCAL CLIMATOLOGICAL DATA (WS FORM: F-6)
STATION: DECATUR
MONTH: FEBRUARY
YEAR: 2022
LATITUDE: 33 15 N
LONGITUDE: 97 30 W
TEMPERATURE IN F: :PCPN: SNOW: WIND :SUNSHINE: SKY :PK WND
================================================================================
1 2 3 4 5 6A 6B 7 8 9 10 11 12 13 14 15 16 17 18
12Z AVG MX 2MIN
DY MAX MIN AVG DEP HDD CDD WTR SNW DPTH SPD SPD DIR MIN PSBL S-S WX SPD DR
================================================================================
1 69 54 62 19 3 0 0.00 M M 10.0 17 170 M M 6 24 170
2 57 25 41 -2 24 0 0.11 M M 7.4 14 10 M M 9 23 360
3 25 16 21 -22 44 0 0.00 M M 5.1 7 310 M M 8 18 M M
4 32 16 24 -20 41 0 0.00 M M 3.7 7 320 M M 3 M M
5 47 22 35 -9 30 0 0.00 M M 6.3 10 170 M M 0 16 170
6 55 31 43 -1 22 0 0.00 M M 5.6 10 170 M M 0 M M
7 56 32 44 0 21 0 0.00 M M 5.7 9 330 M M 0 16 340
8 67 40 54 10 11 0 0.00 M M 9.2 14 230 M M 0 24 230
9 69 38 54 10 11 0 0.00 M M 3.5 7 220 M M 0 M M
10 70 44 57 12 8 0 0.00 M M 3.5 8 80 M M 0 16 80
11 75 47 61 16 4 0 0.00 M M 8.1 18 40 M M 0 24 40
12 54 34 44 -1 21 0 0.00 M M 10.3 18 40 M M 3 32 10
13 64 29 47 2 18 0 0.00 M M 5.6 12 320 M M 0 M M
14 72 44 58 13 7 0 0.00 M M 9.6 14 180 M M 0 22 180
15 70 44 57 11 8 0 0.00 M M 16.4 23 170 M M 0 31 170
16 72 60 66 20 0 1 0.00 M M 17.4 24 170 M M 7 33 180
17 66 28 47 1 18 0 0.21 M M 12.3 20 330 M M 9 1 32 330
18 52 21 37 -9 28 0 0.00 M M 2.3 6 160 M M 0 M M
19 64 38 51 4 14 0 0.00 M M 6.2 12 170 M M 0 M M
20 69 46 58 11 7 0 0.00 M M 12.6 17 170 M M 0 25 190
21 81 53 67 20 0 2 0.96 M M 10.3 20 280 M M 2 1 38 90
22 63 28 46 -1 19 0 0.37 M M 10.2 18 210 M M 2 29 210
23 28 20 24 -24 41 0 M M M 8.4 13 20 M M 9 18 22 10
24 28 19 24 -24 41 0 0.00 M M 6.0 9 320 M M 10 1 17 330
25 36 19 28 -20 37 0 0.00 M M 7.2 13 10 M M 4 20 360
26 38 31 35 -13 30 0 0.01 M M 4.3 10 80 M M 9 8 M M
27 57 27 42 -7 23 0 0.00 M M 4.3 8 340 M M 0 1 16 320
28 65 35 50 1 15 0 0.00 M M 3.5 7 160 M M 0 8 M M
================================================================================
SM 1601 941 546 3 1.66 M 214.9 M 81
================================================================================
AV 57.2 33.6 7.7 FASTST M M 3 MAX(MPH)
MISC ----> 24 170 38 90
================================================================================
NOTES:
# LAST OF SEVERAL OCCURRENCES
COLUMN 17 PEAK WIND IN M.P.H.
PRELIMINARY LOCAL CLIMATOLOGICAL DATA (WS FORM: F-6) , PAGE 2
STATION: DECATUR
MONTH: FEBRUARY
YEAR: 2022
LATITUDE: 33 15 N
LONGITUDE: 97 30 W
[TEMPERATURE DATA] [PRECIPITATION DATA] SYMBOLS USED IN COLUMN 16
AVERAGE MONTHLY: 45.4 TOTAL FOR MONTH: 1.66 1 = FOG OR MIST
DPTR FM NORMAL: -0.3 DPTR FM NORMAL: -0.92 2 = FOG REDUCING VISIBILITY
HIGHEST: 81 ON 21 GRTST 24HR 0.96 ON 21-21 TO 1/4 MILE OR LESS
LOWEST: 16 ON 4, 3 3 = THUNDER
SNOW, ICE PELLETS, HAIL 4 = ICE PELLETS
TOTAL MONTH: M 5 = HAIL
GRTST 24HR M ON M 6 = FREEZING RAIN OR DRIZZLE
GRTST DEPTH: M ON M 7 = DUSTSTORM OR SANDSTORM:
VSBY 1/2 MILE OR LESS
8 = SMOKE OR HAZE
[NO. OF DAYS WITH] [WEATHER - DAYS WITH] 9 = BLOWING SNOW
X = TORNADO
MAX 32 OR BELOW: 4 0.01 INCH OR MORE: 5
MAX 90 OR ABOVE: 0 0.10 INCH OR MORE: 4
MIN 32 OR BELOW: 15 0.50 INCH OR MORE: 1
MIN 0 OR BELOW: 0 1.00 INCH OR MORE: 0
[HDD (BASE 65) ]
TOTAL THIS MO. 546 CLEAR (SCALE 0-3) 18
DPTR FM NORMAL 4 PTCLDY (SCALE 4-7) 4
TOTAL FM JUL 1 1669 CLOUDY (SCALE 8-10) 6
DPTR FM NORMAL -732
[CDD (BASE 65) ]
TOTAL THIS MO. 3
DPTR FM NORMAL 1 [PRESSURE DATA]
TOTAL FM JAN 1 3 HIGHEST SLP M ON M
DPTR FM NORMAL 3 LOWEST SLP M ON M
[REMARKS]
#FINAL-02-22#