000
CXUS54 KHGX 020714
CF6LVJ
PRELIMINARY LOCAL CLIMATOLOGICAL DATA (WS FORM: F-6)
STATION: HOUSTON/CLOVER_FIELD
MONTH: MAY
YEAR: 2022
LATITUDE: 29 31 N
LONGITUDE: 95 14 W
TEMPERATURE IN F: :PCPN: SNOW: WIND :SUNSHINE: SKY :PK WND
================================================================================
1 2 3 4 5 6A 6B 7 8 9 10 11 12 13 14 15 16 17 18
12Z AVG MX 2MIN
DY MAX MIN AVG DEP HDD CDD WTR SNW DPTH SPD SPD DIR MIN PSBL S-S WX SPD DR
================================================================================
1 88 72 80 6 0 15 0.01 0.0 0 8.1 18 140 M M 5 13 23 130
2 85 75 80 6 0 15 T 0.0 0 12.4 21 160 M M 5 31 150
3 86 76 81 7 0 16 0.01 0.0 0 10.0 20 140 M M 7 26 130
4 87 76 82 7 0 17 0.00 0.0 0 11.8 21 140 M M 7 29 130
5 86 69 78 3 0 13 0.42 0.0 0 12.4 36 10 M M 5 13 47 20
6 90 67 79 4 0 14 0.05 0.0 0 5.0 15 170 M M 2 138 23 200
7 89 75 82 7 0 17 0.00 0.0 0 7.6 16 160 M M 8 18 23 140
8 90 76 83 7 0 18 0.00 0.0 0 10.4 18 140 M M 4 18 27 150
9 90 79 85 9 0 20 0.00 0.0 0 11.4 20 150 M M 6 27 130
10 89 76 83 7 0 18 0.00 0.0 0 10.0 18 130 M M 3 24 140
11 89 71 80 4 0 15 0.00 0.0 0 5.7 16 140 M M 2 1 24 140
12 89 67 78 1 0 13 0.00 0.0 0 4.1 14 140 M M 0 22 140
13 89 66 78 1 0 13 0.00 0.0 0 4.9 14 180 M M 2 20 180
14 88 69 79 2 0 14 0.00 0.0 0 4.8 17 150 M M 3 25 160
15 91 68 80 2 0 15 0.00 0.0 0 4.3 14 200 M M 2 22 210
16 93 70 82 4 0 17 0.00 0.0 0 4.6 17 230 M M 0 1 27 230
17 91 69 80 2 0 15 0.00 0.0 0 5.4 17 160 M M 2 27 130
18 92 72 82 4 0 17 0.00 0.0 0 9.2 20 180 M M 1 27 180
19 90 77 84 5 0 19 0.00 0.0 0 11.0 20 140 M M 3 29 140
20 90 78 84 5 0 19 0.00 0.0 0 14.0 26 140 M M 6 8 39 130
21 91 80 86 7 0 21 0.00 0.0 0 11.3 18 140 M M 9 18 25 120
22 84 70 77 -2 0 12 0.23 0.0 0 6.5 29 330 M M 2 13 41 330
23 84 71 78 -2 0 13 0.00 0.0 0 8.0 14 100 M M 4 21 70
24 84 73 79 -1 0 14 1.08 0.0 0 5.0 18 100 M M 2 3 34 170
25 84 66 75 -5 0 10 M 0.0 0 6.4 26 310 M M 1 3 42 310
26 93 61 77 -3 0 12 0.00 0.0 0 4.1 13 270 M M 0 18 270
27 95 71 83 2 0 18 0.00 0.0 0 4.3 13 340 M M 1 17 240
28 94 68 81 0 0 16 0.00 0.0 0 4.6 15 130 M M 1 22 160
29 90 74 82 1 0 17 0.00 0.0 0 8.7 18 170 M M 3 28 180
30 90 79 85 4 0 20 T 0.0 0 13.1 22 140 M M 4 35 160
31 91 79 85 3 0 20 T 0.0 0 10.3 18 140 M M 4 25 130
================================================================================
SM 2762 2240 0 493 1.80 0.0 249.4 M 104
================================================================================
AV 89.1 72.3 8.0 FASTST M M 3 MAX(MPH)
MISC ----> 36 10 47 20
================================================================================
NOTES:
# LAST OF SEVERAL OCCURRENCES
COLUMN 17 PEAK WIND IN M.P.H.
PRELIMINARY LOCAL CLIMATOLOGICAL DATA (WS FORM: F-6) , PAGE 2
STATION: HOUSTON/CLOVER_FIELD
MONTH: MAY
YEAR: 2022
LATITUDE: 29 31 N
LONGITUDE: 95 14 W
[TEMPERATURE DATA] [PRECIPITATION DATA] SYMBOLS USED IN COLUMN 16
AVERAGE MONTHLY: 80.7 TOTAL FOR MONTH: 1.80 1 = FOG OR MIST
DPTR FM NORMAL: 3.0 DPTR FM NORMAL: -3.33 2 = FOG REDUCING VISIBILITY
HIGHEST: 95 ON 27 GRTST 24HR 1.08 ON 24-24 TO 1/4 MILE OR LESS
LOWEST: 61 ON 26 3 = THUNDER
SNOW, ICE PELLETS, HAIL 4 = ICE PELLETS
TOTAL MONTH: 0.0 INCH 5 = HAIL
GRTST 24HR 0.0 6 = FREEZING RAIN OR DRIZZLE
GRTST DEPTH: 0 7 = DUSTSTORM OR SANDSTORM:
VSBY 1/2 MILE OR LESS
8 = SMOKE OR HAZE
[NO. OF DAYS WITH] [WEATHER - DAYS WITH] 9 = BLOWING SNOW
X = TORNADO
MAX 32 OR BELOW: 0 0.01 INCH OR MORE: 6
MAX 90 OR ABOVE: 16 0.10 INCH OR MORE: 3
MIN 32 OR BELOW: 0 0.50 INCH OR MORE: 1
MIN 0 OR BELOW: 0 1.00 INCH OR MORE: 1
[HDD (BASE 65) ]
TOTAL THIS MO. 0 CLEAR (SCALE 0-3) 18
DPTR FM NORMAL -1 PTCLDY (SCALE 4-7) 11
TOTAL FM JUL 1 1003 CLOUDY (SCALE 8-10) 2
DPTR FM NORMAL -68
[CDD (BASE 65) ]
TOTAL THIS MO. 493
DPTR FM NORMAL 97 [PRESSURE DATA]
TOTAL FM JAN 1 845 HIGHEST SLP 30.18 ON 22
DPTR FM NORMAL 106 LOWEST SLP 29.67 ON 25
[REMARKS]
#FINAL-05-22#