000
CXUS55 KBYZ 171123
CF6LVM
PRELIMINARY LOCAL CLIMATOLOGICAL DATA (WS FORM: F-6)
STATION: LIVINGSTON MT
MONTH: MAY
YEAR: 2022
LATITUDE: 45 41 N
LONGITUDE: 110 26 W
TEMPERATURE IN F: :PCPN: SNOW: WIND :SUNSHINE: SKY :PK WND
================================================================================
1 2 3 4 5 6A 6B 7 8 9 10 11 12 13 14 15 16 17 18
12Z AVG MX 2MIN
DY MAX MIN AVG DEP HDD CDD WTR SNW DPTH SPD SPD DIR MIN PSBL S-S WX SPD DR
================================================================================
1 45 39 42 -4 23 0 0.13 M M 16.1 25 70 M M 10 1 31 80
2 60 38 49 3 16 0 0.00 M M 14.6 23 70 M M 6 31 70
3 47 41 44 -3 21 0 0.52 M M 10.7 20 220 M M 9 1 27 220
4 66 33 50 3 15 0 0.00 M M 11.8 21 270 M M 0 26 280
5 75 38 57 10 8 0 0.00 M M 19.1 39 210 M M 1 49 210
6 71 48 60 12 5 0 T M M 28.3 45 210 M M 5 54 210
7 61 40 51 3 14 0 0.17 M M 19.2 37 250 M M 8 3 46 250
8 51 33 42 -6 23 0 0.25 M M 11.4 29 290 M M 8 1 34 290
9 43 26 35 -14 30 0 0.07 M M 15.6 32 210 M M 7 1 41 200
10 56 31 44 -5 21 0 0.00 M M 12.3 28 210 M M 2 35 210
11 61 24 43 -7 22 0 0.00 M M 10.9 23 70 M M 2 35 60
12 51 40 46 -4 19 0 0.31 M M 16.0 31 220 M M 9 1 37 220
13 59 38 49 -1 16 0 T M M 20.9 38 220 M M 4 47 210
14 61 40 51 1 14 0 0.02 M M 14.5 30 260 M M 7 3 37 270
15 74 39 57 6 8 0 0.00 M M 11.4 25 230 M M 1 35 230
16 74 48 61 10 4 0 0.61 M M 11.8 29 240 M M 5 13 33 240
17 72 45 59 7 6 0 T M M 12.4 26 280 M M 3 32 270
18 72 40 56 4 9 0 T M M 16.1 38 270 M M 4 44 240
19 58 37 48 -4 17 0 0.10 M M 23.1 40 300 M M 7 1 50 300
20 51 26 39 -13 26 0 0.01 M M 9.8 26 340 M M 8 1 33 320
21 54 24 39 -14 26 0 0.00 M M 8.9 21 70 M M 6 26 60
22 54 32 43 -10 22 0 T M M 8.1 17 160 M M 5 23 90
23 62 29 46 -7 19 0 0.00 M M 8.5 18 260 M M 4 24 260
24 64 31 48 -6 17 0 T M M 6.5 24 330 M M 5 28 330
25 75 37 56 2 9 0 0.00 M M 13.7 31 270 M M 3 37 270
26 80 40 60 6 5 0 0.00 M M 7.8 18 270 M M 1 26 280
27 75 54 65 11 0 0 0.04 M M 14.9 39 270 M M 5 49 270
28 56 47 52 -3 13 0 0.54 M M 7.5 24 240 M M 9 1 30 230
29 57 44 51 -4 14 0 0.65 M M 6.2 18 90 M M 9 1 23 80
30 53 42 48 -7 17 0 0.63 M M 10.4 24 320 M M 10 1 31 320
31 60 37 49 -6 16 0 0.11 M M 8.4 22 140 M M 6 1 24 140
================================================================================
SM 1898 1161 475 0 4.16 M 406.9 M 169
================================================================================
AV 61.2 37.5 13.1 FASTST M M 5 MAX(MPH)
MISC ----> 45 210 54 210
================================================================================
NOTES:
# LAST OF SEVERAL OCCURRENCES
COLUMN 17 PEAK WIND IN M.P.H.
PRELIMINARY LOCAL CLIMATOLOGICAL DATA (WS FORM: F-6) , PAGE 2
STATION: LIVINGSTON MT
MONTH: MAY
YEAR: 2022
LATITUDE: 45 41 N
LONGITUDE: 110 26 W
[TEMPERATURE DATA] [PRECIPITATION DATA] SYMBOLS USED IN COLUMN 16
AVERAGE MONTHLY: 49.3 TOTAL FOR MONTH: 4.16 1 = FOG OR MIST
DPTR FM NORMAL: -1.7 DPTR FM NORMAL: 1.50 2 = FOG REDUCING VISIBILITY
HIGHEST: 80 ON 26 GRTST 24HR 1.21 ON 29-30 TO 1/4 MILE OR LESS
LOWEST: 24 ON 21,11 3 = THUNDER
SNOW, ICE PELLETS, HAIL 4 = ICE PELLETS
TOTAL MONTH: M 5 = HAIL
GRTST 24HR M ON M 6 = FREEZING RAIN OR DRIZZLE
GRTST DEPTH: M ON M 7 = DUSTSTORM OR SANDSTORM:
VSBY 1/2 MILE OR LESS
8 = SMOKE OR HAZE
[NO. OF DAYS WITH] [WEATHER - DAYS WITH] 9 = BLOWING SNOW
X = TORNADO
MAX 32 OR BELOW: 0 0.01 INCH OR MORE: 15
MAX 90 OR ABOVE: 0 0.10 INCH OR MORE: 11
MIN 32 OR BELOW: 8 0.50 INCH OR MORE: 5
MIN 0 OR BELOW: 0 1.00 INCH OR MORE: 0
[HDD (BASE 65) ]
TOTAL THIS MO. 475 CLEAR (SCALE 0-3) 7
DPTR FM NORMAL 40 PTCLDY (SCALE 4-7) 15
TOTAL FM JUL 1 6868 CLOUDY (SCALE 8-10) 9
DPTR FM NORMAL -316
[CDD (BASE 65) ]
TOTAL THIS MO. 0
DPTR FM NORMAL -1 [PRESSURE DATA]
TOTAL FM JAN 1 0 HIGHEST SLP 30.30 ON 21
DPTR FM NORMAL -1 LOWEST SLP 29.37 ON 7
[REMARKS]
#FINAL-05-22#