000
CXUS53 KTOP 010810
CF6LWC
PRELIMINARY LOCAL CLIMATOLOGICAL DATA (WS FORM: F-6)
STATION: LAWRENCE KS
MONTH: OCTOBER
YEAR: 2023
LATITUDE: 39 0 N
LONGITUDE: 95 13 W
TEMPERATURE IN F: :PCPN: SNOW: WIND :SUNSHINE: SKY :PK WND
================================================================================
1 2 3 4 5 6A 6B 7 8 9 10 11 12 13 14 15 16 17 18
12Z AVG MX 2MIN
DY MAX MIN AVG DEP HDD CDD WTR SNW DPTH SPD SPD DIR MIN PSBL S-S WX SPD DR
================================================================================
1 93 58 76 13 0 11 0.00 M M 5.9 15 160 M M 0 18 21 170
2 91 59 75 13 0 10 0.00 M M 4.9 17 140 M M 1 18 22 160
3 87 62 75 13 0 10 0.01 M M 11.0 25 170 M M 2 18 35 180
4 80 60 70 8 0 5 0.02 M M 6.0 17 330 M M 2 18 23 330
5 85 44 65 4 0 0 0.00 M M 6.2 22 340 M M 1 18 27 340
6 63 36 50 -11 15 0 T M M 9.8 30 340 M M 3 18 44 340
7 66 32 49 -11 16 0 0.00 M M 5.0 14 280 M M 0 1 19 320
8 83 35 59 -1 6 0 0.00 M M 5.4 20 320 M M 0 8 28 290
9 72 38 55 -5 10 0 0.00 M M 5.1 14 30 M M 0 18 19 360
10 76 32 54 -5 11 0 0.13 M M 4.7 15 120 M M 1 138 21 140
11 85 56 71 12 0 6 T M M 11.2 23 170 M M 2 33 200
12 76 63 70 12 0 5 0.00 M M 16.4 26 170 M M 10 39 160
13 69 53 61 3 4 0 0.00 M M 17.9 28 310 M M 8 8 40 290
14 57 51 54 -3 11 0 T M M 13.2 24 300 M M 10 37 320
15 59 38 49 -8 16 0 0.01 M M 10.4 21 340 M M 9 1 28 20
16 69 34 52 -5 13 0 0.00 M M 7.4 20 330 M M 1 8 26 350
17 74 30 52 -4 13 0 0.00 M M 5.4 13 200 M M 0 18 20 200
18 68 46 57 1 8 0 0.01 M M 5.6 16 280 M M 1 23 270
19 76 42 59 4 6 0 0.00 M M 6.9 18 280 M M 0 18 28 280
20 84 43 64 9 1 0 0.00 M M 5.3 14 320 M M 0 8 20 340
21 84 42 63 9 2 0 0.00 M M 7.5 18 350 M M 0 8 23 330
22 76 42 59 5 6 0 0.00 M M 10.4 18 130 M M 0 26 120
23 89 60 75 21 0 10 T M M 13.6 28 190 M M 0 36 190
24 72 62 67 14 0 2 1.62 M M 10.8 18 140 M M 8 13 27 160
25 71 65 68 15 0 3 1.16 M M 5.9 15 140 M M 9 1 20 160
26 79 67 73 21 0 8 0.08 M M 9.2 20 200 M M 7 1 26 200
27 70 35 53 1 12 0 T M M 12.7 24 330 M M 6 18 32 360
28 42 31 37 -14 28 0 0.63 M M 7.4 16 50 M M 6 13 23 40
29 39 30 35 -16 30 0 T M M 11.3 21 350 M M 9 1 30 360
30 44 22 33 -17 32 0 0.00 M M 6.8 17 340 M M 0 24 350
31 43 18 31 -19 34 0 0.00 M M 9.9 22 320 M M 0 34 320
================================================================================
SM 2222 1386 274 70 3.67 M 269.2 M 96
================================================================================
AV 71.7 44.7 8.7 FASTST M M 3 MAX(MPH)
MISC ----> 30 340 44 340
================================================================================
NOTES:
# LAST OF SEVERAL OCCURRENCES
COLUMN 17 PEAK WIND IN M.P.H.
PRELIMINARY LOCAL CLIMATOLOGICAL DATA (WS FORM: F-6) , PAGE 2
STATION: LAWRENCE KS
MONTH: OCTOBER
YEAR: 2023
LATITUDE: 39 0 N
LONGITUDE: 95 13 W
[TEMPERATURE DATA] [PRECIPITATION DATA] SYMBOLS USED IN COLUMN 16
AVERAGE MONTHLY: 58.2 TOTAL FOR MONTH: 3.67 1 = FOG OR MIST
DPTR FM NORMAL: 1.7 DPTR FM NORMAL: 0.78 2 = FOG REDUCING VISIBILITY
HIGHEST: 93 ON 1 GRTST 24HR 2.58 ON 24-25 TO 1/4 MILE OR LESS
LOWEST: 18 ON 31 3 = THUNDER
SNOW, ICE PELLETS, HAIL 4 = ICE PELLETS
TOTAL MONTH: M 5 = HAIL
GRTST 24HR M ON M 6 = FREEZING RAIN OR DRIZZLE
GRTST DEPTH: M ON M 7 = DUSTSTORM OR SANDSTORM:
VSBY 1/2 MILE OR LESS
8 = SMOKE OR HAZE
[NO. OF DAYS WITH] [WEATHER - DAYS WITH] 9 = BLOWING SNOW
X = TORNADO
MAX 32 OR BELOW: 0 0.01 INCH OR MORE: 9
MAX 90 OR ABOVE: 2 0.10 INCH OR MORE: 4
MIN 32 OR BELOW: 7 0.50 INCH OR MORE: 3
MIN 0 OR BELOW: 0 1.00 INCH OR MORE: 2
[HDD (BASE 65) ]
TOTAL THIS MO. 274 CLEAR (SCALE 0-3) 21
DPTR FM NORMAL -20 PTCLDY (SCALE 4-7) 4
TOTAL FM JUL 1 278 CLOUDY (SCALE 8-10) 6
DPTR FM NORMAL -77
[CDD (BASE 65) ]
TOTAL THIS MO. 70
DPTR FM NORMAL 39 [PRESSURE DATA]
TOTAL FM JAN 1 1673 HIGHEST SLP M ON M
DPTR FM NORMAL 212 LOWEST SLP 29.48 ON 12
[REMARKS]
#FINAL-10-23#