000
CXUS53 KTOP 011615
CLMLWC
CLIMATE REPORT
NATIONAL WEATHER SERVICE TOPEKA KS
1015 AM CST FRI DEC 01 2023
...................................
...THE LAWRENCE KS CLIMATE SUMMARY FOR THE MONTH OF NOVEMBER 2023...
CLIMATE NORMAL PERIOD 1991 TO 2020
CLIMATE RECORD PERIOD 9999 TO 9999
WEATHER OBSERVED NORMAL DEPART LAST YEAR`S
VALUE DATE(S) VALUE FROM VALUE
NORMAL
..............................................................
TEMPERATURE (F)
HIGHEST 79 11/07 81
LOWEST 8 11/27 11
AVG. MAXIMUM 58.5 55.7 2.8 55.4
AVG. MINIMUM 29.8 31.2 -1.4 27.5
MEAN 44.2 43.4 0.8 41.4
DAYS MAX >= 90 0 0.0 0.0 0
DAYS MAX <= 32 0 0.7 -0.7 1
DAYS MIN <= 32 18 16.8 1.2 20
DAYS MIN <= 0 0 0.0 0.0 0
PRECIPITATION (INCHES)
TOTALS 1.76 1.84 -0.08 3.45
DAILY AVG. 0.06 0.11
DAYS >= .01 6 8
DAYS >= .10 4 5
DAYS >= .50 1 3
DAYS >= 1.00 0 1
GREATEST
24 HR. TOTAL 0.66 11/19 TO 11/20 2.31
DEGREE DAYS
HEATING TOTAL 619 648 -29 704
SINCE 7/1 897 1001 -104 MM
COOLING TOTAL 0 2 -2 2
SINCE 1/1 1673 1463 210 MM
..............................................................
WIND (MPH)
AVERAGE WIND SPEED 6.4
HIGHEST WIND SPEED/DIRECTION 28/340 DATE 11/21
28/060 11/30
HIGHEST GUST SPEED/DIRECTION 38/050 DATE 11/30
SKY COVER
POSSIBLE SUNSHINE (PERCENT) MM
AVERAGE SKY COVER 0.21
NUMBER OF DAYS FAIR 20
NUMBER OF DAYS PC 8
NUMBER OF DAYS CLOUDY 2
AVERAGE RH (PERCENT) 68
WEATHER CONDITIONS. NUMBER OF DAYS WITH
THUNDERSTORM 0 MIXED PRECIP 0
HEAVY RAIN 1 RAIN 3
LIGHT RAIN 4 FREEZING RAIN 0
LT FREEZING RAIN 0 HAIL 0
HEAVY SNOW 0 SNOW 1
LIGHT SNOW 2 SLEET 0
FOG 19 FOG W/VIS <= 1/4 MILE 7
HAZE 17
- INDICATES NEGATIVE NUMBERS.
R INDICATES RECORD WAS SET OR TIED.
MM INDICATES DATA IS MISSING.
T INDICATES TRACE AMOUNT.
$$