000
CXUS53 KDMX 050306
CF6LWD
PRELIMINARY LOCAL CLIMATOLOGICAL DATA (WS FORM: F-6)
STATION: LAMONI IA
MONTH: DECEMBER
YEAR: 2021
LATITUDE: 40 37 N
LONGITUDE: 93 56 W
TEMPERATURE IN F: :PCPN: SNOW: WIND :SUNSHINE: SKY :PK WND
================================================================================
1 2 3 4 5 6A 6B 7 8 9 10 11 12 13 14 15 16 17 18
12Z AVG MX 2MIN
DY MAX MIN AVG DEP HDD CDD WTR SNW DPTH SPD SPD DIR MIN PSBL S-S WX SPD DR
================================================================================
1 60 37 49 15 16 0 T 0.0 M 11.0 18 240 M M 2 25 240
2 65 42 54 20 11 0 0.00 0.0 M 7.9 18 240 M M 0 26 240
3 60 35 48 15 17 0 0.00 0.0 M 8.7 18 10 M M 0 26 20
4 47 31 39 6 26 0 0.00 0.0 M 9.3 17 20 M M 1 24 70
5 57 31 44 12 21 0 0.00 0.0 M 14.4 32 310 M M 6 49 320
6 31 15 23 -9 42 0 0.00 0.0 M 13.6 35 310 M M 1 52 310
7 39 16 28 -4 37 0 0.00 0.0 M 10.2 21 190 M M 3 31 170
8 42 20 31 -1 34 0 0.00 0.0 M 5.3 15 150 M M 1 8 24 140
9 58 40 49 18 16 0 0.00 0.0 M 10.2 17 30 M M 2 25 150
10 47 31 39 8 26 0 T M M 13.1 31 300 M M 7 1 41 300
11 45 29 37 7 28 0 T M M 17.3 31 310 M M 3 45 310
12 55 28 42 12 23 0 0.00 0.0 M 15.4 28 210 M M 0 36 210
13 54 30 42 12 23 0 0.00 0.0 M 6.5 12 220 M M 0 15 180
14 61 38 50 20 15 0 0.00 0.0 M 10.5 18 190 M M 1 28 190
15 73 36 55 26 10 0 0.49 0.0 M 24.1 55 230 M M 5 138 77 230
16 42 27 35 6 30 0 0.00 0.0 M 11.3 37 280 M M 0 47 280
17 40 22 31 2 34 0 0.00 0.0 M 7.2 16 100 M M 6 25 100
18 35 23 29 1 36 0 0.00 0.0 M 11.3 23 360 M M 8 30 350
19 34 20 27 -1 38 0 0.00 0.0 M 10.6 18 180 M M 5 25 180
20 42 20 31 3 34 0 0.00 0.0 M 10.5 17 10 M M 0 1 24 200
21 42 16 29 1 36 0 0.00 0.0 M 9.4 23 310 M M 0 32 310
22 45 16 31 3 34 0 0.00 0.0 M 8.3 17 190 M M 0 23 180
23 54 34 44 17 21 0 0.00 0.0 M 9.8 18 240 M M 0 24 230
24 61 41 51 24 14 0 0.00 0.0 M 9.7 20 220 M M 5 12 25 220
25 50 31 41 14 24 0 0.03 0.0 M 8.2 17 10 M M 1 24 50
26 50 26 38 12 27 0 0.00 0.0 M 7.8 21 130 M M 1 1 34 110
27 42 29 36 10 29 0 0.00 0.0 M 8.7 21 300 M M 1 12 30 310
28 43 17 30 4 35 0 0.26 0.0 M 9.5 22 320 M M 7 16 32 340
29 23 14 19 -7 46 0 0.00 0.0 M 9.5 17 40 M M 7 23 40
30 32 22 27 1 38 0 0.00 0.0 M 6.1 16 220 M M 7 1 20 230
31 36 21 29 3 36 0 0.00 0.0 M 9.4 24 40 M M 9 12 33 30
================================================================================
SM 1465 838 857 0 0.78 0.0 324.8 M 89
================================================================================
AV 47.3 27.0 10.5 FASTST M M 3 MAX(MPH)
MISC ----> 55 230 77 230
================================================================================
NOTES:
# LAST OF SEVERAL OCCURRENCES
COLUMN 17 PEAK WIND IN M.P.H.
PRELIMINARY LOCAL CLIMATOLOGICAL DATA (WS FORM: F-6) , PAGE 2
STATION: LAMONI IA
MONTH: DECEMBER
YEAR: 2021
LATITUDE: 40 37 N
LONGITUDE: 93 56 W
[TEMPERATURE DATA] [PRECIPITATION DATA] SYMBOLS USED IN COLUMN 16
AVERAGE MONTHLY: 37.1 TOTAL FOR MONTH: 0.78 1 = FOG OR MIST
DPTR FM NORMAL: 7.8 DPTR FM NORMAL: -0.70 2 = FOG REDUCING VISIBILITY
HIGHEST: 73 ON 15 GRTST 24HR 0.49 ON 15-15 TO 1/4 MILE OR LESS
LOWEST: 14 ON 29 3 = THUNDER
SNOW, ICE PELLETS, HAIL 4 = ICE PELLETS
TOTAL MONTH: 0.0 INCH 5 = HAIL
GRTST 24HR 0.0 6 = FREEZING RAIN OR DRIZZLE
GRTST DEPTH: M ON M 7 = DUSTSTORM OR SANDSTORM:
VSBY 1/2 MILE OR LESS
8 = SMOKE OR HAZE
[NO. OF DAYS WITH] [WEATHER - DAYS WITH] 9 = BLOWING SNOW
X = TORNADO
MAX 32 OR BELOW: 3 0.01 INCH OR MORE: 3
MAX 90 OR ABOVE: 0 0.10 INCH OR MORE: 2
MIN 32 OR BELOW: 23 0.50 INCH OR MORE: 0
MIN 0 OR BELOW: 0 1.00 INCH OR MORE: 0
[HDD (BASE 65) ]
TOTAL THIS MO. 857 CLEAR (SCALE 0-3) 20
DPTR FM NORMAL -250 PTCLDY (SCALE 4-7) 10
TOTAL FM JUL 1 1802 CLOUDY (SCALE 8-10) 1
DPTR FM NORMAL -502
[CDD (BASE 65) ]
TOTAL THIS MO. 0
DPTR FM NORMAL 0 [PRESSURE DATA]
TOTAL FM JAN 1 1218 HIGHEST SLP 30.39 ON 19
DPTR FM NORMAL 180 LOWEST SLP 29.28 ON 15
[REMARKS]
#FINAL-12-21#