000
CXUS53 KILX 011446
CLMLWV
CLIMATE REPORT
NATIONAL WEATHER SERVICE LINCOLN IL
946 AM CDT MON MAY 01 2023
...................................
...THE LAWRENCEVILLE IL AIRPORT CLIMATE SUMMARY FOR THE MONTH OF APRIL 2023...
CLIMATE NORMAL PERIOD 1991 TO 2020
CLIMATE RECORD PERIOD 9999 TO 9999
WEATHER OBSERVED NORMAL DEPART LAST YEAR`S
VALUE DATE(S) VALUE FROM VALUE
NORMAL
..............................................................
TEMPERATURE (F)
RECORD
HIGH MM MM
LOW 26 04/02/2021
HIGHEST 83 04/20 MM MM 85
LOWEST 29 04/24 MM MM 31
AVG. MAXIMUM 67.7 67.3 0.4 64.3
AVG. MINIMUM 43.1 44.9 -1.8 43.2
MEAN 55.4 56.1 -0.7 53.7
DAYS MAX >= 90 0 0.0 0.0 0
DAYS MAX <= 32 0 0.0 0.0 0
DAYS MIN <= 32 2 2.4 -0.4 3
DAYS MIN <= 0 0 0.0 0.0 0
PRECIPITATION (INCHES)
RECORD
MAXIMUM 3.73 2022
MINIMUM 2.96 2021
TOTALS 2.89R 4.24 -1.35 3.73
DAILY AVG. 0.10 0.14 -0.04 0.12
DAYS >= .01 9 10.7 -1.7 11
DAYS >= .10 6 7.4 -1.4 6
DAYS >= .50 2 3.2 -1.2 3
DAYS >= 1.00 1 1.3 -0.3 2
GREATEST
24 HR. TOTAL 1.35 04/05 TO 04/05 2.34
DEGREE DAYS
HEATING TOTAL 290 290 0 354
SINCE 7/1 4081 4623 -542 MM
COOLING TOTAL 10 23 -13 21
SINCE 1/1 10 26 -16 MM
..............................................................
WIND (MPH)
AVERAGE WIND SPEED 9.8
HIGHEST WIND SPEED/DIRECTION 41/290 DATE 04/01
HIGHEST GUST SPEED/DIRECTION 54/300 DATE 04/01
AVERAGE RH (PERCENT) 64
WEATHER CONDITIONS. NUMBER OF DAYS WITH
THUNDERSTORM 3 MIXED PRECIP 0
HEAVY RAIN 5 RAIN 5
LIGHT RAIN 9 FREEZING RAIN 0
LT FREEZING RAIN 0 HAIL 0
HEAVY SNOW 0 SNOW 0
LIGHT SNOW 0 SLEET 0
FOG 12 FOG W/VIS <= 1/4 MILE 0
HAZE 2
- INDICATES NEGATIVE NUMBERS.
R INDICATES RECORD WAS SET OR TIED.
MM INDICATES DATA IS MISSING.
T INDICATES TRACE AMOUNT.
$$