949
CXUS54 KLZK 022257
CLSLZK
CLIMATE REPORT
NATIONAL WEATHER SERVICE LITTLE ROCK AR
457 PM CST WED DEC 02 2020
...................................
...THE NORTH LITTLE ROCK CLIMATE SUMMARY FOR THE SEASON, FROM
9/1/2020 TO 11/30/2020...
CLIMATE NORMAL PERIOD 1981 TO 2010
CLIMATE RECORD PERIOD 1975 TO 2020
WEATHER OBSERVED NORMAL DEPART LAST YEAR`S
VALUE DATE(S) VALUE FROM VALUE DATE(S)
NORMAL
................................................................
TEMPERATURE (F)
RECORD
HIGH 105 09/03/2000
09/01/2000
LOW 14 11/29/1976
HIGHEST 89 09/11 74 15 96 09/18
09/10
09/09
09/08
LOWEST 31 11/30 54 -23 18 11/13
11/12
AVG. MAXIMUM 71.9 73.2 -1.3 73.1
AVG. MINIMUM 53.7 54.2 -0.5 53.7
MEAN 62.8 63.7 -0.9 63.4
DAYS MAX >= 90 0 7.7 -7.7 22
DAYS MAX <= 32 0 0.0 0.0 1
DAYS MIN <= 32 1 3.1 -2.1 7
DAYS MIN <= 0 0 0.0 0.0 0
PRECIPITATION (INCHES)
TOTALS 8.76 13.50 -4.74 12.81
DAILY AVG. 0.10 0.15 -0.05 0.14
DAYS >= .01 23 24.4 -1.4 25
DAYS >= .10 14 16.7 -2.7 18
DAYS >= .50 8 8.4 -0.4 8
DAYS >= 1.00 2 4.4 -2.4 5
GREATEST
24 HR. TOTAL 1.86 10/28 TO 10/29 2.09 10/21 TO 10/21
SNOWFALL (INCHES)
RECORDS
TOTAL 4.0 1980
1976
24 HR TOTAL 4.0 11/26/1980 TO 11/26/1980
SNOW DEPTH 4 11/27/1980
TOTALS 0.0 T 0.0 T
LIQUID EQUIV 0.00 0.00 0.00 T
SINCE 7/1 0.0 T 0.0 MM
LIQUID 7/1 0.00 0.00 0.00 MM
SNOWDEPTH AVG. 0 0
DAYS >= TRACE 0 0.0 0.0 1
DAYS >= 1.0 0 0.0 0.0 0
GREATEST
SNOW DEPTH 0 0 MM
24 HR TOTAL 0.0 T 11/11 TO 11/11
DEGREE DAYS
HEATING TOTAL 491 513 -22 693
SINCE 7/1 491 512 -21 693
COOLING TOTAL 308 392 -84 570
SINCE 1/1 1402 2169 -767 2163
FREEZE DATES
RECORD
EARLIEST 10/20/1989
LATEST 04/19/1983
EARLIEST 11/30
LATEST 02/27
................................................................
WIND (MPH)
AVERAGE WIND SPEED 6.2
HIGHEST WIND SPEED/DIRECTION 23/320 DATE 11/15
HIGHEST GUST SPEED/DIRECTION 40/340 DATE 11/15
SKY COVER
AVERAGE SKY COVER 0.30
NUMBER OF DAYS FAIR 59
NUMBER OF DAYS PC 9
NUMBER OF DAYS CLOUDY 20
WEATHER CONDITIONS. NUMBER OF DAYS WITH
THUNDERSTORM 9 MIXED PRECIP 0
HEAVY RAIN 4 RAIN 13
LIGHT RAIN 32 FREEZING RAIN 0
LT FREEZING RAIN 0 HAIL 0
HEAVY SNOW 0 SLEET 0
FOG 29 FOG W/VIS <= 1/4 MILE 7
HAZE 0
- INDICATES NEGATIVE NUMBERS.
R INDICATES RECORD WAS SET OR TIED.
MM INDICATES DATA IS MISSING.
T INDICATES TRACE AMOUNT.
$$
57