000
CXUS54 KLZK 011130
CF6M19
PRELIMINARY LOCAL CLIMATOLOGICAL DATA (WS FORM: F-6)
STATION: NEWPORT AIRPORT
MONTH: OCTOBER
YEAR: 2021
LATITUDE: 35 35 N
LONGITUDE: 91 16 W
TEMPERATURE IN F: :PCPN: SNOW: WIND :SUNSHINE: SKY :PK WND
================================================================================
1 2 3 4 5 6A 6B 7 8 9 10 11 12 13 14 15 16 17 18
12Z AVG MX 2MIN
DY MAX MIN AVG DEP HDD CDD WTR SNW DPTH SPD SPD DIR MIN PSBL S-S WX SPD DR
================================================================================
1 79 70 75 9 0 10 1.85 M M 5.6 29 160 M M 9 123 37 150
2 77 69 73 7 0 8 0.72 M M 8.4 16 200 M M 8 1 M M
3 81 64 73 7 0 8 0.02 M M 7.8 13 300 M M 3 M M
4 80 60 70 5 0 5 0.00 M M 3.2 7 340 M M 4 8 M M
5 81 59 70 5 0 5 T M M 7.3 12 20 M M 3 M M
6 76 62 69 5 0 4 0.04 M M 4.4 13 270 M M 5 M M
7 83 64 74 10 0 9 T M M 5.2 14 230 M M 5 M M
8 87 60 74 10 0 9 0.00 M M 6.4 13 200 M M 0 12 M M
9 86 64 75 12 0 10 0.00 M M 10.5 20 200 M M 0 18 M M
10 86 66 76 13 0 11 0.00 M M 13.5 22 190 M M 0 128 28 190
11 81 59 70 7 0 5 0.00 M M 15.7 28 180 M M 3 8 38 180
12 82 53 68 6 0 3 T M M 3.4 7 99 M M 1 M M
13 85 68 77 15 0 12 0.00 M M 11.5 22 220 M M 3 31 210
14 82 69 76 14 0 11 0.02 M M 9.8 15 190 M M 6 M M
15 80 51 66 5 0 1 0.62 M M 9.1 24 320 M M 6 123 38 310
16 68 46 57 -4 8 0 0.00 M M 9.7 17 300 M M 0 21 310
17 71 41 56 -5 9 0 T M M 3.4 7 160 M M 0 M M
18 72 44 58 -2 7 0 T M M 4.5 9 150 M M 0 1 M M
19 74 44 59 -1 6 0 0.00 M M 5.9 12 150 M M 0 M M
20 79 46 63 3 2 0 0.00 M M 7.6 14 200 M M 1 20 200
21 74 50 62 2 3 0 0.00 M M 9.4 16 300 M M 2 21 300
22 72 45 59 0 6 0 0.00 M M 4.3 8 180 M M 0 1 M M
23 80 50 65 6 0 0 0.00 M M 7.8 14 210 M M 3 8 20 200
24 83 65 74 16 0 9 0.26 M M 17.8 27 180 M M 5 138 33 200
25 70 49 60 2 5 0 0.00 M M 10.9 17 310 M M 2 1 31 230
26 66 43 55 -3 10 0 0.00 M M 6.2 10 70 M M 0 M M
27 69 52 61 3 4 0 0.50 M M 12.1 23 130 M M 4 1 32 110
28 60 49 55 -2 10 0 0.24 M M 14.0 23 300 M M 10 1 33 300
29 59 49 54 -3 11 0 T M M 17.7 23 310 M M 10 31 310
30 64 47 56 -1 9 0 0.00 M M 10.7 18 300 M M 4 21 300
31 70 44 57 1 8 0 0.00 M M 4.4 10 360 M M 0 8 M M
================================================================================
SM 2357 1702 98 120 4.27 M 268.1 M 97
================================================================================
AV 76.0 54.9 8.6 FASTST M M 3 MAX(MPH)
MISC ----> 29 160 38 310
================================================================================
NOTES:
# LAST OF SEVERAL OCCURRENCES
COLUMN 17 PEAK WIND IN M.P.H.
PRELIMINARY LOCAL CLIMATOLOGICAL DATA (WS FORM: F-6) , PAGE 2
STATION: NEWPORT AIRPORT
MONTH: OCTOBER
YEAR: 2021
LATITUDE: 35 35 N
LONGITUDE: 91 16 W
[TEMPERATURE DATA] [PRECIPITATION DATA] SYMBOLS USED IN COLUMN 16
AVERAGE MONTHLY: 65.5 TOTAL FOR MONTH: 4.27 1 = FOG OR MIST
DPTR FM NORMAL: 4.4 DPTR FM NORMAL: 0.09 2 = FOG REDUCING VISIBILITY
HIGHEST: 87 ON 8 GRTST 24HR 1.85 ON 1- 1 TO 1/4 MILE OR LESS
LOWEST: 41 ON 17 3 = THUNDER
SNOW, ICE PELLETS, HAIL 4 = ICE PELLETS
TOTAL MONTH: M 5 = HAIL
GRTST 24HR M ON M 6 = FREEZING RAIN OR DRIZZLE
GRTST DEPTH: M ON M 7 = DUSTSTORM OR SANDSTORM:
VSBY 1/2 MILE OR LESS
8 = SMOKE OR HAZE
[NO. OF DAYS WITH] [WEATHER - DAYS WITH] 9 = BLOWING SNOW
X = TORNADO
MAX 32 OR BELOW: 0 0.01 INCH OR MORE: 9
MAX 90 OR ABOVE: 0 0.10 INCH OR MORE: 6
MIN 32 OR BELOW: 0 0.50 INCH OR MORE: 4
MIN 0 OR BELOW: 0 1.00 INCH OR MORE: 1
[HDD (BASE 65) ]
TOTAL THIS MO. 98 CLEAR (SCALE 0-3) 18
DPTR FM NORMAL -74 PTCLDY (SCALE 4-7) 10
TOTAL FM JUL 1 99 CLOUDY (SCALE 8-10) 3
DPTR FM NORMAL -96
[CDD (BASE 65) ]
TOTAL THIS MO. 120
DPTR FM NORMAL 68 [PRESSURE DATA]
TOTAL FM JAN 1 1924 HIGHEST SLP M ON M
DPTR FM NORMAL 48 LOWEST SLP M ON M
[REMARKS]
#FINAL-10-21#